194.5.53.247 - - [28/Feb/2026:10:56:31 +0100] "GET /a.php HTTP/1.1" 404 48262 "http://logopedia.uni.wroc.pl//a.php" "Go-http-client/1.1"
194.5.53.238 - - [28/Feb/2026:10:56:32 +0100] "GET //m.php HTTP/1.1" 301 546 "-" "Go-http-client/1.1"
194.5.53.247 - - [28/Feb/2026:10:56:32 +0100] "GET /m.php HTTP/1.1" 404 48262 "http://logopedia.uni.wroc.pl//m.php" "Go-http-client/1.1"
194.5.53.238 - - [28/Feb/2026:10:56:33 +0100] "GET //modules/ets_whatsapp/security.php HTTP/1.1" 301 602 "-" "Go-http-client/1.1"
194.5.53.247 - - [28/Feb/2026:10:56:33 +0100] "GET /modules/ets_whatsapp/security.php HTTP/1.1" 404 48262 "http://logopedia.uni.wroc.pl//modules/ets_whatsapp/security.php" "Go-http-client/1.1"
194.5.53.238 - - [28/Feb/2026:10:56:34 +0100] "GET //templates/beez/index.php HTTP/1.1" 301 584 "-" "Go-http-client/1.1"
194.5.53.247 - - [28/Feb/2026:10:56:34 +0100] "GET /templates/beez/index.php HTTP/1.1" 301 367 "http://logopedia.uni.wroc.pl//templates/beez/index.php" "Go-http-client/1.1"
156.17.87.172 - - [28/Feb/2026:10:56:36 +0100] "POST /wp-cron.php?doing_wp_cron=1772272596.0057289600372314453125 HTTP/1.1" 200 5608 "https://logopedia.uni.wroc.pl/wp-cron.php?doing_wp_cron=1772272596.0057289600372314453125" "WordPress/6.0.11; https://logopedia.uni.wroc.pl"
194.5.53.247 - - [28/Feb/2026:10:56:35 +0100] "GET /templates/beez/ HTTP/1.1" 404 48262 "https://logopedia.uni.wroc.pl/templates/beez/index.php" "Go-http-client/1.1"
194.5.53.238 - - [28/Feb/2026:10:56:36 +0100] "GET //templates/beez3/index.php HTTP/1.1" 301 586 "-" "Go-http-client/1.1"
194.5.53.247 - - [28/Feb/2026:10:56:36 +0100] "GET /templates/beez3/index.php HTTP/1.1" 301 368 "http://logopedia.uni.wroc.pl//templates/beez3/index.php" "Go-http-client/1.1"
194.5.53.247 - - [28/Feb/2026:10:56:37 +0100] "GET /templates/beez3/ HTTP/1.1" 404 48262 "https://logopedia.uni.wroc.pl/templates/beez3/index.php" "Go-http-client/1.1"
194.5.53.238 - - [28/Feb/2026:10:56:38 +0100] "GET //templates/protostar/error.php HTTP/1.1" 301 594 "-" "Go-http-client/1.1"
194.5.53.247 - - [28/Feb/2026:10:56:38 +0100] "GET /templates/protostar/error.php HTTP/1.1" 404 48262 "http://logopedia.uni.wroc.pl//templates/protostar/error.php" "Go-http-client/1.1"
194.5.53.238 - - [28/Feb/2026:10:56:39 +0100] "GET //templates/beez3/error.php HTTP/1.1" 301 586 "-" "Go-http-client/1.1"
194.5.53.247 - - [28/Feb/2026:10:56:39 +0100] "GET /templates/beez3/error.php HTTP/1.1" 404 48262 "http://logopedia.uni.wroc.pl//templates/beez3/error.php" "Go-http-client/1.1"
194.5.53.238 - - [28/Feb/2026:10:56:40 +0100] "GET //templates/beez3/jsstrings.php HTTP/1.1" 301 594 "-" "Go-http-client/1.1"
194.5.53.247 - - [28/Feb/2026:10:56:40 +0100] "GET /templates/beez3/jsstrings.php HTTP/1.1" 404 48262 "http://logopedia.uni.wroc.pl//templates/beez3/jsstrings.php" "Go-http-client/1.1"
194.5.53.238 - - [28/Feb/2026:10:56:41 +0100] "GET //templates/atomic/index.php HTTP/1.1" 301 588 "-" "Go-http-client/1.1"
194.5.53.247 - - [28/Feb/2026:10:56:41 +0100] "GET /templates/atomic/index.php HTTP/1.1" 301 369 "http://logopedia.uni.wroc.pl//templates/atomic/index.php" "Go-http-client/1.1"
194.5.53.247 - - [28/Feb/2026:10:56:41 +0100] "GET /templates/atomic/ HTTP/1.1" 404 48262 "https://logopedia.uni.wroc.pl/templates/atomic/index.php" "Go-http-client/1.1"
194.5.53.238 - - [28/Feb/2026:10:56:42 +0100] "GET //templates/cassiopeia/error.php HTTP/1.1" 301 596 "-" "Go-http-client/1.1"
194.5.53.247 - - [28/Feb/2026:10:56:42 +0100] "GET /templates/cassiopeia/error.php HTTP/1.1" 404 48262 "http://logopedia.uni.wroc.pl//templates/cassiopeia/error.php" "Go-http-client/1.1"
194.5.53.238 - - [28/Feb/2026:10:56:43 +0100] "GET //templates/ja_purity/index.php HTTP/1.1" 301 594 "-" "Go-http-client/1.1"
194.5.53.247 - - [28/Feb/2026:10:56:43 +0100] "GET /templates/ja_purity/index.php HTTP/1.1" 301 372 "http://logopedia.uni.wroc.pl//templates/ja_purity/index.php" "Go-http-client/1.1"
194.5.53.247 - - [28/Feb/2026:10:56:44 +0100] "GET /templates/ja_purity/ HTTP/1.1" 404 48262 "https://logopedia.uni.wroc.pl/templates/ja_purity/index.php" "Go-http-client/1.1"
156.17.87.172 - - [28/Feb/2026:11:03:49 +0100] "POST /wp-cron.php?doing_wp_cron=1772273029.6678769588470458984375 HTTP/1.1" 200 5608 "https://logopedia.uni.wroc.pl/wp-cron.php?doing_wp_cron=1772273029.6678769588470458984375" "WordPress/6.0.11; https://logopedia.uni.wroc.pl"
85.208.96.201 - - [28/Feb/2026:11:03:48 +0100] "GET /dr-anna-dziwinska-2/ HTTP/1.1" 200 16445 "-" "Mozilla/5.0 (compatible; SemrushBot/7~bl; +http://www.semrush.com/bot.html)"
5.255.231.180 - - [28/Feb/2026:11:04:17 +0100] "GET /robots.txt HTTP/1.1" 200 5641 "-" "Mozilla/5.0 (compatible; YandexBot/3.0; +http://yandex.com/bots)"
5.255.231.141 - - [28/Feb/2026:11:04:18 +0100] "GET /manual/tr/env.html HTTP/1.1" 200 14964 "-" "Mozilla/5.0 (compatible; YandexBot/3.0; +http://yandex.com/bots)"
156.17.87.172 - - [28/Feb/2026:11:05:26 +0100] "POST /wp-cron.php?doing_wp_cron=1772273126.6666600704193115234375 HTTP/1.1" 200 5608 "https://logopedia.uni.wroc.pl/wp-cron.php?doing_wp_cron=1772273126.6666600704193115234375" "WordPress/6.0.11; https://logopedia.uni.wroc.pl"
37.248.172.176 - - [28/Feb/2026:11:05:26 +0100] "GET /aktualnosci/zajecia/harmonogramy-zajec/ HTTP/1.1" 200 17404 "-" "Mozilla/5.0 (Linux; Android 10; K) AppleWebKit/537.36 (KHTML, like Gecko) Chrome/145.0.0.0 Mobile Safari/537.36"
37.248.172.176 - - [28/Feb/2026:11:05:27 +0100] "GET /wp-includes/js/mediaelement/mediaelementplayer-legacy.min.css?ver=4.2.16 HTTP/1.1" 200 3016 "https://logopedia.uni.wroc.pl/aktualnosci/zajecia/harmonogramy-zajec/" "Mozilla/5.0 (Linux; Android 10; K) AppleWebKit/537.36 (KHTML, like Gecko) Chrome/145.0.0.0 Mobile Safari/537.36"
37.248.172.176 - - [28/Feb/2026:11:05:27 +0100] "GET /wp-includes/css/dist/block-library/style.min.css?ver=6.0.11 HTTP/1.1" 200 17647 "https://logopedia.uni.wroc.pl/aktualnosci/zajecia/harmonogramy-zajec/" "Mozilla/5.0 (Linux; Android 10; K) AppleWebKit/537.36 (KHTML, like Gecko) Chrome/145.0.0.0 Mobile Safari/537.36"
37.248.172.176 - - [28/Feb/2026:11:05:27 +0100] "GET /wp-includes/js/mediaelement/wp-mediaelement.min.css?ver=6.0.11 HTTP/1.1" 200 1522 "https://logopedia.uni.wroc.pl/aktualnosci/zajecia/harmonogramy-zajec/" "Mozilla/5.0 (Linux; Android 10; K) AppleWebKit/537.36 (KHTML, like Gecko) Chrome/145.0.0.0 Mobile Safari/537.36"
37.248.172.176 - - [28/Feb/2026:11:05:27 +0100] "GET /wp-content/themes/customify/assets/fonts/font-awesome/css/font-awesome.min.css?ver=5.0.0 HTTP/1.1" 200 7477 "https://logopedia.uni.wroc.pl/aktualnosci/zajecia/harmonogramy-zajec/" "Mozilla/5.0 (Linux; Android 10; K) AppleWebKit/537.36 (KHTML, like Gecko) Chrome/145.0.0.0 Mobile Safari/537.36"
37.248.172.176 - - [28/Feb/2026:11:05:27 +0100] "GET /wp-content/themes/customify/style.min.css?ver=0.4.6 HTTP/1.1" 200 27702 "https://logopedia.uni.wroc.pl/aktualnosci/zajecia/harmonogramy-zajec/" "Mozilla/5.0 (Linux; Android 10; K) AppleWebKit/537.36 (KHTML, like Gecko) Chrome/145.0.0.0 Mobile Safari/537.36"
37.248.172.176 - - [28/Feb/2026:11:05:27 +0100] "GET /wp-includes/js/wp-emoji-release.min.js?ver=6.0.11 HTTP/1.1" 200 5447 "https://logopedia.uni.wroc.pl/aktualnosci/zajecia/harmonogramy-zajec/" "Mozilla/5.0 (Linux; Android 10; K) AppleWebKit/537.36 (KHTML, like Gecko) Chrome/145.0.0.0 Mobile Safari/537.36"
37.248.172.176 - - [28/Feb/2026:11:05:27 +0100] "GET /wp-content/plugins/jetpack/css/jetpack.css?ver=11.5.3 HTTP/1.1" 200 16969 "https://logopedia.uni.wroc.pl/aktualnosci/zajecia/harmonogramy-zajec/" "Mozilla/5.0 (Linux; Android 10; K) AppleWebKit/537.36 (KHTML, like Gecko) Chrome/145.0.0.0 Mobile Safari/537.36"
37.248.172.176 - - [28/Feb/2026:11:05:27 +0100] "GET /wp-content/uploads/2022/10/UWr-logo2a.png HTTP/1.1" 200 40159 "https://logopedia.uni.wroc.pl/aktualnosci/zajecia/harmonogramy-zajec/" "Mozilla/5.0 (Linux; Android 10; K) AppleWebKit/537.36 (KHTML, like Gecko) Chrome/145.0.0.0 Mobile Safari/537.36"
37.248.172.176 - - [28/Feb/2026:11:05:27 +0100] "GET /wp-content/plugins/facebook-pagelike-widget/loader.gif HTTP/1.1" 200 14093 "https://logopedia.uni.wroc.pl/aktualnosci/zajecia/harmonogramy-zajec/" "Mozilla/5.0 (Linux; Android 10; K) AppleWebKit/537.36 (KHTML, like Gecko) Chrome/145.0.0.0 Mobile Safari/537.36"
37.248.172.176 - - [28/Feb/2026:11:05:27 +0100] "GET /wp-content/uploads/2020/01/cropped-Logo.png HTTP/1.1" 200 77516 "https://logopedia.uni.wroc.pl/aktualnosci/zajecia/harmonogramy-zajec/" "Mozilla/5.0 (Linux; Android 10; K) AppleWebKit/537.36 (KHTML, like Gecko) Chrome/145.0.0.0 Mobile Safari/537.36"
37.248.172.176 - - [28/Feb/2026:11:05:27 +0100] "GET /wp-content/themes/customify/assets/js/theme.min.js?ver=0.4.6 HTTP/1.1" 200 9703 "https://logopedia.uni.wroc.pl/aktualnosci/zajecia/harmonogramy-zajec/" "Mozilla/5.0 (Linux; Android 10; K) AppleWebKit/537.36 (KHTML, like Gecko) Chrome/145.0.0.0 Mobile Safari/537.36"
37.248.172.176 - - [28/Feb/2026:11:05:27 +0100] "GET /wp-includes/js/jquery/jquery-migrate.min.js?ver=3.3.2 HTTP/1.1" 200 4607 "https://logopedia.uni.wroc.pl/aktualnosci/zajecia/harmonogramy-zajec/" "Mozilla/5.0 (Linux; Android 10; K) AppleWebKit/537.36 (KHTML, like Gecko) Chrome/145.0.0.0 Mobile Safari/537.36"
37.248.172.176 - - [28/Feb/2026:11:05:27 +0100] "GET /wp-content/plugins/facebook-pagelike-widget/fb.js?ver=1.0 HTTP/1.1" 200 464 "https://logopedia.uni.wroc.pl/aktualnosci/zajecia/harmonogramy-zajec/" "Mozilla/5.0 (Linux; Android 10; K) AppleWebKit/537.36 (KHTML, like Gecko) Chrome/145.0.0.0 Mobile Safari/537.36"
37.248.172.176 - - [28/Feb/2026:11:05:27 +0100] "GET /wp-includes/js/jquery/jquery.min.js?ver=3.6.0 HTTP/1.1" 200 31435 "https://logopedia.uni.wroc.pl/aktualnosci/zajecia/harmonogramy-zajec/" "Mozilla/5.0 (Linux; Android 10; K) AppleWebKit/537.36 (KHTML, like Gecko) Chrome/145.0.0.0 Mobile Safari/537.36"
37.248.172.176 - - [28/Feb/2026:11:05:27 +0100] "GET /wp-content/themes/customify/assets/fonts/font-awesome/fonts/fontawesome-webfont.woff2?v=4.7.0 HTTP/1.1" 200 77597 "https://logopedia.uni.wroc.pl/wp-content/themes/customify/assets/fonts/font-awesome/css/font-awesome.min.css?ver=5.0.0" "Mozilla/5.0 (Linux; Android 10; K) AppleWebKit/537.36 (KHTML, like Gecko) Chrome/145.0.0.0 Mobile Safari/537.36"
37.248.172.176 - - [28/Feb/2026:11:05:28 +0100] "GET /wp-content/uploads/2020/01/cropped-ikona-192x192.png HTTP/1.1" 200 16184 "https://logopedia.uni.wroc.pl/aktualnosci/zajecia/harmonogramy-zajec/" "Mozilla/5.0 (Linux; Android 10; K) AppleWebKit/537.36 (KHTML, like Gecko) Chrome/145.0.0.0 Mobile Safari/537.36"
37.248.172.176 - - [28/Feb/2026:11:05:28 +0100] "GET /wp-content/uploads/2020/01/cropped-ikona-180x180.png HTTP/1.1" 200 14978 "https://logopedia.uni.wroc.pl/aktualnosci/zajecia/harmonogramy-zajec/" "Mozilla/5.0 (Linux; Android 10; K) AppleWebKit/537.36 (KHTML, like Gecko) Chrome/145.0.0.0 Mobile Safari/537.36"
37.248.172.176 - - [28/Feb/2026:11:05:30 +0100] "GET /wp-content/uploads/2026/02/II-ROK-SEMESTR-LETNI_18.2.26.xlsx HTTP/1.1" 200 27560 "https://logopedia.uni.wroc.pl/aktualnosci/zajecia/harmonogramy-zajec/" "Mozilla/5.0 (Linux; Android 10; K) AppleWebKit/537.36 (KHTML, like Gecko) Chrome/145.0.0.0 Mobile Safari/537.36"
156.17.87.172 - - [28/Feb/2026:11:11:57 +0100] "POST /wp-cron.php?doing_wp_cron=1772273517.8099009990692138671875 HTTP/1.1" 200 5608 "https://logopedia.uni.wroc.pl/wp-cron.php?doing_wp_cron=1772273517.8099009990692138671875" "WordPress/6.0.11; https://logopedia.uni.wroc.pl"
17.22.237.182 - - [28/Feb/2026:11:11:56 +0100] "GET /page/2/ HTTP/1.1" 200 17773 "-" "Mozilla/5.0 (Macintosh; Intel Mac OS X 10_15_7) AppleWebKit/605.1.15 (KHTML, like Gecko) Version/17.4 Safari/605.1.15 (Applebot/0.1; +http://www.apple.com/go/applebot)"
17.22.253.9 - - [28/Feb/2026:11:12:10 +0100] "GET /wp-includes/js/mediaelement/wp-mediaelement.min.css?ver=6.0.11 HTTP/1.1" 200 7018 "https://logopedia.uni.wroc.pl/page/2/" "Mozilla/5.0 (Macintosh; Intel Mac OS X 10_15_7) AppleWebKit/605.1.15 (KHTML, like Gecko) Version/17.4 Safari/605.1.15 (Applebot/0.1; +http://www.apple.com/go/applebot)"
17.22.245.18 - - [28/Feb/2026:11:12:11 +0100] "GET /wp-includes/js/mediaelement/mediaelementplayer-legacy.min.css?ver=4.2.16 HTTP/1.1" 200 8512 "https://logopedia.uni.wroc.pl/page/2/" "Mozilla/5.0 (Macintosh; Intel Mac OS X 10_15_7) AppleWebKit/605.1.15 (KHTML, like Gecko) Version/17.4 Safari/605.1.15 (Applebot/0.1; +http://www.apple.com/go/applebot)"
17.22.253.187 - - [28/Feb/2026:11:12:13 +0100] "GET /wp-includes/css/dist/block-library/style.min.css?ver=6.0.11 HTTP/1.1" 200 17632 "https://logopedia.uni.wroc.pl/page/2/" "Mozilla/5.0 (Macintosh; Intel Mac OS X 10_15_7) AppleWebKit/605.1.15 (KHTML, like Gecko) Version/17.4 Safari/605.1.15 (Applebot/0.1; +http://www.apple.com/go/applebot)"
17.22.245.12 - - [28/Feb/2026:11:12:14 +0100] "GET /wp-includes/js/wp-emoji-release.min.js?ver=6.0.11 HTTP/1.1" 200 10943 "https://logopedia.uni.wroc.pl/page/2/" "Mozilla/5.0 (Macintosh; Intel Mac OS X 10_15_7) AppleWebKit/605.1.15 (KHTML, like Gecko) Version/17.4 Safari/605.1.15 (Applebot/0.1; +http://www.apple.com/go/applebot)"
17.22.253.66 - - [28/Feb/2026:11:12:15 +0100] "GET /wp-content/themes/customify/style.min.css?ver=0.4.6 HTTP/1.1" 200 27687 "https://logopedia.uni.wroc.pl/page/2/" "Mozilla/5.0 (Macintosh; Intel Mac OS X 10_15_7) AppleWebKit/605.1.15 (KHTML, like Gecko) Version/17.4 Safari/605.1.15 (Applebot/0.1; +http://www.apple.com/go/applebot)"
17.22.253.213 - - [28/Feb/2026:11:12:17 +0100] "GET /wp-content/plugins/jetpack/css/jetpack.css?ver=11.5.3 HTTP/1.1" 200 22465 "https://logopedia.uni.wroc.pl/page/2/" "Mozilla/5.0 (Macintosh; Intel Mac OS X 10_15_7) AppleWebKit/605.1.15 (KHTML, like Gecko) Version/17.4 Safari/605.1.15 (Applebot/0.1; +http://www.apple.com/go/applebot)"
17.22.253.63 - - [28/Feb/2026:11:12:18 +0100] "GET /wp-includes/js/jquery/jquery.min.js?ver=3.6.0 HTTP/1.1" 200 36931 "https://logopedia.uni.wroc.pl/page/2/" "Mozilla/5.0 (Macintosh; Intel Mac OS X 10_15_7) AppleWebKit/605.1.15 (KHTML, like Gecko) Version/17.4 Safari/605.1.15 (Applebot/0.1; +http://www.apple.com/go/applebot)"
17.22.237.227 - - [28/Feb/2026:11:12:20 +0100] "GET /wp-includes/js/jquery/jquery-migrate.min.js?ver=3.3.2 HTTP/1.1" 200 4745 "https://logopedia.uni.wroc.pl/page/2/" "Mozilla/5.0 (Macintosh; Intel Mac OS X 10_15_7) AppleWebKit/605.1.15 (KHTML, like Gecko) Version/17.4 Safari/605.1.15 (Applebot/0.1; +http://www.apple.com/go/applebot)"
17.22.237.143 - - [28/Feb/2026:11:12:21 +0100] "GET /wp-content/themes/customify/assets/fonts/font-awesome/css/font-awesome.min.css?ver=5.0.0 HTTP/1.1" 200 12973 "https://logopedia.uni.wroc.pl/page/2/" "Mozilla/5.0 (Macintosh; Intel Mac OS X 10_15_7) AppleWebKit/605.1.15 (KHTML, like Gecko) Version/17.4 Safari/605.1.15 (Applebot/0.1; +http://www.apple.com/go/applebot)"
17.22.237.163 - - [28/Feb/2026:11:12:23 +0100] "GET /wp-content/plugins/facebook-pagelike-widget/fb.js?ver=1.0 HTTP/1.1" 200 5960 "https://logopedia.uni.wroc.pl/page/2/" "Mozilla/5.0 (Macintosh; Intel Mac OS X 10_15_7) AppleWebKit/605.1.15 (KHTML, like Gecko) Version/17.4 Safari/605.1.15 (Applebot/0.1; +http://www.apple.com/go/applebot)"
17.22.237.228 - - [28/Feb/2026:11:12:29 +0100] "GET /wp-content/themes/customify/assets/js/theme.min.js?ver=0.4.6 HTTP/1.1" 200 4330 "https://logopedia.uni.wroc.pl/page/2/" "Mozilla/5.0 (Macintosh; Intel Mac OS X 10_15_7) AppleWebKit/605.1.15 (KHTML, like Gecko) Version/17.4 Safari/605.1.15 (Applebot/0.1; +http://www.apple.com/go/applebot)"
156.17.87.172 - - [28/Feb/2026:11:17:23 +0100] "POST /wp-cron.php?doing_wp_cron=1772273843.1225850582122802734375 HTTP/1.1" 200 5608 "https://logopedia.uni.wroc.pl/wp-cron.php?doing_wp_cron=1772273843.1225850582122802734375" "WordPress/6.0.11; https://logopedia.uni.wroc.pl"
37.30.10.97 - - [28/Feb/2026:11:17:21 +0100] "GET /harmonogramy-zajec/ HTTP/1.1" 200 16905 "-" "Mozilla/5.0 (iPhone; CPU iPhone OS 16_3_1 like Mac OS X) AppleWebKit/605.1.15 (KHTML, like Gecko) CriOS/137.0.7151.79 Mobile/15E148 Safari/604.1"
156.17.87.172 - - [28/Feb/2026:11:21:25 +0100] "POST /wp-cron.php?doing_wp_cron=1772274085.1422219276428222656250 HTTP/1.1" 200 5608 "https://logopedia.uni.wroc.pl/wp-cron.php?doing_wp_cron=1772274085.1422219276428222656250" "WordPress/6.0.11; https://logopedia.uni.wroc.pl"
52.167.144.220 - - [28/Feb/2026:11:21:24 +0100] "GET / HTTP/1.1" 200 17495 "-" "Mozilla/5.0 AppleWebKit/537.36 (KHTML, like Gecko; compatible; bingbot/2.0; +http://www.bing.com/bingbot.htm) Chrome/116.0.1938.76 Safari/537.36"
47.128.39.180 - - [28/Feb/2026:11:23:51 +0100] "GET /robots.txt HTTP/1.1" 200 5789 "-" "Mozilla/5.0 (Linux; Android 5.0) AppleWebKit/537.36 (KHTML, like Gecko) Mobile Safari/537.36 (compatible; Bytespider; spider-feedback@bytedance.com)"
156.17.87.172 - - [28/Feb/2026:11:25:57 +0100] "POST /wp-cron.php?doing_wp_cron=1772274357.0718688964843750000000 HTTP/1.1" 200 5608 "https://logopedia.uni.wroc.pl/wp-cron.php?doing_wp_cron=1772274357.0718688964843750000000" "WordPress/6.0.11; https://logopedia.uni.wroc.pl"
31.60.74.137 - - [28/Feb/2026:11:25:56 +0100] "GET /wykladowcy/dr-teresa-szawrowicz-pelka/ HTTP/1.1" 200 17698 "https://www.google.com/" "Mozilla/5.0 (Linux; Android 10; K) AppleWebKit/537.36 (KHTML, like Gecko) Chrome/145.0.0.0 Mobile Safari/537.36"
31.60.74.137 - - [28/Feb/2026:11:25:57 +0100] "GET /wp-includes/js/mediaelement/mediaelementplayer-legacy.min.css?ver=4.2.16 HTTP/1.1" 200 8527 "https://logopedia.uni.wroc.pl/wykladowcy/dr-teresa-szawrowicz-pelka/" "Mozilla/5.0 (Linux; Android 10; K) AppleWebKit/537.36 (KHTML, like Gecko) Chrome/145.0.0.0 Mobile Safari/537.36"
31.60.74.137 - - [28/Feb/2026:11:25:57 +0100] "GET /wp-includes/css/dist/block-library/style.min.css?ver=6.0.11 HTTP/1.1" 200 12136 "https://logopedia.uni.wroc.pl/wykladowcy/dr-teresa-szawrowicz-pelka/" "Mozilla/5.0 (Linux; Android 10; K) AppleWebKit/537.36 (KHTML, like Gecko) Chrome/145.0.0.0 Mobile Safari/537.36"
31.60.74.137 - - [28/Feb/2026:11:25:57 +0100] "GET /wp-includes/js/mediaelement/wp-mediaelement.min.css?ver=6.0.11 HTTP/1.1" 200 1522 "https://logopedia.uni.wroc.pl/wykladowcy/dr-teresa-szawrowicz-pelka/" "Mozilla/5.0 (Linux; Android 10; K) AppleWebKit/537.36 (KHTML, like Gecko) Chrome/145.0.0.0 Mobile Safari/537.36"
31.60.74.137 - - [28/Feb/2026:11:25:57 +0100] "GET /wp-content/themes/customify/assets/fonts/font-awesome/css/font-awesome.min.css?ver=5.0.0 HTTP/1.1" 200 7477 "https://logopedia.uni.wroc.pl/wykladowcy/dr-teresa-szawrowicz-pelka/" "Mozilla/5.0 (Linux; Android 10; K) AppleWebKit/537.36 (KHTML, like Gecko) Chrome/145.0.0.0 Mobile Safari/537.36"
31.60.74.137 - - [28/Feb/2026:11:25:57 +0100] "GET /wp-content/themes/customify/style.min.css?ver=0.4.6 HTTP/1.1" 200 27702 "https://logopedia.uni.wroc.pl/wykladowcy/dr-teresa-szawrowicz-pelka/" "Mozilla/5.0 (Linux; Android 10; K) AppleWebKit/537.36 (KHTML, like Gecko) Chrome/145.0.0.0 Mobile Safari/537.36"
31.60.74.137 - - [28/Feb/2026:11:25:57 +0100] "GET /wp-content/plugins/jetpack/css/jetpack.css?ver=11.5.3 HTTP/1.1" 200 22480 "https://logopedia.uni.wroc.pl/wykladowcy/dr-teresa-szawrowicz-pelka/" "Mozilla/5.0 (Linux; Android 10; K) AppleWebKit/537.36 (KHTML, like Gecko) Chrome/145.0.0.0 Mobile Safari/537.36"
31.60.74.137 - - [28/Feb/2026:11:25:57 +0100] "GET /wp-content/uploads/2022/10/UWr-logo2a.png HTTP/1.1" 200 34648 "https://logopedia.uni.wroc.pl/wykladowcy/dr-teresa-szawrowicz-pelka/" "Mozilla/5.0 (Linux; Android 10; K) AppleWebKit/537.36 (KHTML, like Gecko) Chrome/145.0.0.0 Mobile Safari/537.36"
31.60.74.137 - - [28/Feb/2026:11:25:57 +0100] "GET /wp-content/uploads/2020/01/cropped-Logo.png HTTP/1.1" 200 83027 "https://logopedia.uni.wroc.pl/wykladowcy/dr-teresa-szawrowicz-pelka/" "Mozilla/5.0 (Linux; Android 10; K) AppleWebKit/537.36 (KHTML, like Gecko) Chrome/145.0.0.0 Mobile Safari/537.36"
31.60.74.137 - - [28/Feb/2026:11:25:57 +0100] "GET /wp-content/uploads/2024/06/istockphoto-1356660353-1024x1024-1.jpg HTTP/1.1" 200 49217 "https://logopedia.uni.wroc.pl/wykladowcy/dr-teresa-szawrowicz-pelka/" "Mozilla/5.0 (Linux; Android 10; K) AppleWebKit/537.36 (KHTML, like Gecko) Chrome/145.0.0.0 Mobile Safari/537.36"
31.60.74.137 - - [28/Feb/2026:11:25:57 +0100] "GET /wp-content/themes/customify/assets/js/theme.min.js?ver=0.4.6 HTTP/1.1" 200 9703 "https://logopedia.uni.wroc.pl/wykladowcy/dr-teresa-szawrowicz-pelka/" "Mozilla/5.0 (Linux; Android 10; K) AppleWebKit/537.36 (KHTML, like Gecko) Chrome/145.0.0.0 Mobile Safari/537.36"
31.60.74.137 - - [28/Feb/2026:11:25:57 +0100] "GET /wp-includes/js/jquery/jquery-migrate.min.js?ver=3.3.2 HTTP/1.1" 200 4607 "https://logopedia.uni.wroc.pl/wykladowcy/dr-teresa-szawrowicz-pelka/" "Mozilla/5.0 (Linux; Android 10; K) AppleWebKit/537.36 (KHTML, like Gecko) Chrome/145.0.0.0 Mobile Safari/537.36"
31.60.74.137 - - [28/Feb/2026:11:25:57 +0100] "GET /wp-includes/js/jquery/jquery.min.js?ver=3.6.0 HTTP/1.1" 200 31435 "https://logopedia.uni.wroc.pl/wykladowcy/dr-teresa-szawrowicz-pelka/" "Mozilla/5.0 (Linux; Android 10; K) AppleWebKit/537.36 (KHTML, like Gecko) Chrome/145.0.0.0 Mobile Safari/537.36"
31.60.74.137 - - [28/Feb/2026:11:25:57 +0100] "GET /wp-content/plugins/facebook-pagelike-widget/fb.js?ver=1.0 HTTP/1.1" 200 464 "https://logopedia.uni.wroc.pl/wykladowcy/dr-teresa-szawrowicz-pelka/" "Mozilla/5.0 (Linux; Android 10; K) AppleWebKit/537.36 (KHTML, like Gecko) Chrome/145.0.0.0 Mobile Safari/537.36"
31.60.74.137 - - [28/Feb/2026:11:25:57 +0100] "GET /wp-content/plugins/facebook-pagelike-widget/loader.gif HTTP/1.1" 200 8582 "https://logopedia.uni.wroc.pl/wykladowcy/dr-teresa-szawrowicz-pelka/" "Mozilla/5.0 (Linux; Android 10; K) AppleWebKit/537.36 (KHTML, like Gecko) Chrome/145.0.0.0 Mobile Safari/537.36"
31.60.74.137 - - [28/Feb/2026:11:25:57 +0100] "GET /wp-includes/js/wp-emoji-release.min.js?ver=6.0.11 HTTP/1.1" 200 5447 "https://logopedia.uni.wroc.pl/wykladowcy/dr-teresa-szawrowicz-pelka/" "Mozilla/5.0 (Linux; Android 10; K) AppleWebKit/537.36 (KHTML, like Gecko) Chrome/145.0.0.0 Mobile Safari/537.36"
31.60.74.137 - - [28/Feb/2026:11:25:57 +0100] "GET /wp-content/themes/customify/assets/fonts/font-awesome/fonts/fontawesome-webfont.woff2?v=4.7.0 HTTP/1.1" 200 77597 "https://logopedia.uni.wroc.pl/wp-content/themes/customify/assets/fonts/font-awesome/css/font-awesome.min.css?ver=5.0.0" "Mozilla/5.0 (Linux; Android 10; K) AppleWebKit/537.36 (KHTML, like Gecko) Chrome/145.0.0.0 Mobile Safari/537.36"
31.60.74.137 - - [28/Feb/2026:11:25:58 +0100] "GET /wp-content/uploads/2020/01/cropped-ikona-192x192.png HTTP/1.1" 200 16184 "https://logopedia.uni.wroc.pl/wykladowcy/dr-teresa-szawrowicz-pelka/" "Mozilla/5.0 (Linux; Android 10; K) AppleWebKit/537.36 (KHTML, like Gecko) Chrome/145.0.0.0 Mobile Safari/537.36"
31.60.74.137 - - [28/Feb/2026:11:25:58 +0100] "GET /wp-content/uploads/2020/01/cropped-ikona-180x180.png HTTP/1.1" 200 14978 "https://logopedia.uni.wroc.pl/wykladowcy/dr-teresa-szawrowicz-pelka/" "Mozilla/5.0 (Linux; Android 10; K) AppleWebKit/537.36 (KHTML, like Gecko) Chrome/145.0.0.0 Mobile Safari/537.36"
156.17.87.172 - - [28/Feb/2026:11:26:59 +0100] "POST /wp-cron.php?doing_wp_cron=1772274419.3520739078521728515625 HTTP/1.1" 200 5608 "https://logopedia.uni.wroc.pl/wp-cron.php?doing_wp_cron=1772274419.3520739078521728515625" "WordPress/6.0.11; https://logopedia.uni.wroc.pl"
114.119.136.8 - - [28/Feb/2026:11:26:58 +0100] "GET /?query-8-page=3 HTTP/1.1" 200 17513 "https://logopedia.uni.wroc.pl/page/32/?query-8-page=3" "Mozilla/5.0 (Linux; Android 7.0;) AppleWebKit/537.36 (KHTML, like Gecko) Mobile Safari/537.36 (compatible; PetalBot;+https://webmaster.petalsearch.com/site/petalbot)"
37.248.172.176 - - [28/Feb/2026:11:27:34 +0100] "GET /aktualnosci/zajecia/harmonogramy-zajec/ HTTP/1.1" 200 17404 "-" "Mozilla/5.0 (Linux; Android 10; K) AppleWebKit/537.36 (KHTML, like Gecko) Chrome/145.0.0.0 Mobile Safari/537.36"
37.248.172.176 - - [28/Feb/2026:11:27:37 +0100] "GET /wp-content/uploads/2026/02/II-ROK-SEMESTR-LETNI_18.2.26.xlsx HTTP/1.1" 200 27560 "https://logopedia.uni.wroc.pl/aktualnosci/zajecia/harmonogramy-zajec/" "Mozilla/5.0 (Linux; Android 10; K) AppleWebKit/537.36 (KHTML, like Gecko) Chrome/145.0.0.0 Mobile Safari/537.36"
85.208.96.203 - - [28/Feb/2026:11:29:31 +0100] "GET /robots.txt HTTP/1.1" 200 5784 "-" "Mozilla/5.0 (compatible; SemrushBot/7~bl; +http://www.semrush.com/bot.html)"
85.208.96.195 - - [28/Feb/2026:11:29:32 +0100] "GET /page/36/ HTTP/1.1" 200 18285 "-" "Mozilla/5.0 (compatible; SemrushBot/7~bl; +http://www.semrush.com/bot.html)"
156.17.87.172 - - [28/Feb/2026:11:30:52 +0100] "POST /wp-cron.php?doing_wp_cron=1772274652.1219959259033203125000 HTTP/1.1" 200 5608 "https://logopedia.uni.wroc.pl/wp-cron.php?doing_wp_cron=1772274652.1219959259033203125000" "WordPress/6.0.11; https://logopedia.uni.wroc.pl"
185.191.171.8 - - [28/Feb/2026:11:30:51 +0100] "GET /page/22/?query-8-page=2 HTTP/1.1" 200 17718 "-" "Mozilla/5.0 (compatible; SemrushBot/7~bl; +http://www.semrush.com/bot.html)"
156.17.87.172 - - [28/Feb/2026:11:32:55 +0100] "POST /wp-cron.php?doing_wp_cron=1772274775.8038959503173828125000 HTTP/1.1" 200 5608 "https://logopedia.uni.wroc.pl/wp-cron.php?doing_wp_cron=1772274775.8038959503173828125000" "WordPress/6.0.11; https://logopedia.uni.wroc.pl"
52.167.144.159 - - [28/Feb/2026:11:32:55 +0100] "GET /wykladowcy/dr-hab-malgorzata-mlynarska-prof-uwr/ HTTP/1.1" 200 17724 "-" "Mozilla/5.0 AppleWebKit/537.36 (KHTML, like Gecko; compatible; bingbot/2.0; +http://www.bing.com/bingbot.htm) Chrome/116.0.1938.76 Safari/537.36"
156.17.87.172 - - [28/Feb/2026:11:40:05 +0100] "POST /wp-cron.php?doing_wp_cron=1772275205.0642390251159667968750 HTTP/1.1" 200 5608 "https://logopedia.uni.wroc.pl/wp-cron.php?doing_wp_cron=1772275205.0642390251159667968750" "WordPress/6.0.11; https://logopedia.uni.wroc.pl"
37.248.168.89 - - [28/Feb/2026:11:40:03 +0100] "GET /aktualnosci/zajecia/harmonogramy-zajec/ HTTP/1.1" 200 17404 "https://logopedia.uni.wroc.pl/" "Mozilla/5.0 (Windows NT 10.0; Win64; x64) AppleWebKit/537.36 (KHTML, like Gecko) Chrome/145.0.0.0 Safari/537.36"
37.248.168.89 - - [28/Feb/2026:11:40:07 +0100] "GET /wp-content/uploads/2020/01/cropped-ikona-32x32.png HTTP/1.1" 200 2406 "https://logopedia.uni.wroc.pl/aktualnosci/zajecia/harmonogramy-zajec/" "Mozilla/5.0 (Windows NT 10.0; Win64; x64) AppleWebKit/537.36 (KHTML, like Gecko) Chrome/145.0.0.0 Safari/537.36"
37.248.168.89 - - [28/Feb/2026:11:40:13 +0100] "GET /aktualnosci/7-03-2026-dzien-logopedy-w-ifp-zapraszamy-na-konferencje/ HTTP/1.1" 200 16911 "https://logopedia.uni.wroc.pl/aktualnosci/zajecia/harmonogramy-zajec/" "Mozilla/5.0 (Windows NT 10.0; Win64; x64) AppleWebKit/537.36 (KHTML, like Gecko) Chrome/145.0.0.0 Safari/537.36"
37.248.168.89 - - [28/Feb/2026:11:40:14 +0100] "GET /wp-content/uploads/2026/02/Dzien%CC%81-logopedy-724x1024.jpg HTTP/1.1" 200 167500 "https://logopedia.uni.wroc.pl/aktualnosci/7-03-2026-dzien-logopedy-w-ifp-zapraszamy-na-konferencje/" "Mozilla/5.0 (Windows NT 10.0; Win64; x64) AppleWebKit/537.36 (KHTML, like Gecko) Chrome/145.0.0.0 Safari/537.36"
156.17.87.172 - - [28/Feb/2026:11:43:31 +0100] "POST /wp-cron.php?doing_wp_cron=1772275411.2576420307159423828125 HTTP/1.1" 200 5608 "https://logopedia.uni.wroc.pl/wp-cron.php?doing_wp_cron=1772275411.2576420307159423828125" "WordPress/6.0.11; https://logopedia.uni.wroc.pl"
20.215.220.193 - - [28/Feb/2026:11:43:30 +0100] "GET / HTTP/1.1" 200 17495 "-" "Mozilla/5.0 AppleWebKit/537.36 (KHTML, like Gecko); compatible; ChatGPT-User/1.0; +https://openai.com/bot"
213.180.203.70 - - [28/Feb/2026:11:43:33 +0100] "GET /robots.txt HTTP/1.1" 200 5641 "-" "Mozilla/5.0 (compatible; YandexBot/3.0; +http://yandex.com/bots)"
213.180.203.135 - - [28/Feb/2026:11:43:33 +0100] "GET /manual/en/mod/mod_log_forensic.html HTTP/1.1" 200 10073 "-" "Mozilla/5.0 (compatible; YandexBot/3.0; +http://yandex.com/bots)"
20.215.220.203 - - [28/Feb/2026:11:44:47 +0100] "GET /aktualnosci/zapraszamy-logopedow-na-neurologopedie/ HTTP/1.1" 200 17357 "-" "Mozilla/5.0 AppleWebKit/537.36 (KHTML, like Gecko); compatible; ChatGPT-User/1.0; +https://openai.com/bot"
20.215.220.198 - - [28/Feb/2026:11:44:47 +0100] "GET /swiateczna-kartka/ HTTP/1.1" 200 12410 "-" "Mozilla/5.0 AppleWebKit/537.36 (KHTML, like Gecko); compatible; ChatGPT-User/1.0; +https://openai.com/bot"
20.215.220.207 - - [28/Feb/2026:11:44:47 +0100] "GET /aktualnosci/harmonogram-zajec-neurologopedia-kliniczna-z-integracja-sensoryczna/ HTTP/1.1" 200 11524 "-" "Mozilla/5.0 AppleWebKit/537.36 (KHTML, like Gecko); compatible; ChatGPT-User/1.0; +https://openai.com/bot"
20.215.220.194 - - [28/Feb/2026:11:44:47 +0100] "GET /aktualnosci/neurologopedia-kliniczna-z-integracja-sensomotoryczna/ HTTP/1.1" 200 12140 "-" "Mozilla/5.0 AppleWebKit/537.36 (KHTML, like Gecko); compatible; ChatGPT-User/1.0; +https://openai.com/bot"
37.248.168.89 - - [28/Feb/2026:11:46:51 +0100] "GET /wp-content/uploads/2026/02/II-ROK-SEMESTR-LETNI_18.2.26.xlsx HTTP/1.1" 200 33071 "https://logopedia.uni.wroc.pl/aktualnosci/zajecia/harmonogramy-zajec/" "Mozilla/5.0 (Windows NT 10.0; Win64; x64) AppleWebKit/537.36 (KHTML, like Gecko) Chrome/145.0.0.0 Safari/537.36"
156.17.87.172 - - [28/Feb/2026:11:47:36 +0100] "POST /wp-cron.php?doing_wp_cron=1772275656.3409540653228759765625 HTTP/1.1" 200 5608 "https://logopedia.uni.wroc.pl/wp-cron.php?doing_wp_cron=1772275656.3409540653228759765625" "WordPress/6.0.11; https://logopedia.uni.wroc.pl"
46.112.70.31 - - [28/Feb/2026:11:47:35 +0100] "GET / HTTP/1.1" 200 17551 "https://www.google.com/" "Mozilla/5.0 (Linux; Android 10; K) AppleWebKit/537.36 (KHTML, like Gecko) Chrome/145.0.0.0 Mobile Safari/537.36"
46.112.70.31 - - [28/Feb/2026:11:48:05 +0100] "GET /praktyki/ HTTP/1.1" 200 18946 "https://www.google.com/" "Mozilla/5.0 (Linux; Android 10; K) AppleWebKit/537.36 (KHTML, like Gecko) Chrome/145.0.0.0 Mobile Safari/537.36"
46.112.70.31 - - [28/Feb/2026:11:48:06 +0100] "GET /wp-content/uploads/2020/01/018.jpg HTTP/1.1" 200 551078 "https://logopedia.uni.wroc.pl/praktyki/" "Mozilla/5.0 (Linux; Android 10; K) AppleWebKit/537.36 (KHTML, like Gecko) Chrome/145.0.0.0 Mobile Safari/537.36"
156.17.87.172 - - [28/Feb/2026:11:53:01 +0100] "POST /wp-cron.php?doing_wp_cron=1772275981.7576630115509033203125 HTTP/1.1" 200 5608 "https://logopedia.uni.wroc.pl/wp-cron.php?doing_wp_cron=1772275981.7576630115509033203125" "WordPress/6.0.11; https://logopedia.uni.wroc.pl"
74.7.229.4 - - [28/Feb/2026:11:53:00 +0100] "GET /aktualnosci/harmonogram-zajec-neurologopedia-kliniczna-z-integracja-sensoryczna/ HTTP/1.1" 200 16882 "-" "Mozilla/5.0 (Macintosh; Intel Mac OS X 10_15_7) AppleWebKit/537.36 (KHTML, like Gecko) Chrome/131.0.0.0 Safari/537.36; compatible; OAI-SearchBot/1.3; +https://openai.com/searchbot"
74.7.242.131 - - [28/Feb/2026:11:53:04 +0100] "GET /wp-json/wp/v2/posts/2457 HTTP/1.1" 200 9061 "https://logopedia.uni.wroc.pl/aktualnosci/harmonogram-zajec-neurologopedia-kliniczna-z-integracja-sensoryczna/" "Mozilla/5.0 (Macintosh; Intel Mac OS X 10_15_7) AppleWebKit/537.36 (KHTML, like Gecko) Chrome/131.0.0.0 Safari/537.36; compatible; OAI-SearchBot/1.3; +https://openai.com/searchbot"
74.7.229.211 - - [28/Feb/2026:11:53:06 +0100] "GET /wp-json/oembed/1.0/embed?url=https%3A%2F%2Flogopedia.uni.wroc.pl%2Faktualnosci%2Fharmonogram-zajec-neurologopedia-kliniczna-z-integracja-sensoryczna%2F HTTP/1.1" 200 9075 "https://logopedia.uni.wroc.pl/aktualnosci/harmonogram-zajec-neurologopedia-kliniczna-z-integracja-sensoryczna/" "Mozilla/5.0 (Macintosh; Intel Mac OS X 10_15_7) AppleWebKit/537.36 (KHTML, like Gecko) Chrome/131.0.0.0 Safari/537.36; compatible; OAI-SearchBot/1.3; +https://openai.com/searchbot"
74.7.228.189 - - [28/Feb/2026:11:53:09 +0100] "GET /aktualnosci/harmonogram-zajec-neurologopedia-kliniczna-z-integracja-sensoryczna/feed/ HTTP/1.1" 200 6665 "https://logopedia.uni.wroc.pl/aktualnosci/harmonogram-zajec-neurologopedia-kliniczna-z-integracja-sensoryczna/" "Mozilla/5.0 (Macintosh; Intel Mac OS X 10_15_7) AppleWebKit/537.36 (KHTML, like Gecko) Chrome/131.0.0.0 Safari/537.36; compatible; OAI-SearchBot/1.3; +https://openai.com/searchbot"
74.7.229.4 - - [28/Feb/2026:11:53:11 +0100] "GET /?p=2457 HTTP/1.1" 301 5903 "https://logopedia.uni.wroc.pl/aktualnosci/harmonogram-zajec-neurologopedia-kliniczna-z-integracja-sensoryczna/" "Mozilla/5.0 (Macintosh; Intel Mac OS X 10_15_7) AppleWebKit/537.36 (KHTML, like Gecko) Chrome/131.0.0.0 Safari/537.36; compatible; OAI-SearchBot/1.3; +https://openai.com/searchbot"
74.7.229.4 - - [28/Feb/2026:11:53:12 +0100] "GET /aktualnosci/harmonogram-zajec-neurologopedia-kliniczna-z-integracja-sensoryczna/ HTTP/1.1" 200 11372 "https://logopedia.uni.wroc.pl/?p=2457" "Mozilla/5.0 (Macintosh; Intel Mac OS X 10_15_7) AppleWebKit/537.36 (KHTML, like Gecko) Chrome/131.0.0.0 Safari/537.36; compatible; OAI-SearchBot/1.3; +https://openai.com/searchbot"
74.7.242.131 - - [28/Feb/2026:11:53:13 +0100] "GET /wp-json/oembed/1.0/embed?format=xml&url=https%3A%2F%2Flogopedia.uni.wroc.pl%2Faktualnosci%2Fharmonogram-zajec-neurologopedia-kliniczna-z-integracja-sensoryczna%2F HTTP/1.1" 200 7399 "https://logopedia.uni.wroc.pl/aktualnosci/harmonogram-zajec-neurologopedia-kliniczna-z-integracja-sensoryczna/" "Mozilla/5.0 (Macintosh; Intel Mac OS X 10_15_7) AppleWebKit/537.36 (KHTML, like Gecko) Chrome/131.0.0.0 Safari/537.36; compatible; OAI-SearchBot/1.3; +https://openai.com/searchbot"
74.7.242.131 - - [28/Feb/2026:11:53:15 +0100] "GET /wp-json/wp/v2/posts/2457 HTTP/1.1" 200 3551 "https://logopedia.uni.wroc.pl/aktualnosci/harmonogram-zajec-neurologopedia-kliniczna-z-integracja-sensoryczna/" "Mozilla/5.0 (Macintosh; Intel Mac OS X 10_15_7) AppleWebKit/537.36 (KHTML, like Gecko) Chrome/131.0.0.0 Safari/537.36; compatible; OAI-SearchBot/1.3; +https://openai.com/searchbot"
74.7.229.211 - - [28/Feb/2026:11:53:17 +0100] "GET /wp-json/oembed/1.0/embed?url=https%3A%2F%2Flogopedia.uni.wroc.pl%2Faktualnosci%2Fharmonogram-zajec-neurologopedia-kliniczna-z-integracja-sensoryczna%2F HTTP/1.1" 200 9075 "https://logopedia.uni.wroc.pl/aktualnosci/harmonogram-zajec-neurologopedia-kliniczna-z-integracja-sensoryczna/" "Mozilla/5.0 (Macintosh; Intel Mac OS X 10_15_7) AppleWebKit/537.36 (KHTML, like Gecko) Chrome/131.0.0.0 Safari/537.36; compatible; OAI-SearchBot/1.3; +https://openai.com/searchbot"
74.7.242.131 - - [28/Feb/2026:11:53:18 +0100] "GET /wp-json/oembed/1.0/embed?format=xml&url=https%3A%2F%2Flogopedia.uni.wroc.pl%2Faktualnosci%2Fharmonogram-zajec-neurologopedia-kliniczna-z-integracja-sensoryczna%2F HTTP/1.1" 200 1890 "https://logopedia.uni.wroc.pl/aktualnosci/harmonogram-zajec-neurologopedia-kliniczna-z-integracja-sensoryczna/" "Mozilla/5.0 (Macintosh; Intel Mac OS X 10_15_7) AppleWebKit/537.36 (KHTML, like Gecko) Chrome/131.0.0.0 Safari/537.36; compatible; OAI-SearchBot/1.3; +https://openai.com/searchbot"
74.7.229.4 - - [28/Feb/2026:11:53:20 +0100] "GET /?p=2457 HTTP/1.1" 301 5903 "https://logopedia.uni.wroc.pl/aktualnosci/harmonogram-zajec-neurologopedia-kliniczna-z-integracja-sensoryczna/" "Mozilla/5.0 (Macintosh; Intel Mac OS X 10_15_7) AppleWebKit/537.36 (KHTML, like Gecko) Chrome/131.0.0.0 Safari/537.36; compatible; OAI-SearchBot/1.3; +https://openai.com/searchbot"
74.7.229.4 - - [28/Feb/2026:11:53:20 +0100] "GET /aktualnosci/harmonogram-zajec-neurologopedia-kliniczna-z-integracja-sensoryczna/ HTTP/1.1" 200 11372 "https://logopedia.uni.wroc.pl/?p=2457" "Mozilla/5.0 (Macintosh; Intel Mac OS X 10_15_7) AppleWebKit/537.36 (KHTML, like Gecko) Chrome/131.0.0.0 Safari/537.36; compatible; OAI-SearchBot/1.3; +https://openai.com/searchbot"
74.7.228.189 - - [28/Feb/2026:11:53:22 +0100] "GET /aktualnosci/harmonogram-zajec-neurologopedia-kliniczna-z-integracja-sensoryczna/feed/ HTTP/1.1" 200 6665 "https://logopedia.uni.wroc.pl/aktualnosci/harmonogram-zajec-neurologopedia-kliniczna-z-integracja-sensoryczna/" "Mozilla/5.0 (Macintosh; Intel Mac OS X 10_15_7) AppleWebKit/537.36 (KHTML, like Gecko) Chrome/131.0.0.0 Safari/537.36; compatible; OAI-SearchBot/1.3; +https://openai.com/searchbot"
46.112.70.31 - - [28/Feb/2026:11:54:45 +0100] "GET /aktualnosci/7-03-2026-dzien-logopedy-w-ifp-zapraszamy-na-konferencje/ HTTP/1.1" 200 16911 "-" "Mozilla/5.0 (Linux; Android 10; K) AppleWebKit/537.36 (KHTML, like Gecko) Chrome/145.0.0.0 Mobile Safari/537.36"
46.112.70.31 - - [28/Feb/2026:11:54:45 +0100] "GET /wp-content/uploads/2026/02/Dzien%CC%81-logopedy-1086x1536.jpg HTTP/1.1" 200 303967 "https://logopedia.uni.wroc.pl/aktualnosci/7-03-2026-dzien-logopedy-w-ifp-zapraszamy-na-konferencje/" "Mozilla/5.0 (Linux; Android 10; K) AppleWebKit/537.36 (KHTML, like Gecko) Chrome/145.0.0.0 Mobile Safari/537.36"
156.17.87.172 - - [28/Feb/2026:11:56:36 +0100] "POST /wp-cron.php?doing_wp_cron=1772276196.1286239624023437500000 HTTP/1.1" 200 5608 "https://logopedia.uni.wroc.pl/wp-cron.php?doing_wp_cron=1772276196.1286239624023437500000" "WordPress/6.0.11; https://logopedia.uni.wroc.pl"
31.60.13.234 - - [28/Feb/2026:11:56:35 +0100] "GET /praktyki/ HTTP/1.1" 200 18751 "https://logopedia.uni.wroc.pl/aktualnosci/zajecia/sylabusy/" "Mozilla/5.0 (Macintosh; Intel Mac OS X 10_15_7) AppleWebKit/605.1.15 (KHTML, like Gecko) Version/18.6 Safari/605.1.15"
31.60.13.234 - - [28/Feb/2026:11:56:36 +0100] "GET /wp-content/themes/customify/style.min.css?ver=0.4.6 HTTP/1.1" 200 22191 "https://logopedia.uni.wroc.pl/praktyki/" "Mozilla/5.0 (Macintosh; Intel Mac OS X 10_15_7) AppleWebKit/605.1.15 (KHTML, like Gecko) Version/18.6 Safari/605.1.15"
31.60.13.234 - - [28/Feb/2026:11:56:36 +0100] "GET /wp-includes/js/wp-emoji-release.min.js?ver=6.0.11 HTTP/1.1" 200 10763 "https://logopedia.uni.wroc.pl/praktyki/" "Mozilla/5.0 (Macintosh; Intel Mac OS X 10_15_7) AppleWebKit/605.1.15 (KHTML, like Gecko) Version/18.6 Safari/605.1.15"
31.60.13.234 - - [28/Feb/2026:11:56:36 +0100] "GET /wp-content/plugins/jetpack/css/jetpack.css?ver=11.5.3 HTTP/1.1" 200 16969 "https://logopedia.uni.wroc.pl/praktyki/" "Mozilla/5.0 (Macintosh; Intel Mac OS X 10_15_7) AppleWebKit/605.1.15 (KHTML, like Gecko) Version/18.6 Safari/605.1.15"
31.60.13.234 - - [28/Feb/2026:11:56:36 +0100] "GET /wp-includes/css/dist/block-library/style.min.css?ver=6.0.11 HTTP/1.1" 200 17452 "https://logopedia.uni.wroc.pl/praktyki/" "Mozilla/5.0 (Macintosh; Intel Mac OS X 10_15_7) AppleWebKit/605.1.15 (KHTML, like Gecko) Version/18.6 Safari/605.1.15"
31.60.13.234 - - [28/Feb/2026:11:56:36 +0100] "GET /wp-includes/js/mediaelement/mediaelementplayer-legacy.min.css?ver=4.2.16 HTTP/1.1" 200 8332 "https://logopedia.uni.wroc.pl/praktyki/" "Mozilla/5.0 (Macintosh; Intel Mac OS X 10_15_7) AppleWebKit/605.1.15 (KHTML, like Gecko) Version/18.6 Safari/605.1.15"
31.60.13.234 - - [28/Feb/2026:11:56:36 +0100] "GET /wp-includes/js/mediaelement/wp-mediaelement.min.css?ver=6.0.11 HTTP/1.1" 200 6838 "https://logopedia.uni.wroc.pl/praktyki/" "Mozilla/5.0 (Macintosh; Intel Mac OS X 10_15_7) AppleWebKit/605.1.15 (KHTML, like Gecko) Version/18.6 Safari/605.1.15"
31.60.13.234 - - [28/Feb/2026:11:56:36 +0100] "GET /wp-content/themes/customify/assets/fonts/font-awesome/css/font-awesome.min.css?ver=5.0.0 HTTP/1.1" 200 12793 "https://logopedia.uni.wroc.pl/praktyki/" "Mozilla/5.0 (Macintosh; Intel Mac OS X 10_15_7) AppleWebKit/605.1.15 (KHTML, like Gecko) Version/18.6 Safari/605.1.15"
31.60.13.234 - - [28/Feb/2026:11:56:36 +0100] "GET /wp-content/themes/customify/assets/js/theme.min.js?ver=0.4.6 HTTP/1.1" 200 4192 "https://logopedia.uni.wroc.pl/praktyki/" "Mozilla/5.0 (Macintosh; Intel Mac OS X 10_15_7) AppleWebKit/605.1.15 (KHTML, like Gecko) Version/18.6 Safari/605.1.15"
31.60.13.234 - - [28/Feb/2026:11:56:36 +0100] "GET /wp-includes/js/jquery/jquery.min.js?ver=3.6.0 HTTP/1.1" 200 31435 "https://logopedia.uni.wroc.pl/praktyki/" "Mozilla/5.0 (Macintosh; Intel Mac OS X 10_15_7) AppleWebKit/605.1.15 (KHTML, like Gecko) Version/18.6 Safari/605.1.15"
31.60.13.234 - - [28/Feb/2026:11:56:36 +0100] "GET /wp-content/plugins/facebook-pagelike-widget/fb.js?ver=1.0 HTTP/1.1" 200 464 "https://logopedia.uni.wroc.pl/praktyki/" "Mozilla/5.0 (Macintosh; Intel Mac OS X 10_15_7) AppleWebKit/605.1.15 (KHTML, like Gecko) Version/18.6 Safari/605.1.15"
31.60.13.234 - - [28/Feb/2026:11:56:36 +0100] "GET /wp-includes/js/jquery/jquery-migrate.min.js?ver=3.3.2 HTTP/1.1" 200 4607 "https://logopedia.uni.wroc.pl/praktyki/" "Mozilla/5.0 (Macintosh; Intel Mac OS X 10_15_7) AppleWebKit/605.1.15 (KHTML, like Gecko) Version/18.6 Safari/605.1.15"
31.60.13.234 - - [28/Feb/2026:11:56:36 +0100] "GET /wp-content/uploads/2020/01/cropped-Logo.png HTTP/1.1" 200 77516 "https://logopedia.uni.wroc.pl/praktyki/" "Mozilla/5.0 (Macintosh; Intel Mac OS X 10_15_7) AppleWebKit/605.1.15 (KHTML, like Gecko) Version/18.6 Safari/605.1.15"
31.60.13.234 - - [28/Feb/2026:11:56:36 +0100] "GET /wp-content/themes/customify/assets/fonts/font-awesome/fonts/fontawesome-webfont.woff2?v=4.7.0 HTTP/1.1" 200 77597 "https://logopedia.uni.wroc.pl/praktyki/" "Mozilla/5.0 (Macintosh; Intel Mac OS X 10_15_7) AppleWebKit/605.1.15 (KHTML, like Gecko) Version/18.6 Safari/605.1.15"
31.60.13.234 - - [28/Feb/2026:11:56:36 +0100] "GET /wp-content/uploads/2022/10/UWr-logo2a.png HTTP/1.1" 200 34648 "https://logopedia.uni.wroc.pl/praktyki/" "Mozilla/5.0 (Macintosh; Intel Mac OS X 10_15_7) AppleWebKit/605.1.15 (KHTML, like Gecko) Version/18.6 Safari/605.1.15"
31.60.13.234 - - [28/Feb/2026:11:56:36 +0100] "GET /wp-content/plugins/facebook-pagelike-widget/loader.gif HTTP/1.1" 200 8582 "https://logopedia.uni.wroc.pl/praktyki/" "Mozilla/5.0 (Macintosh; Intel Mac OS X 10_15_7) AppleWebKit/605.1.15 (KHTML, like Gecko) Version/18.6 Safari/605.1.15"
31.60.13.234 - - [28/Feb/2026:11:56:36 +0100] "GET /wp-content/uploads/2020/01/018.jpg HTTP/1.1" 200 551078 "https://logopedia.uni.wroc.pl/praktyki/" "Mozilla/5.0 (Macintosh; Intel Mac OS X 10_15_7) AppleWebKit/605.1.15 (KHTML, like Gecko) Version/18.6 Safari/605.1.15"
31.60.13.234 - - [28/Feb/2026:11:56:37 +0100] "GET /wp-content/uploads/2020/01/cropped-ikona-32x32.png HTTP/1.1" 200 2406 "https://logopedia.uni.wroc.pl/praktyki/" "Mozilla/5.0 (Macintosh; Intel Mac OS X 10_15_7) AppleWebKit/605.1.15 (KHTML, like Gecko) Version/18.6 Safari/605.1.15"
31.60.13.234 - - [28/Feb/2026:11:56:37 +0100] "GET /wp-content/uploads/2020/01/cropped-ikona-192x192.png HTTP/1.1" 200 16184 "https://logopedia.uni.wroc.pl/praktyki/" "Mozilla/5.0 (Macintosh; Intel Mac OS X 10_15_7) AppleWebKit/605.1.15 (KHTML, like Gecko) Version/18.6 Safari/605.1.15"
46.112.70.31 - - [28/Feb/2026:12:00:07 +0100] "GET /aktualnosci/7-03-2026-dzien-logopedy-w-ifp-zapraszamy-na-konferencje/ HTTP/1.1" 200 16911 "-" "Mozilla/5.0 (Linux; Android 10; K) AppleWebKit/537.36 (KHTML, like Gecko) Chrome/145.0.0.0 Mobile Safari/537.36"
156.17.87.172 - - [28/Feb/2026:12:02:24 +0100] "POST /wp-cron.php?doing_wp_cron=1772276544.6982820034027099609375 HTTP/1.1" 200 5608 "https://logopedia.uni.wroc.pl/wp-cron.php?doing_wp_cron=1772276544.6982820034027099609375" "WordPress/6.0.11; https://logopedia.uni.wroc.pl"
188.33.22.19 - - [28/Feb/2026:12:02:23 +0100] "GET /praktyki/ HTTP/1.1" 200 18751 "https://www.google.com/" "Mozilla/5.0 (iPhone; CPU iPhone OS 18_7 like Mac OS X) AppleWebKit/605.1.15 (KHTML, like Gecko) Version/26.2 Mobile/15E148 Safari/604.1"
188.33.22.19 - - [28/Feb/2026:12:02:25 +0100] "GET /wp-includes/js/wp-emoji-release.min.js?ver=6.0.11 HTTP/1.1" 200 5447 "https://logopedia.uni.wroc.pl/praktyki/" "Mozilla/5.0 (iPhone; CPU iPhone OS 18_7 like Mac OS X) AppleWebKit/605.1.15 (KHTML, like Gecko) Version/26.2 Mobile/15E148 Safari/604.1"
188.33.22.19 - - [28/Feb/2026:12:02:26 +0100] "GET /wp-content/plugins/jetpack/css/jetpack.css?ver=11.5.3 HTTP/1.1" 200 16969 "https://logopedia.uni.wroc.pl/praktyki/" "Mozilla/5.0 (iPhone; CPU iPhone OS 18_7 like Mac OS X) AppleWebKit/605.1.15 (KHTML, like Gecko) Version/26.2 Mobile/15E148 Safari/604.1"
188.33.22.19 - - [28/Feb/2026:12:02:26 +0100] "GET /wp-content/themes/customify/assets/js/theme.min.js?ver=0.4.6 HTTP/1.1" 200 4192 "https://logopedia.uni.wroc.pl/praktyki/" "Mozilla/5.0 (iPhone; CPU iPhone OS 18_7 like Mac OS X) AppleWebKit/605.1.15 (KHTML, like Gecko) Version/26.2 Mobile/15E148 Safari/604.1"
188.33.22.19 - - [28/Feb/2026:12:02:26 +0100] "GET /wp-includes/js/mediaelement/mediaelementplayer-legacy.min.css?ver=4.2.16 HTTP/1.1" 200 8332 "https://logopedia.uni.wroc.pl/praktyki/" "Mozilla/5.0 (iPhone; CPU iPhone OS 18_7 like Mac OS X) AppleWebKit/605.1.15 (KHTML, like Gecko) Version/26.2 Mobile/15E148 Safari/604.1"
188.33.22.19 - - [28/Feb/2026:12:02:26 +0100] "GET /wp-includes/css/dist/block-library/style.min.css?ver=6.0.11 HTTP/1.1" 200 12289 "https://logopedia.uni.wroc.pl/praktyki/" "Mozilla/5.0 (iPhone; CPU iPhone OS 18_7 like Mac OS X) AppleWebKit/605.1.15 (KHTML, like Gecko) Version/26.2 Mobile/15E148 Safari/604.1"
188.33.22.19 - - [28/Feb/2026:12:02:26 +0100] "GET /wp-includes/js/mediaelement/wp-mediaelement.min.css?ver=6.0.11 HTTP/1.1" 200 6838 "https://logopedia.uni.wroc.pl/praktyki/" "Mozilla/5.0 (iPhone; CPU iPhone OS 18_7 like Mac OS X) AppleWebKit/605.1.15 (KHTML, like Gecko) Version/26.2 Mobile/15E148 Safari/604.1"
188.33.22.19 - - [28/Feb/2026:12:02:26 +0100] "GET /wp-content/themes/customify/assets/fonts/font-awesome/css/font-awesome.min.css?ver=5.0.0 HTTP/1.1" 200 12793 "https://logopedia.uni.wroc.pl/praktyki/" "Mozilla/5.0 (iPhone; CPU iPhone OS 18_7 like Mac OS X) AppleWebKit/605.1.15 (KHTML, like Gecko) Version/26.2 Mobile/15E148 Safari/604.1"
188.33.22.19 - - [28/Feb/2026:12:02:26 +0100] "GET /wp-content/themes/customify/style.min.css?ver=0.4.6 HTTP/1.1" 200 27507 "https://logopedia.uni.wroc.pl/praktyki/" "Mozilla/5.0 (iPhone; CPU iPhone OS 18_7 like Mac OS X) AppleWebKit/605.1.15 (KHTML, like Gecko) Version/26.2 Mobile/15E148 Safari/604.1"
188.33.22.19 - - [28/Feb/2026:12:02:26 +0100] "GET /wp-content/plugins/facebook-pagelike-widget/fb.js?ver=1.0 HTTP/1.1" 200 464 "https://logopedia.uni.wroc.pl/praktyki/" "Mozilla/5.0 (iPhone; CPU iPhone OS 18_7 like Mac OS X) AppleWebKit/605.1.15 (KHTML, like Gecko) Version/26.2 Mobile/15E148 Safari/604.1"
188.33.22.19 - - [28/Feb/2026:12:02:26 +0100] "GET /wp-includes/js/jquery/jquery.min.js?ver=3.6.0 HTTP/1.1" 200 31435 "https://logopedia.uni.wroc.pl/praktyki/" "Mozilla/5.0 (iPhone; CPU iPhone OS 18_7 like Mac OS X) AppleWebKit/605.1.15 (KHTML, like Gecko) Version/26.2 Mobile/15E148 Safari/604.1"
188.33.22.19 - - [28/Feb/2026:12:02:26 +0100] "GET /wp-includes/js/jquery/jquery-migrate.min.js?ver=3.3.2 HTTP/1.1" 200 4607 "https://logopedia.uni.wroc.pl/praktyki/" "Mozilla/5.0 (iPhone; CPU iPhone OS 18_7 like Mac OS X) AppleWebKit/605.1.15 (KHTML, like Gecko) Version/26.2 Mobile/15E148 Safari/604.1"
188.33.22.19 - - [28/Feb/2026:12:02:26 +0100] "GET /wp-content/uploads/2022/10/UWr-logo2a.png HTTP/1.1" 200 34648 "https://logopedia.uni.wroc.pl/praktyki/" "Mozilla/5.0 (iPhone; CPU iPhone OS 18_7 like Mac OS X) AppleWebKit/605.1.15 (KHTML, like Gecko) Version/26.2 Mobile/15E148 Safari/604.1"
188.33.22.19 - - [28/Feb/2026:12:02:26 +0100] "GET /wp-content/uploads/2020/01/cropped-Logo.png HTTP/1.1" 200 77516 "https://logopedia.uni.wroc.pl/praktyki/" "Mozilla/5.0 (iPhone; CPU iPhone OS 18_7 like Mac OS X) AppleWebKit/605.1.15 (KHTML, like Gecko) Version/26.2 Mobile/15E148 Safari/604.1"
188.33.22.19 - - [28/Feb/2026:12:02:26 +0100] "GET /wp-content/themes/customify/assets/fonts/font-awesome/fonts/fontawesome-webfont.woff2?v=4.7.0 HTTP/1.1" 200 77597 "https://logopedia.uni.wroc.pl/praktyki/" "Mozilla/5.0 (iPhone; CPU iPhone OS 18_7 like Mac OS X) AppleWebKit/605.1.15 (KHTML, like Gecko) Version/26.2 Mobile/15E148 Safari/604.1"
188.33.22.19 - - [28/Feb/2026:12:02:26 +0100] "GET /wp-content/plugins/facebook-pagelike-widget/loader.gif HTTP/1.1" 200 8582 "https://logopedia.uni.wroc.pl/praktyki/" "Mozilla/5.0 (iPhone; CPU iPhone OS 18_7 like Mac OS X) AppleWebKit/605.1.15 (KHTML, like Gecko) Version/26.2 Mobile/15E148 Safari/604.1"
188.33.22.19 - - [28/Feb/2026:12:02:26 +0100] "GET /wp-content/uploads/2020/01/018.jpg HTTP/1.1" 200 551078 "https://logopedia.uni.wroc.pl/praktyki/" "Mozilla/5.0 (iPhone; CPU iPhone OS 18_7 like Mac OS X) AppleWebKit/605.1.15 (KHTML, like Gecko) Version/26.2 Mobile/15E148 Safari/604.1"
188.33.22.19 - - [28/Feb/2026:12:02:26 +0100] "GET /wp-content/uploads/2020/01/cropped-ikona-192x192.png HTTP/1.1" 200 16184 "https://logopedia.uni.wroc.pl/praktyki/" "Mozilla/5.0 (iPhone; CPU iPhone OS 18_7 like Mac OS X) AppleWebKit/605.1.15 (KHTML, like Gecko) Version/26.2 Mobile/15E148 Safari/604.1"
188.33.22.19 - - [28/Feb/2026:12:02:26 +0100] "GET /wp-content/uploads/2020/01/cropped-ikona-32x32.png HTTP/1.1" 200 2406 "https://logopedia.uni.wroc.pl/praktyki/" "Mozilla/5.0 (iPhone; CPU iPhone OS 18_7 like Mac OS X) AppleWebKit/605.1.15 (KHTML, like Gecko) Version/26.2 Mobile/15E148 Safari/604.1"
94.246.165.91 - - [28/Feb/2026:12:02:41 +0100] "GET /wykladowcy/mgr-anna-plonka/ HTTP/1.1" 200 17662 "https://www.google.com/" "Mozilla/5.0 (Linux; Android 10; K) AppleWebKit/537.36 (KHTML, like Gecko) Chrome/145.0.0.0 Mobile Safari/537.36"
94.246.165.91 - - [28/Feb/2026:12:02:42 +0100] "GET /wp-content/themes/customify/assets/fonts/font-awesome/css/font-awesome.min.css?ver=5.0.0 HTTP/1.1" 200 7630 "https://logopedia.uni.wroc.pl/wykladowcy/mgr-anna-plonka/" "Mozilla/5.0 (Linux; Android 10; K) AppleWebKit/537.36 (KHTML, like Gecko) Chrome/145.0.0.0 Mobile Safari/537.36"
94.246.165.91 - - [28/Feb/2026:12:02:42 +0100] "GET /wp-includes/css/dist/block-library/style.min.css?ver=6.0.11 HTTP/1.1" 200 12289 "https://logopedia.uni.wroc.pl/wykladowcy/mgr-anna-plonka/" "Mozilla/5.0 (Linux; Android 10; K) AppleWebKit/537.36 (KHTML, like Gecko) Chrome/145.0.0.0 Mobile Safari/537.36"
94.246.165.91 - - [28/Feb/2026:12:02:42 +0100] "GET /wp-content/plugins/jetpack/css/jetpack.css?ver=11.5.3 HTTP/1.1" 200 17122 "https://logopedia.uni.wroc.pl/wykladowcy/mgr-anna-plonka/" "Mozilla/5.0 (Linux; Android 10; K) AppleWebKit/537.36 (KHTML, like Gecko) Chrome/145.0.0.0 Mobile Safari/537.36"
