20.220.144.87 - - [28/Feb/2026:13:20:50 +0100] "GET /wp_bqLC0MQe.php HTTP/1.1" 404 48262 "-" "-"
20.220.144.87 - - [28/Feb/2026:13:20:51 +0100] "GET /0bb45ctt.php HTTP/1.1" 301 560 "-" "-"
20.220.144.87 - - [28/Feb/2026:13:20:51 +0100] "GET /0bb45ctt.php HTTP/1.1" 404 48262 "-" "-"
20.220.144.87 - - [28/Feb/2026:13:20:52 +0100] "GET /ws80.php HTTP/1.1" 301 552 "-" "-"
20.220.144.87 - - [28/Feb/2026:13:20:52 +0100] "GET /ws80.php HTTP/1.1" 404 48262 "-" "-"
20.220.144.87 - - [28/Feb/2026:13:20:53 +0100] "GET /tx79.php HTTP/1.1" 301 552 "-" "-"
20.220.144.87 - - [28/Feb/2026:13:20:53 +0100] "GET /tx79.php HTTP/1.1" 404 48262 "-" "-"
20.220.144.87 - - [28/Feb/2026:13:20:54 +0100] "GET /jp.php HTTP/1.1" 301 548 "-" "-"
20.220.144.87 - - [28/Feb/2026:13:20:54 +0100] "GET /jp.php HTTP/1.1" 404 48262 "-" "-"
20.220.144.87 - - [28/Feb/2026:13:20:55 +0100] "GET /sbhu.php HTTP/1.1" 301 552 "-" "-"
20.220.144.87 - - [28/Feb/2026:13:20:55 +0100] "GET /sbhu.php HTTP/1.1" 404 48262 "-" "-"
20.220.144.87 - - [28/Feb/2026:13:20:56 +0100] "GET /tt.php HTTP/1.1" 301 548 "-" "-"
20.220.144.87 - - [28/Feb/2026:13:20:56 +0100] "GET /tt.php HTTP/1.1" 404 48262 "-" "-"
20.220.144.87 - - [28/Feb/2026:13:20:57 +0100] "GET /62ix02bk.php HTTP/1.1" 301 560 "-" "-"
20.220.144.87 - - [28/Feb/2026:13:20:57 +0100] "GET /62ix02bk.php HTTP/1.1" 404 48262 "-" "-"
20.220.144.87 - - [28/Feb/2026:13:20:58 +0100] "GET /wdf.php HTTP/1.1" 301 550 "-" "-"
20.220.144.87 - - [28/Feb/2026:13:20:58 +0100] "GET /wdf.php HTTP/1.1" 404 48262 "-" "-"
20.220.144.87 - - [28/Feb/2026:13:20:59 +0100] "GET /f6ijmjpa.php HTTP/1.1" 301 560 "-" "-"
20.220.144.87 - - [28/Feb/2026:13:20:59 +0100] "GET /f6ijmjpa.php HTTP/1.1" 404 48262 "-" "-"
20.220.144.87 - - [28/Feb/2026:13:21:00 +0100] "GET /wp_jVML8V37.php HTTP/1.1" 301 566 "-" "-"
20.220.144.87 - - [28/Feb/2026:13:21:00 +0100] "GET /wp_jVML8V37.php HTTP/1.1" 404 48262 "-" "-"
20.220.144.87 - - [28/Feb/2026:13:21:01 +0100] "GET /4wj632p1.php HTTP/1.1" 301 560 "-" "-"
20.220.144.87 - - [28/Feb/2026:13:21:01 +0100] "GET /4wj632p1.php HTTP/1.1" 404 48262 "-" "-"
20.220.144.87 - - [28/Feb/2026:13:21:02 +0100] "GET /ws81.php HTTP/1.1" 301 552 "-" "-"
20.220.144.87 - - [28/Feb/2026:13:21:02 +0100] "GET /ws81.php HTTP/1.1" 404 48262 "-" "-"
20.220.144.87 - - [28/Feb/2026:13:21:03 +0100] "GET /e31hmf9b.php HTTP/1.1" 301 560 "-" "-"
20.220.144.87 - - [28/Feb/2026:13:21:03 +0100] "GET /e31hmf9b.php HTTP/1.1" 404 48262 "-" "-"
40.77.167.116 - - [28/Feb/2026:13:23:14 +0100] "GET /manual/fr/mod/mod_so.html HTTP/1.1" 200 10824 "-" "Mozilla/5.0 AppleWebKit/537.36 (KHTML, like Gecko; compatible; bingbot/2.0; +http://www.bing.com/bingbot.htm) Chrome/116.0.1938.76 Safari/537.36"
69.171.231.15 - - [28/Feb/2026:13:25:24 +0100] "GET /robots.txt HTTP/1.1" 206 5879 "-" "facebookexternalhit/1.1 (+http://www.facebook.com/externalhit_uatext.php)"
156.17.87.172 - - [28/Feb/2026:13:29:42 +0100] "POST /wp-cron.php?doing_wp_cron=1772281782.7832620143890380859375 HTTP/1.1" 200 5608 "https://logopedia.uni.wroc.pl/wp-cron.php?doing_wp_cron=1772281782.7832620143890380859375" "WordPress/6.0.11; https://logopedia.uni.wroc.pl"
46.112.86.2 - - [28/Feb/2026:13:29:41 +0100] "GET /harmonogramy-zajec/ HTTP/1.1" 200 16905 "https://www.google.com/url?q=https://logopedia.uni.wroc.pl/harmonogramy-zajec/&sa=U&sqi=2&ved=2ahUKEwjw0-WNmPySAxUB2SoKHb1jN48QFnoECB8QAQ&usg=AOvVaw2XOZVhEkTUeiRh9mKJUbuY" "Mozilla/5.0 (iPhone; CPU iPhone OS 26_2_1 like Mac OS X) AppleWebKit/605.1.15 (KHTML, like Gecko) GSA/409.0.872648028 Mobile/15E148 Safari/604.1"
46.112.86.2 - - [28/Feb/2026:13:29:43 +0100] "GET /wp-includes/js/wp-emoji-release.min.js?ver=6.0.11 HTTP/1.1" 200 5447 "https://logopedia.uni.wroc.pl/harmonogramy-zajec/" "Mozilla/5.0 (iPhone; CPU iPhone OS 26_2_1 like Mac OS X) AppleWebKit/605.1.15 (KHTML, like Gecko) GSA/409.0.872648028 Mobile/15E148 Safari/604.1"
46.112.86.2 - - [28/Feb/2026:13:29:43 +0100] "GET /wp-content/themes/customify/assets/js/theme.min.js?ver=0.4.6 HTTP/1.1" 200 4192 "https://logopedia.uni.wroc.pl/harmonogramy-zajec/" "Mozilla/5.0 (iPhone; CPU iPhone OS 26_2_1 like Mac OS X) AppleWebKit/605.1.15 (KHTML, like Gecko) GSA/409.0.872648028 Mobile/15E148 Safari/604.1"
46.112.86.2 - - [28/Feb/2026:13:29:43 +0100] "GET /wp-includes/css/dist/block-library/style.min.css?ver=6.0.11 HTTP/1.1" 200 12289 "https://logopedia.uni.wroc.pl/harmonogramy-zajec/" "Mozilla/5.0 (iPhone; CPU iPhone OS 26_2_1 like Mac OS X) AppleWebKit/605.1.15 (KHTML, like Gecko) GSA/409.0.872648028 Mobile/15E148 Safari/604.1"
46.112.86.2 - - [28/Feb/2026:13:29:43 +0100] "GET /wp-includes/js/jquery/jquery.min.js?ver=3.6.0 HTTP/1.1" 200 31435 "https://logopedia.uni.wroc.pl/harmonogramy-zajec/" "Mozilla/5.0 (iPhone; CPU iPhone OS 26_2_1 like Mac OS X) AppleWebKit/605.1.15 (KHTML, like Gecko) GSA/409.0.872648028 Mobile/15E148 Safari/604.1"
46.112.86.2 - - [28/Feb/2026:13:29:43 +0100] "GET /wp-includes/js/jquery/jquery-migrate.min.js?ver=3.3.2 HTTP/1.1" 200 4607 "https://logopedia.uni.wroc.pl/harmonogramy-zajec/" "Mozilla/5.0 (iPhone; CPU iPhone OS 26_2_1 like Mac OS X) AppleWebKit/605.1.15 (KHTML, like Gecko) GSA/409.0.872648028 Mobile/15E148 Safari/604.1"
46.112.86.2 - - [28/Feb/2026:13:29:43 +0100] "GET /wp-content/themes/customify/style.min.css?ver=0.4.6 HTTP/1.1" 200 27507 "https://logopedia.uni.wroc.pl/harmonogramy-zajec/" "Mozilla/5.0 (iPhone; CPU iPhone OS 26_2_1 like Mac OS X) AppleWebKit/605.1.15 (KHTML, like Gecko) GSA/409.0.872648028 Mobile/15E148 Safari/604.1"
46.112.86.2 - - [28/Feb/2026:13:29:43 +0100] "GET /wp-includes/js/mediaelement/mediaelementplayer-legacy.min.css?ver=4.2.16 HTTP/1.1" 200 8332 "https://logopedia.uni.wroc.pl/harmonogramy-zajec/" "Mozilla/5.0 (iPhone; CPU iPhone OS 26_2_1 like Mac OS X) AppleWebKit/605.1.15 (KHTML, like Gecko) GSA/409.0.872648028 Mobile/15E148 Safari/604.1"
46.112.86.2 - - [28/Feb/2026:13:29:43 +0100] "GET /wp-includes/js/mediaelement/wp-mediaelement.min.css?ver=6.0.11 HTTP/1.1" 200 6838 "https://logopedia.uni.wroc.pl/harmonogramy-zajec/" "Mozilla/5.0 (iPhone; CPU iPhone OS 26_2_1 like Mac OS X) AppleWebKit/605.1.15 (KHTML, like Gecko) GSA/409.0.872648028 Mobile/15E148 Safari/604.1"
46.112.86.2 - - [28/Feb/2026:13:29:43 +0100] "GET /wp-content/plugins/jetpack/css/jetpack.css?ver=11.5.3 HTTP/1.1" 200 22285 "https://logopedia.uni.wroc.pl/harmonogramy-zajec/" "Mozilla/5.0 (iPhone; CPU iPhone OS 26_2_1 like Mac OS X) AppleWebKit/605.1.15 (KHTML, like Gecko) GSA/409.0.872648028 Mobile/15E148 Safari/604.1"
46.112.86.2 - - [28/Feb/2026:13:29:43 +0100] "GET /wp-content/plugins/facebook-pagelike-widget/fb.js?ver=1.0 HTTP/1.1" 200 464 "https://logopedia.uni.wroc.pl/harmonogramy-zajec/" "Mozilla/5.0 (iPhone; CPU iPhone OS 26_2_1 like Mac OS X) AppleWebKit/605.1.15 (KHTML, like Gecko) GSA/409.0.872648028 Mobile/15E148 Safari/604.1"
46.112.86.2 - - [28/Feb/2026:13:29:43 +0100] "GET /wp-content/uploads/2020/01/cropped-Logo.png HTTP/1.1" 200 77516 "https://logopedia.uni.wroc.pl/harmonogramy-zajec/" "Mozilla/5.0 (iPhone; CPU iPhone OS 26_2_1 like Mac OS X) AppleWebKit/605.1.15 (KHTML, like Gecko) GSA/409.0.872648028 Mobile/15E148 Safari/604.1"
46.112.86.2 - - [28/Feb/2026:13:29:43 +0100] "GET /wp-content/uploads/2022/10/UWr-logo2a.png HTTP/1.1" 200 34648 "https://logopedia.uni.wroc.pl/harmonogramy-zajec/" "Mozilla/5.0 (iPhone; CPU iPhone OS 26_2_1 like Mac OS X) AppleWebKit/605.1.15 (KHTML, like Gecko) GSA/409.0.872648028 Mobile/15E148 Safari/604.1"
46.112.86.2 - - [28/Feb/2026:13:29:43 +0100] "GET /wp-content/plugins/facebook-pagelike-widget/loader.gif HTTP/1.1" 200 8582 "https://logopedia.uni.wroc.pl/harmonogramy-zajec/" "Mozilla/5.0 (iPhone; CPU iPhone OS 26_2_1 like Mac OS X) AppleWebKit/605.1.15 (KHTML, like Gecko) GSA/409.0.872648028 Mobile/15E148 Safari/604.1"
46.112.86.2 - - [28/Feb/2026:13:29:43 +0100] "GET /wp-content/uploads/2020/01/018.jpg HTTP/1.1" 200 551078 "https://logopedia.uni.wroc.pl/harmonogramy-zajec/" "Mozilla/5.0 (iPhone; CPU iPhone OS 26_2_1 like Mac OS X) AppleWebKit/605.1.15 (KHTML, like Gecko) GSA/409.0.872648028 Mobile/15E148 Safari/604.1"
46.112.86.2 - - [28/Feb/2026:13:30:03 +0100] "GET /aktualnosci/harmonogramy-zajec-na-rok-2025-26/ HTTP/1.1" 200 16612 "https://www.google.com/url?q=https://logopedia.uni.wroc.pl/aktualnosci/harmonogramy-zajec-na-rok-2025-26/&sa=U&sqi=2&ved=2ahUKEwjw0-WNmPySAxUB2SoKHb1jN48QFnoECCAQAQ&usg=AOvVaw3gCr7MrvwEI_mEJZHY2YT8" "Mozilla/5.0 (iPhone; CPU iPhone OS 26_2_1 like Mac OS X) AppleWebKit/605.1.15 (KHTML, like Gecko) GSA/409.0.872648028 Mobile/15E148 Safari/604.1"
46.112.86.2 - - [28/Feb/2026:13:30:11 +0100] "GET /aktualnosci/harmonogramy-zajec-na-rok-2025-26/ HTTP/1.1" 200 16612 "https://www.google.com/url?q=https://logopedia.uni.wroc.pl/aktualnosci/harmonogramy-zajec-na-rok-2025-26/&sa=U&sqi=2&ved=2ahUKEwjw0-WNmPySAxUB2SoKHb1jN48QFnoECCAQAQ&usg=AOvVaw3gCr7MrvwEI_mEJZHY2YT8" "Mozilla/5.0 (iPhone; CPU iPhone OS 26_2_1 like Mac OS X) AppleWebKit/605.1.15 (KHTML, like Gecko) GSA/409.0.872648028 Mobile/15E148 Safari/604.1"
46.112.86.2 - - [28/Feb/2026:13:30:18 +0100] "GET /category/aktualnosci/zajecia/ HTTP/1.1" 200 17207 "https://www.google.com/url?q=https://logopedia.uni.wroc.pl/category/aktualnosci/zajecia/&sa=U&sqi=2&ved=2ahUKEwjw0-WNmPySAxUB2SoKHb1jN48QFnoECFgQAQ&usg=AOvVaw0HT9c66JX783yAyhmXKIZL" "Mozilla/5.0 (iPhone; CPU iPhone OS 26_2_1 like Mac OS X) AppleWebKit/605.1.15 (KHTML, like Gecko) GSA/409.0.872648028 Mobile/15E148 Safari/604.1"
156.17.87.172 - - [28/Feb/2026:13:30:23 +0100] "POST /wp-cron.php?doing_wp_cron=1772281823.9224059581756591796875 HTTP/1.1" 200 5608 "https://logopedia.uni.wroc.pl/wp-cron.php?doing_wp_cron=1772281823.9224059581756591796875" "WordPress/6.0.11; https://logopedia.uni.wroc.pl"
46.112.86.2 - - [28/Feb/2026:13:30:23 +0100] "GET /aktualnosci/zajecia/harmonogramy-zajec/ HTTP/1.1" 200 17209 "https://logopedia.uni.wroc.pl/category/aktualnosci/zajecia/" "Mozilla/5.0 (iPhone; CPU iPhone OS 26_2_1 like Mac OS X) AppleWebKit/605.1.15 (KHTML, like Gecko) GSA/409.0.872648028 Mobile/15E148 Safari/604.1"
46.112.86.2 - - [28/Feb/2026:13:30:29 +0100] "GET /wp-content/uploads/2026/02/I-ROK-SEMESTR-LETNI_11.02.26.xlsx HTTP/1.1" 200 21338 "https://logopedia.uni.wroc.pl/aktualnosci/zajecia/harmonogramy-zajec/" "Mozilla/5.0 (iPhone; CPU iPhone OS 26_2_1 like Mac OS X) AppleWebKit/605.1.15 (KHTML, like Gecko) GSA/409.0.872648028 Mobile/15E148 Safari/604.1"
185.191.171.10 - - [28/Feb/2026:13:31:19 +0100] "GET /category/aktualnosci/page/11/ HTTP/1.1" 200 17884 "-" "Mozilla/5.0 (compatible; SemrushBot/7~bl; +http://www.semrush.com/bot.html)"
188.33.34.34 - - [28/Feb/2026:13:36:38 +0100] "GET /wp-content/uploads/2026/02/I-ROK-SEMESTR-LETNI_11.02.26.xlsx HTTP/1.1" 304 5526 "-" "Mozilla/5.0 (iPhone; CPU iPhone OS 18_7 like Mac OS X) AppleWebKit/605.1.15 (KHTML, like Gecko) Version/26.3 Mobile/15E148 Safari/604.1"
156.17.87.172 - - [28/Feb/2026:13:38:46 +0100] "POST /wp-cron.php?doing_wp_cron=1772282326.5573370456695556640625 HTTP/1.1" 200 5608 "https://logopedia.uni.wroc.pl/wp-cron.php?doing_wp_cron=1772282326.5573370456695556640625" "WordPress/6.0.11; https://logopedia.uni.wroc.pl"
37.248.168.89 - - [28/Feb/2026:13:38:45 +0100] "GET /aktualnosci/7-03-2026-dzien-logopedy-w-ifp-zapraszamy-na-konferencje/ HTTP/1.1" 200 16911 "https://logopedia.uni.wroc.pl/aktualnosci/zajecia/harmonogramy-zajec/" "Mozilla/5.0 (Windows NT 10.0; Win64; x64) AppleWebKit/537.36 (KHTML, like Gecko) Chrome/145.0.0.0 Safari/537.36"
37.248.168.89 - - [28/Feb/2026:13:38:47 +0100] "GET /wp-content/uploads/2026/02/Dzien%CC%81-logopedy-724x1024.jpg HTTP/1.1" 200 167500 "https://logopedia.uni.wroc.pl/aktualnosci/7-03-2026-dzien-logopedy-w-ifp-zapraszamy-na-konferencje/" "Mozilla/5.0 (Windows NT 10.0; Win64; x64) AppleWebKit/537.36 (KHTML, like Gecko) Chrome/145.0.0.0 Safari/537.36"
156.17.87.172 - - [28/Feb/2026:13:41:29 +0100] "POST /wp-cron.php?doing_wp_cron=1772282489.0309550762176513671875 HTTP/1.1" 200 5608 "https://logopedia.uni.wroc.pl/wp-cron.php?doing_wp_cron=1772282489.0309550762176513671875" "WordPress/6.0.11; https://logopedia.uni.wroc.pl"
37.248.170.71 - - [28/Feb/2026:13:41:28 +0100] "GET /aktualnosci/zajecia/harmonogramy-zajec/ HTTP/1.1" 200 17209 "-" "Mozilla/5.0 (iPhone; CPU iPhone OS 18_7 like Mac OS X) AppleWebKit/605.1.15 (KHTML, like Gecko) Version/26.3 Mobile/15E148 Safari/604.1"
156.17.87.172 - - [28/Feb/2026:13:43:07 +0100] "POST /wp-cron.php?doing_wp_cron=1772282587.7445490360260009765625 HTTP/1.1" 200 5608 "https://logopedia.uni.wroc.pl/wp-cron.php?doing_wp_cron=1772282587.7445490360260009765625" "WordPress/6.0.11; https://logopedia.uni.wroc.pl"
5.173.206.21 - - [28/Feb/2026:13:43:07 +0100] "GET /aktualnosci/zajecia/harmonogramy-zajec/ HTTP/1.1" 200 17209 "-" "Mozilla/5.0 (iPhone; CPU iPhone OS 18_7 like Mac OS X) AppleWebKit/605.1.15 (KHTML, like Gecko) Version/26.3 Mobile/15E148 Safari/604.1"
66.249.77.11 - - [28/Feb/2026:13:43:29 +0100] "GET /zbigniew-tarkowski/ HTTP/1.1" 200 16428 "-" "Mozilla/5.0 (Linux; Android 6.0.1; Nexus 5X Build/MMB29P) AppleWebKit/537.36 (KHTML, like Gecko) Chrome/144.0.7559.132 Mobile Safari/537.36 (compatible; Googlebot/2.1; +http://www.google.com/bot.html)"
46.248.185.45 - - [28/Feb/2026:13:50:57 +0100] "GET /robots.txt HTTP/1.1" 301 612 "-" "Mozilla/5.0 (Windows NT 10.0; Win64; x64; rv:121.0) Gecko/20100101 Firefox/121.0"
46.248.185.45 - - [28/Feb/2026:13:50:57 +0100] "GET /robots.txt HTTP/1.1" 200 5641 "-" "Mozilla/5.0 (Windows NT 10.0; Win64; x64; rv:121.0) Gecko/20100101 Firefox/121.0"
46.248.185.45 - - [28/Feb/2026:13:50:57 +0100] "GET //sitemap.xml HTTP/1.1" 301 614 "-" "Mozilla/5.0 (Windows NT 10.0; Win64; x64) AppleWebKit/537.36 (KHTML, like Gecko) Chrome/120.0.0.0 Safari/537.36"
46.248.185.45 - - [28/Feb/2026:13:50:57 +0100] "GET /sitemap.xml HTTP/1.1" 200 5906 "-" "Mozilla/5.0 (Windows NT 10.0; Win64; x64) AppleWebKit/537.36 (KHTML, like Gecko) Chrome/120.0.0.0 Safari/537.36"
46.248.185.45 - - [28/Feb/2026:13:50:58 +0100] "GET //sitemap.xml HTTP/1.1" 301 614 "-" "Mozilla/5.0 (X11; Linux x86_64) AppleWebKit/537.36 (KHTML, like Gecko) Chrome/120.0.0.0 Safari/537.36"
46.248.185.45 - - [28/Feb/2026:13:50:58 +0100] "GET /sitemap.xml HTTP/1.1" 200 5906 "-" "Mozilla/5.0 (X11; Linux x86_64) AppleWebKit/537.36 (KHTML, like Gecko) Chrome/120.0.0.0 Safari/537.36"
46.248.185.45 - - [28/Feb/2026:13:50:59 +0100] "GET / HTTP/1.1" 301 592 "-" "Mozilla/5.0 (Macintosh; Intel Mac OS X 10_15_7) AppleWebKit/537.36 (KHTML, like Gecko) Chrome/120.0.0.0 Safari/537.36"
156.17.87.172 - - [28/Feb/2026:13:50:59 +0100] "POST /wp-cron.php?doing_wp_cron=1772283059.6854059696197509765625 HTTP/1.1" 200 5608 "https://logopedia.uni.wroc.pl/wp-cron.php?doing_wp_cron=1772283059.6854059696197509765625" "WordPress/6.0.11; https://logopedia.uni.wroc.pl"
46.248.185.45 - - [28/Feb/2026:13:50:59 +0100] "GET / HTTP/1.1" 200 17356 "-" "Mozilla/5.0 (Macintosh; Intel Mac OS X 10_15_7) AppleWebKit/537.36 (KHTML, like Gecko) Chrome/120.0.0.0 Safari/537.36"
46.248.185.45 - - [28/Feb/2026:13:51:00 +0100] "GET /robots.txt HTTP/1.1" 200 5641 "-" "Mozilla/5.0 (Windows NT 10.0; Win64; x64) AppleWebKit/537.36 (KHTML, like Gecko) Chrome/119.0.0.0 Safari/537.36"
46.248.185.45 - - [28/Feb/2026:13:51:00 +0100] "GET /robots.txt HTTP/1.1" 200 5641 "-" "Mozilla/5.0 (Macintosh; Intel Mac OS X 10_15_7) AppleWebKit/605.1.15 (KHTML, like Gecko) Version/17.1 Safari/605.1.15"
46.248.185.45 - - [28/Feb/2026:13:51:00 +0100] "GET /robots.txt HTTP/1.1" 200 5641 "-" "Mozilla/5.0 (Macintosh; Intel Mac OS X 10_15_7) AppleWebKit/537.36 (KHTML, like Gecko) Chrome/120.0.0.0 Safari/537.36"
46.248.185.45 - - [28/Feb/2026:13:51:00 +0100] "GET /robots.txt HTTP/1.1" 200 5641 "-" "Mozilla/5.0 (Windows NT 10.0; Win64; x64) AppleWebKit/537.36 (KHTML, like Gecko) Chrome/119.0.0.0 Safari/537.36"
85.208.96.196 - - [28/Feb/2026:13:55:52 +0100] "GET /robots.txt HTTP/1.1" 200 5784 "-" "Mozilla/5.0 (compatible; SemrushBot/7~bl; +http://www.semrush.com/bot.html)"
156.17.87.172 - - [28/Feb/2026:13:55:53 +0100] "POST /wp-cron.php?doing_wp_cron=1772283353.9362659454345703125000 HTTP/1.1" 200 5608 "https://logopedia.uni.wroc.pl/wp-cron.php?doing_wp_cron=1772283353.9362659454345703125000" "WordPress/6.0.11; https://logopedia.uni.wroc.pl"
85.208.96.203 - - [28/Feb/2026:13:55:52 +0100] "GET /malgorzata-krol-sozanska/ HTTP/1.1" 200 16440 "-" "Mozilla/5.0 (compatible; SemrushBot/7~bl; +http://www.semrush.com/bot.html)"
156.17.87.172 - - [28/Feb/2026:13:57:01 +0100] "POST /wp-cron.php?doing_wp_cron=1772283421.7609429359436035156250 HTTP/1.1" 200 5608 "https://logopedia.uni.wroc.pl/wp-cron.php?doing_wp_cron=1772283421.7609429359436035156250" "WordPress/6.0.11; https://logopedia.uni.wroc.pl"
37.30.13.16 - - [28/Feb/2026:13:57:01 +0100] "GET /aktualnosci/zajecia/harmonogramy-zajec/ HTTP/1.1" 200 17404 "https://www.google.com/" "Mozilla/5.0 (Linux; Android 10; K) AppleWebKit/537.36 (KHTML, like Gecko) Chrome/142.0.0.0 Mobile Safari/537.36"
37.30.13.16 - - [28/Feb/2026:13:57:02 +0100] "GET /wp-content/themes/customify/style.min.css?ver=0.4.6 HTTP/1.1" 200 22191 "https://logopedia.uni.wroc.pl/aktualnosci/zajecia/harmonogramy-zajec/" "Mozilla/5.0 (Linux; Android 10; K) AppleWebKit/537.36 (KHTML, like Gecko) Chrome/142.0.0.0 Mobile Safari/537.36"
37.30.13.16 - - [28/Feb/2026:13:57:02 +0100] "GET /wp-content/plugins/jetpack/css/jetpack.css?ver=11.5.3 HTTP/1.1" 200 16969 "https://logopedia.uni.wroc.pl/aktualnosci/zajecia/harmonogramy-zajec/" "Mozilla/5.0 (Linux; Android 10; K) AppleWebKit/537.36 (KHTML, like Gecko) Chrome/142.0.0.0 Mobile Safari/537.36"
37.30.13.16 - - [28/Feb/2026:13:57:02 +0100] "GET /wp-content/uploads/2022/10/UWr-logo2a.png HTTP/1.1" 200 34801 "https://logopedia.uni.wroc.pl/aktualnosci/zajecia/harmonogramy-zajec/" "Mozilla/5.0 (Linux; Android 10; K) AppleWebKit/537.36 (KHTML, like Gecko) Chrome/142.0.0.0 Mobile Safari/537.36"
37.30.13.16 - - [28/Feb/2026:13:57:02 +0100] "GET /wp-content/uploads/2020/01/cropped-Logo.png HTTP/1.1" 200 77669 "https://logopedia.uni.wroc.pl/aktualnosci/zajecia/harmonogramy-zajec/" "Mozilla/5.0 (Linux; Android 10; K) AppleWebKit/537.36 (KHTML, like Gecko) Chrome/142.0.0.0 Mobile Safari/537.36"
37.30.13.16 - - [28/Feb/2026:13:57:02 +0100] "GET /wp-includes/js/jquery/jquery.min.js?ver=3.6.0 HTTP/1.1" 200 31435 "https://logopedia.uni.wroc.pl/aktualnosci/zajecia/harmonogramy-zajec/" "Mozilla/5.0 (Linux; Android 10; K) AppleWebKit/537.36 (KHTML, like Gecko) Chrome/142.0.0.0 Mobile Safari/537.36"
37.30.13.16 - - [28/Feb/2026:13:57:02 +0100] "GET /wp-content/themes/customify/assets/fonts/font-awesome/fonts/fontawesome-webfont.woff2?v=4.7.0 HTTP/1.1" 200 77597 "https://logopedia.uni.wroc.pl/wp-content/themes/customify/assets/fonts/font-awesome/css/font-awesome.min.css?ver=5.0.0" "Mozilla/5.0 (Linux; Android 10; K) AppleWebKit/537.36 (KHTML, like Gecko) Chrome/142.0.0.0 Mobile Safari/537.36"
37.30.13.16 - - [28/Feb/2026:13:57:03 +0100] "GET /wp-content/uploads/2020/01/cropped-ikona-192x192.png HTTP/1.1" 200 16184 "https://logopedia.uni.wroc.pl/aktualnosci/zajecia/harmonogramy-zajec/" "Mozilla/5.0 (Linux; Android 10; K) AppleWebKit/537.36 (KHTML, like Gecko) Chrome/142.0.0.0 Mobile Safari/537.36"
37.30.13.16 - - [28/Feb/2026:13:57:03 +0100] "GET /wp-content/uploads/2020/01/cropped-ikona-180x180.png HTTP/1.1" 200 14978 "https://logopedia.uni.wroc.pl/aktualnosci/zajecia/harmonogramy-zajec/" "Mozilla/5.0 (Linux; Android 10; K) AppleWebKit/537.36 (KHTML, like Gecko) Chrome/142.0.0.0 Mobile Safari/537.36"
37.30.13.16 - - [28/Feb/2026:13:57:13 +0100] "GET /wp-content/uploads/2026/02/I-ROK-SEMESTR-LETNI_11.02.26.xlsx HTTP/1.1" 200 16175 "https://logopedia.uni.wroc.pl/aktualnosci/zajecia/harmonogramy-zajec/" "Mozilla/5.0 (Linux; Android 10; K) AppleWebKit/537.36 (KHTML, like Gecko) Chrome/142.0.0.0 Mobile Safari/537.36"
164.127.213.2 - - [28/Feb/2026:13:57:36 +0100] "GET / HTTP/1.1" 200 17356 "-" "Mozilla/5.0 (iPhone; CPU iPhone OS 18_7 like Mac OS X) AppleWebKit/605.1.15 (KHTML, like Gecko) Version/26.2 Mobile/15E148 Safari/604.1"
164.127.213.2 - - [28/Feb/2026:13:57:49 +0100] "GET / HTTP/1.1" 200 12193 "-" "Mozilla/5.0 (iPhone; CPU iPhone OS 18_7 like Mac OS X) AppleWebKit/605.1.15 (KHTML, like Gecko) Version/26.2 Mobile/15E148 Safari/604.1"
164.127.213.2 - - [28/Feb/2026:13:57:50 +0100] "GET /wp-includes/js/wp-emoji-release.min.js?ver=6.0.11 HTTP/1.1" 200 5600 "https://logopedia.uni.wroc.pl/" "Mozilla/5.0 (iPhone; CPU iPhone OS 18_7 like Mac OS X) AppleWebKit/605.1.15 (KHTML, like Gecko) Version/26.2 Mobile/15E148 Safari/604.1"
164.127.213.2 - - [28/Feb/2026:13:57:50 +0100] "GET /wp-includes/css/dist/block-library/style.min.css?ver=6.0.11 HTTP/1.1" 200 12136 "https://logopedia.uni.wroc.pl/" "Mozilla/5.0 (iPhone; CPU iPhone OS 18_7 like Mac OS X) AppleWebKit/605.1.15 (KHTML, like Gecko) Version/26.2 Mobile/15E148 Safari/604.1"
164.127.213.2 - - [28/Feb/2026:13:57:50 +0100] "GET /wp-content/themes/customify/assets/js/theme.min.js?ver=0.4.6 HTTP/1.1" 200 4192 "https://logopedia.uni.wroc.pl/" "Mozilla/5.0 (iPhone; CPU iPhone OS 18_7 like Mac OS X) AppleWebKit/605.1.15 (KHTML, like Gecko) Version/26.2 Mobile/15E148 Safari/604.1"
164.127.213.2 - - [28/Feb/2026:13:57:50 +0100] "GET /wp-content/plugins/jetpack/css/jetpack.css?ver=11.5.3 HTTP/1.1" 200 16969 "https://logopedia.uni.wroc.pl/" "Mozilla/5.0 (iPhone; CPU iPhone OS 18_7 like Mac OS X) AppleWebKit/605.1.15 (KHTML, like Gecko) Version/26.2 Mobile/15E148 Safari/604.1"
164.127.213.2 - - [28/Feb/2026:13:57:50 +0100] "GET /wp-content/themes/customify/assets/fonts/font-awesome/css/font-awesome.min.css?ver=5.0.0 HTTP/1.1" 200 12793 "https://logopedia.uni.wroc.pl/" "Mozilla/5.0 (iPhone; CPU iPhone OS 18_7 like Mac OS X) AppleWebKit/605.1.15 (KHTML, like Gecko) Version/26.2 Mobile/15E148 Safari/604.1"
164.127.213.2 - - [28/Feb/2026:13:57:50 +0100] "GET /wp-content/themes/customify/style.min.css?ver=0.4.6 HTTP/1.1" 200 27507 "https://logopedia.uni.wroc.pl/" "Mozilla/5.0 (iPhone; CPU iPhone OS 18_7 like Mac OS X) AppleWebKit/605.1.15 (KHTML, like Gecko) Version/26.2 Mobile/15E148 Safari/604.1"
164.127.213.2 - - [28/Feb/2026:13:57:50 +0100] "GET /wp-includes/js/mediaelement/wp-mediaelement.min.css?ver=6.0.11 HTTP/1.1" 200 6838 "https://logopedia.uni.wroc.pl/" "Mozilla/5.0 (iPhone; CPU iPhone OS 18_7 like Mac OS X) AppleWebKit/605.1.15 (KHTML, like Gecko) Version/26.2 Mobile/15E148 Safari/604.1"
164.127.213.2 - - [28/Feb/2026:13:57:50 +0100] "GET /wp-includes/js/mediaelement/mediaelementplayer-legacy.min.css?ver=4.2.16 HTTP/1.1" 200 8332 "https://logopedia.uni.wroc.pl/" "Mozilla/5.0 (iPhone; CPU iPhone OS 18_7 like Mac OS X) AppleWebKit/605.1.15 (KHTML, like Gecko) Version/26.2 Mobile/15E148 Safari/604.1"
164.127.213.2 - - [28/Feb/2026:13:57:50 +0100] "GET /wp-includes/js/jquery/jquery-migrate.min.js?ver=3.3.2 HTTP/1.1" 200 4607 "https://logopedia.uni.wroc.pl/" "Mozilla/5.0 (iPhone; CPU iPhone OS 18_7 like Mac OS X) AppleWebKit/605.1.15 (KHTML, like Gecko) Version/26.2 Mobile/15E148 Safari/604.1"
164.127.213.2 - - [28/Feb/2026:13:57:50 +0100] "GET /wp-includes/js/jquery/jquery.min.js?ver=3.6.0 HTTP/1.1" 200 31435 "https://logopedia.uni.wroc.pl/" "Mozilla/5.0 (iPhone; CPU iPhone OS 18_7 like Mac OS X) AppleWebKit/605.1.15 (KHTML, like Gecko) Version/26.2 Mobile/15E148 Safari/604.1"
164.127.213.2 - - [28/Feb/2026:13:57:50 +0100] "GET /wp-content/plugins/facebook-pagelike-widget/fb.js?ver=1.0 HTTP/1.1" 200 464 "https://logopedia.uni.wroc.pl/" "Mozilla/5.0 (iPhone; CPU iPhone OS 18_7 like Mac OS X) AppleWebKit/605.1.15 (KHTML, like Gecko) Version/26.2 Mobile/15E148 Safari/604.1"
164.127.213.2 - - [28/Feb/2026:13:57:50 +0100] "GET /wp-content/uploads/2020/01/cropped-Logo.png HTTP/1.1" 200 77516 "https://logopedia.uni.wroc.pl/" "Mozilla/5.0 (iPhone; CPU iPhone OS 18_7 like Mac OS X) AppleWebKit/605.1.15 (KHTML, like Gecko) Version/26.2 Mobile/15E148 Safari/604.1"
164.127.213.2 - - [28/Feb/2026:13:57:50 +0100] "GET /wp-content/uploads/2022/10/UWr-logo2a.png HTTP/1.1" 200 34648 "https://logopedia.uni.wroc.pl/" "Mozilla/5.0 (iPhone; CPU iPhone OS 18_7 like Mac OS X) AppleWebKit/605.1.15 (KHTML, like Gecko) Version/26.2 Mobile/15E148 Safari/604.1"
164.127.213.2 - - [28/Feb/2026:13:57:50 +0100] "GET /wp-content/themes/customify/assets/fonts/font-awesome/fonts/fontawesome-webfont.woff2?v=4.7.0 HTTP/1.1" 200 77597 "https://logopedia.uni.wroc.pl/" "Mozilla/5.0 (iPhone; CPU iPhone OS 18_7 like Mac OS X) AppleWebKit/605.1.15 (KHTML, like Gecko) Version/26.2 Mobile/15E148 Safari/604.1"
164.127.213.2 - - [28/Feb/2026:13:57:50 +0100] "GET /wp-content/plugins/facebook-pagelike-widget/loader.gif HTTP/1.1" 200 8582 "https://logopedia.uni.wroc.pl/" "Mozilla/5.0 (iPhone; CPU iPhone OS 18_7 like Mac OS X) AppleWebKit/605.1.15 (KHTML, like Gecko) Version/26.2 Mobile/15E148 Safari/604.1"
164.127.213.2 - - [28/Feb/2026:13:57:50 +0100] "GET /wp-content/uploads/2020/01/018.jpg HTTP/1.1" 200 551078 "https://logopedia.uni.wroc.pl/" "Mozilla/5.0 (iPhone; CPU iPhone OS 18_7 like Mac OS X) AppleWebKit/605.1.15 (KHTML, like Gecko) Version/26.2 Mobile/15E148 Safari/604.1"
185.191.171.10 - - [28/Feb/2026:13:58:21 +0100] "GET /aktualnosci/oswiadczenie-ogolnopolskiego-porozumienia-srodowisk-akademickich/ HTTP/1.1" 200 17053 "-" "Mozilla/5.0 (compatible; SemrushBot/7~bl; +http://www.semrush.com/bot.html)"
156.17.87.172 - - [28/Feb/2026:14:02:56 +0100] "POST /wp-cron.php?doing_wp_cron=1772283776.3845698833465576171875 HTTP/1.1" 200 5608 "https://logopedia.uni.wroc.pl/wp-cron.php?doing_wp_cron=1772283776.3845698833465576171875" "WordPress/6.0.11; https://logopedia.uni.wroc.pl"
205.210.31.39 - - [28/Feb/2026:14:02:55 +0100] "GET / HTTP/1.1" 200 67557 "-" "Hello from Palo Alto Networks, find out more about our scans in https://docs-cortex.paloaltonetworks.com/r/1/Cortex-Xpanse/Scanning-activity"
156.17.87.172 - - [28/Feb/2026:14:16:36 +0100] "POST /wp-cron.php?doing_wp_cron=1772284596.7084128856658935546875 HTTP/1.1" 200 5608 "https://logopedia.uni.wroc.pl/wp-cron.php?doing_wp_cron=1772284596.7084128856658935546875" "WordPress/6.0.11; https://logopedia.uni.wroc.pl"
156.17.122.49 - - [28/Feb/2026:14:16:35 +0100] "GET / HTTP/1.1" 301 5841 "-" "Mozilla/5.0 (Macintosh; Intel Mac OS X 10_15_7) AppleWebKit/537.36 (KHTML, like Gecko) Chrome/145.0.0.0 Safari/537.36"
156.17.122.49 - - [28/Feb/2026:14:16:36 +0100] "GET / HTTP/1.1" 200 17551 "-" "Mozilla/5.0 (Macintosh; Intel Mac OS X 10_15_7) AppleWebKit/537.36 (KHTML, like Gecko) Chrome/145.0.0.0 Safari/537.36"
156.17.122.49 - - [28/Feb/2026:14:16:37 +0100] "GET /wp-includes/css/dist/block-library/style.min.css?ver=6.0.11 HTTP/1.1" 200 12136 "https://logopedia.uni.wroc.pl/" "Mozilla/5.0 (Macintosh; Intel Mac OS X 10_15_7) AppleWebKit/537.36 (KHTML, like Gecko) Chrome/145.0.0.0 Safari/537.36"
156.17.122.49 - - [28/Feb/2026:14:16:37 +0100] "GET /wp-includes/js/mediaelement/wp-mediaelement.min.css?ver=6.0.11 HTTP/1.1" 200 1675 "https://logopedia.uni.wroc.pl/" "Mozilla/5.0 (Macintosh; Intel Mac OS X 10_15_7) AppleWebKit/537.36 (KHTML, like Gecko) Chrome/145.0.0.0 Safari/537.36"
156.17.122.49 - - [28/Feb/2026:14:16:37 +0100] "GET /wp-includes/js/mediaelement/mediaelementplayer-legacy.min.css?ver=4.2.16 HTTP/1.1" 200 3169 "https://logopedia.uni.wroc.pl/" "Mozilla/5.0 (Macintosh; Intel Mac OS X 10_15_7) AppleWebKit/537.36 (KHTML, like Gecko) Chrome/145.0.0.0 Safari/537.36"
156.17.122.49 - - [28/Feb/2026:14:16:37 +0100] "GET /wp-content/themes/customify/style.min.css?ver=0.4.6 HTTP/1.1" 200 22344 "https://logopedia.uni.wroc.pl/" "Mozilla/5.0 (Macintosh; Intel Mac OS X 10_15_7) AppleWebKit/537.36 (KHTML, like Gecko) Chrome/145.0.0.0 Safari/537.36"
156.17.122.49 - - [28/Feb/2026:14:16:37 +0100] "GET /wp-content/themes/customify/assets/fonts/font-awesome/css/font-awesome.min.css?ver=5.0.0 HTTP/1.1" 200 7630 "https://logopedia.uni.wroc.pl/" "Mozilla/5.0 (Macintosh; Intel Mac OS X 10_15_7) AppleWebKit/537.36 (KHTML, like Gecko) Chrome/145.0.0.0 Safari/537.36"
156.17.122.49 - - [28/Feb/2026:14:16:37 +0100] "GET /wp-content/uploads/2020/01/cropped-Logo.png HTTP/1.1" 200 77669 "https://logopedia.uni.wroc.pl/" "Mozilla/5.0 (Macintosh; Intel Mac OS X 10_15_7) AppleWebKit/537.36 (KHTML, like Gecko) Chrome/145.0.0.0 Safari/537.36"
156.17.122.49 - - [28/Feb/2026:14:16:37 +0100] "GET /wp-content/plugins/jetpack/css/jetpack.css?ver=11.5.3 HTTP/1.1" 200 16969 "https://logopedia.uni.wroc.pl/" "Mozilla/5.0 (Macintosh; Intel Mac OS X 10_15_7) AppleWebKit/537.36 (KHTML, like Gecko) Chrome/145.0.0.0 Safari/537.36"
156.17.122.49 - - [28/Feb/2026:14:16:37 +0100] "GET /wp-content/plugins/facebook-pagelike-widget/loader.gif HTTP/1.1" 200 8582 "https://logopedia.uni.wroc.pl/" "Mozilla/5.0 (Macintosh; Intel Mac OS X 10_15_7) AppleWebKit/537.36 (KHTML, like Gecko) Chrome/145.0.0.0 Safari/537.36"
156.17.122.49 - - [28/Feb/2026:14:16:37 +0100] "GET /wp-content/uploads/2022/10/UWr-logo2a.png HTTP/1.1" 200 34648 "https://logopedia.uni.wroc.pl/" "Mozilla/5.0 (Macintosh; Intel Mac OS X 10_15_7) AppleWebKit/537.36 (KHTML, like Gecko) Chrome/145.0.0.0 Safari/537.36"
156.17.122.49 - - [28/Feb/2026:14:16:37 +0100] "GET /wp-content/themes/customify/assets/js/theme.min.js?ver=0.4.6 HTTP/1.1" 200 4192 "https://logopedia.uni.wroc.pl/" "Mozilla/5.0 (Macintosh; Intel Mac OS X 10_15_7) AppleWebKit/537.36 (KHTML, like Gecko) Chrome/145.0.0.0 Safari/537.36"
156.17.122.49 - - [28/Feb/2026:14:16:37 +0100] "GET /wp-includes/js/jquery/jquery-migrate.min.js?ver=3.3.2 HTTP/1.1" 200 4607 "https://logopedia.uni.wroc.pl/" "Mozilla/5.0 (Macintosh; Intel Mac OS X 10_15_7) AppleWebKit/537.36 (KHTML, like Gecko) Chrome/145.0.0.0 Safari/537.36"
156.17.122.49 - - [28/Feb/2026:14:16:37 +0100] "GET /wp-includes/js/jquery/jquery.min.js?ver=3.6.0 HTTP/1.1" 200 31435 "https://logopedia.uni.wroc.pl/" "Mozilla/5.0 (Macintosh; Intel Mac OS X 10_15_7) AppleWebKit/537.36 (KHTML, like Gecko) Chrome/145.0.0.0 Safari/537.36"
156.17.122.49 - - [28/Feb/2026:14:16:38 +0100] "GET /wp-content/plugins/facebook-pagelike-widget/fb.js?ver=1.0 HTTP/1.1" 200 464 "https://logopedia.uni.wroc.pl/" "Mozilla/5.0 (Macintosh; Intel Mac OS X 10_15_7) AppleWebKit/537.36 (KHTML, like Gecko) Chrome/145.0.0.0 Safari/537.36"
156.17.122.49 - - [28/Feb/2026:14:16:38 +0100] "GET /wp-includes/js/wp-emoji-release.min.js?ver=6.0.11 HTTP/1.1" 200 5447 "https://logopedia.uni.wroc.pl/" "Mozilla/5.0 (Macintosh; Intel Mac OS X 10_15_7) AppleWebKit/537.36 (KHTML, like Gecko) Chrome/145.0.0.0 Safari/537.36"
156.17.122.49 - - [28/Feb/2026:14:16:38 +0100] "GET /wp-content/themes/customify/assets/fonts/font-awesome/fonts/fontawesome-webfont.woff2?v=4.7.0 HTTP/1.1" 200 77597 "https://logopedia.uni.wroc.pl/wp-content/themes/customify/assets/fonts/font-awesome/css/font-awesome.min.css?ver=5.0.0" "Mozilla/5.0 (Macintosh; Intel Mac OS X 10_15_7) AppleWebKit/537.36 (KHTML, like Gecko) Chrome/145.0.0.0 Safari/537.36"
156.17.122.49 - - [28/Feb/2026:14:16:38 +0100] "GET /wp-content/uploads/2020/01/018.jpg HTTP/1.1" 200 551078 "https://logopedia.uni.wroc.pl/" "Mozilla/5.0 (Macintosh; Intel Mac OS X 10_15_7) AppleWebKit/537.36 (KHTML, like Gecko) Chrome/145.0.0.0 Safari/537.36"
156.17.122.49 - - [28/Feb/2026:14:16:41 +0100] "GET /wp-content/uploads/2020/01/cropped-ikona-32x32.png HTTP/1.1" 200 2406 "https://logopedia.uni.wroc.pl/" "Mozilla/5.0 (Macintosh; Intel Mac OS X 10_15_7) AppleWebKit/537.36 (KHTML, like Gecko) Chrome/145.0.0.0 Safari/537.36"
156.17.122.49 - - [28/Feb/2026:14:17:01 +0100] "GET /aktualnosci/zajecia/harmonogramy-zajec/ HTTP/1.1" 200 12046 "https://logopedia.uni.wroc.pl/" "Mozilla/5.0 (Macintosh; Intel Mac OS X 10_15_7) AppleWebKit/537.36 (KHTML, like Gecko) Chrome/145.0.0.0 Safari/537.36"
156.17.122.49 - - [28/Feb/2026:14:17:07 +0100] "GET /wp-content/uploads/2026/02/I-ROK-SEMESTR-LETNI_11.02.26.xlsx HTTP/1.1" 200 16022 "https://logopedia.uni.wroc.pl/aktualnosci/zajecia/harmonogramy-zajec/" "Mozilla/5.0 (Macintosh; Intel Mac OS X 10_15_7) AppleWebKit/537.36 (KHTML, like Gecko) Chrome/145.0.0.0 Safari/537.36"
37.30.15.30 - - [28/Feb/2026:14:18:32 +0100] "GET /aktualnosci/zajecia/harmonogramy-zajec/ HTTP/1.1" 200 17209 "https://www.google.com/" "Mozilla/5.0 (Macintosh; Intel Mac OS X 10_15_7) AppleWebKit/605.1.15 (KHTML, like Gecko) Version/18.4 Safari/605.1.15"
37.30.15.30 - - [28/Feb/2026:14:18:33 +0100] "GET /wp-includes/js/wp-emoji-release.min.js?ver=6.0.11 HTTP/1.1" 200 10763 "https://logopedia.uni.wroc.pl/aktualnosci/zajecia/harmonogramy-zajec/" "Mozilla/5.0 (Macintosh; Intel Mac OS X 10_15_7) AppleWebKit/605.1.15 (KHTML, like Gecko) Version/18.4 Safari/605.1.15"
37.30.15.30 - - [28/Feb/2026:14:18:33 +0100] "GET /wp-includes/js/mediaelement/mediaelementplayer-legacy.min.css?ver=4.2.16 HTTP/1.1" 200 3016 "https://logopedia.uni.wroc.pl/aktualnosci/zajecia/harmonogramy-zajec/" "Mozilla/5.0 (Macintosh; Intel Mac OS X 10_15_7) AppleWebKit/605.1.15 (KHTML, like Gecko) Version/18.4 Safari/605.1.15"
37.30.15.30 - - [28/Feb/2026:14:18:33 +0100] "GET /wp-content/themes/customify/assets/js/theme.min.js?ver=0.4.6 HTTP/1.1" 200 4192 "https://logopedia.uni.wroc.pl/aktualnosci/zajecia/harmonogramy-zajec/" "Mozilla/5.0 (Macintosh; Intel Mac OS X 10_15_7) AppleWebKit/605.1.15 (KHTML, like Gecko) Version/18.4 Safari/605.1.15"
37.30.15.30 - - [28/Feb/2026:14:18:33 +0100] "GET /wp-includes/js/jquery/jquery.min.js?ver=3.6.0 HTTP/1.1" 200 31435 "https://logopedia.uni.wroc.pl/aktualnosci/zajecia/harmonogramy-zajec/" "Mozilla/5.0 (Macintosh; Intel Mac OS X 10_15_7) AppleWebKit/605.1.15 (KHTML, like Gecko) Version/18.4 Safari/605.1.15"
37.30.15.30 - - [28/Feb/2026:14:18:33 +0100] "GET /wp-content/themes/customify/style.min.css?ver=0.4.6 HTTP/1.1" 200 22344 "https://logopedia.uni.wroc.pl/aktualnosci/zajecia/harmonogramy-zajec/" "Mozilla/5.0 (Macintosh; Intel Mac OS X 10_15_7) AppleWebKit/605.1.15 (KHTML, like Gecko) Version/18.4 Safari/605.1.15"
37.30.15.30 - - [28/Feb/2026:14:18:33 +0100] "GET /wp-includes/js/mediaelement/wp-mediaelement.min.css?ver=6.0.11 HTTP/1.1" 200 6838 "https://logopedia.uni.wroc.pl/aktualnosci/zajecia/harmonogramy-zajec/" "Mozilla/5.0 (Macintosh; Intel Mac OS X 10_15_7) AppleWebKit/605.1.15 (KHTML, like Gecko) Version/18.4 Safari/605.1.15"
37.30.15.30 - - [28/Feb/2026:14:18:33 +0100] "GET /wp-content/themes/customify/assets/fonts/font-awesome/css/font-awesome.min.css?ver=5.0.0 HTTP/1.1" 200 12793 "https://logopedia.uni.wroc.pl/aktualnosci/zajecia/harmonogramy-zajec/" "Mozilla/5.0 (Macintosh; Intel Mac OS X 10_15_7) AppleWebKit/605.1.15 (KHTML, like Gecko) Version/18.4 Safari/605.1.15"
37.30.15.30 - - [28/Feb/2026:14:18:33 +0100] "GET /wp-content/plugins/jetpack/css/jetpack.css?ver=11.5.3 HTTP/1.1" 200 22285 "https://logopedia.uni.wroc.pl/aktualnosci/zajecia/harmonogramy-zajec/" "Mozilla/5.0 (Macintosh; Intel Mac OS X 10_15_7) AppleWebKit/605.1.15 (KHTML, like Gecko) Version/18.4 Safari/605.1.15"
37.30.15.30 - - [28/Feb/2026:14:18:33 +0100] "GET /wp-content/uploads/2022/10/UWr-logo2a.png HTTP/1.1" 200 34648 "https://logopedia.uni.wroc.pl/aktualnosci/zajecia/harmonogramy-zajec/" "Mozilla/5.0 (Macintosh; Intel Mac OS X 10_15_7) AppleWebKit/605.1.15 (KHTML, like Gecko) Version/18.4 Safari/605.1.15"
37.30.15.30 - - [28/Feb/2026:14:18:33 +0100] "GET /wp-content/uploads/2020/01/cropped-ikona-32x32.png HTTP/1.1" 200 2406 "https://logopedia.uni.wroc.pl/aktualnosci/zajecia/harmonogramy-zajec/" "Mozilla/5.0 (Macintosh; Intel Mac OS X 10_15_7) AppleWebKit/605.1.15 (KHTML, like Gecko) Version/18.4 Safari/605.1.15"
37.30.15.30 - - [28/Feb/2026:14:18:33 +0100] "GET /wp-content/uploads/2020/01/cropped-ikona-192x192.png HTTP/1.1" 200 16184 "https://logopedia.uni.wroc.pl/aktualnosci/zajecia/harmonogramy-zajec/" "Mozilla/5.0 (Macintosh; Intel Mac OS X 10_15_7) AppleWebKit/605.1.15 (KHTML, like Gecko) Version/18.4 Safari/605.1.15"
37.30.15.30 - - [28/Feb/2026:14:18:33 +0100] "GET /wp-content/uploads/2020/01/cropped-ikona-180x180.png HTTP/1.1" 200 20294 "-" "Safari/20621.1.15.11.10 CFNetwork/3826.500.111.1.1 Darwin/24.4.0"
37.30.15.30 - - [28/Feb/2026:14:18:38 +0100] "GET /wp-content/uploads/2026/02/I-ROK-SEMESTR-LETNI_11.02.26.xlsx HTTP/1.1" 200 16022 "https://logopedia.uni.wroc.pl/aktualnosci/zajecia/harmonogramy-zajec/" "Mozilla/5.0 (Macintosh; Intel Mac OS X 10_15_7) AppleWebKit/605.1.15 (KHTML, like Gecko) Version/18.4 Safari/605.1.15"
188.33.22.28 - - [28/Feb/2026:14:23:33 +0100] "GET /wp-content/uploads/2026/02/I-ROK-SEMESTR-LETNI_11.02.26.xlsx HTTP/1.1" 200 21338 "https://logopedia.uni.wroc.pl/aktualnosci/zajecia/harmonogramy-zajec/" "Mozilla/5.0 (iPhone; CPU iPhone OS 18_7 like Mac OS X) AppleWebKit/605.1.15 (KHTML, like Gecko) Version/26.2 Mobile/15E148 Safari/604.1"
74.7.175.189 - - [28/Feb/2026:14:29:34 +0100] "GET /robots.txt HTTP/1.1" 200 5796 "-" "Mozilla/5.0 (Macintosh; Intel Mac OS X 10_15_7) AppleWebKit/537.36 (KHTML, like Gecko) Chrome/131.0.0.0 Safari/537.36; compatible; OAI-SearchBot/1.3; robots.txt; +https://openai.com/searchbot"
156.17.87.172 - - [28/Feb/2026:14:30:56 +0100] "POST /wp-cron.php?doing_wp_cron=1772285455.9894499778747558593750 HTTP/1.1" 200 5608 "https://logopedia.uni.wroc.pl/wp-cron.php?doing_wp_cron=1772285455.9894499778747558593750" "WordPress/6.0.11; https://logopedia.uni.wroc.pl"
66.249.77.13 - - [28/Feb/2026:14:30:54 +0100] "GET /page/41/?query-8-page=5&q=node%2F3 HTTP/1.1" 200 17536 "-" "Mozilla/5.0 (Linux; Android 6.0.1; Nexus 5X Build/MMB29P) AppleWebKit/537.36 (KHTML, like Gecko) Chrome/144.0.7559.132 Mobile Safari/537.36 (compatible; GoogleOther)"
136.119.129.236 - - [28/Feb/2026:14:32:13 +0100] "HEAD /robots.txt HTTP/1.1" 304 5467 "-" "Mozilla/5.0 (X11; Linux x86_64) AppleWebKit/537.36 (KHTML, like Gecko) Chrome/136.0.0.0 Safari/537.36"
156.17.87.172 - - [28/Feb/2026:14:32:14 +0100] "POST /wp-cron.php?doing_wp_cron=1772285534.8320760726928710937500 HTTP/1.1" 200 5608 "https://logopedia.uni.wroc.pl/wp-cron.php?doing_wp_cron=1772285534.8320760726928710937500" "WordPress/6.0.11; https://logopedia.uni.wroc.pl"
23.236.55.230 - - [28/Feb/2026:14:32:14 +0100] "HEAD /wykladowcy/mgr-anna-plonka HTTP/1.1" 301 5636 "-" "Mozilla/5.0 (X11; Linux x86_64) AppleWebKit/537.36 (KHTML, like Gecko) Chrome/136.0.0.0 Safari/537.36"
23.236.55.230 - - [28/Feb/2026:14:32:15 +0100] "GET /wykladowcy/mgr-anna-plonka HTTP/1.1" 301 340 "-" "Mozilla/5.0 (X11; Linux x86_64) AppleWebKit/537.36 (KHTML, like Gecko) Chrome/136.0.0.0 Safari/537.36"
114.119.139.43 - - [28/Feb/2026:14:32:38 +0100] "GET /aktualnosci/swiateczne-i-noworoczne-zyczenia/ HTTP/1.1" 200 17047 "https://logopedia.uni.wroc.pl/category/aktualnosci/page/18/" "Mozilla/5.0 (Linux; Android 7.0;) AppleWebKit/537.36 (KHTML, like Gecko) Mobile Safari/537.36 (compatible; PetalBot;+https://webmaster.petalsearch.com/site/petalbot)"
66.249.77.3 - - [28/Feb/2026:14:33:02 +0100] "GET /sitemap.xml HTTP/1.1" 301 614 "-" "Mozilla/5.0 (compatible; Googlebot/2.1; +http://www.google.com/bot.html)"
66.249.77.12 - - [28/Feb/2026:14:33:03 +0100] "GET /sitemap.xml HTTP/1.1" 200 6086 "-" "Mozilla/5.0 (compatible; Googlebot/2.1; +http://www.google.com/bot.html)"
156.17.87.172 - - [28/Feb/2026:14:35:55 +0100] "POST /wp-cron.php?doing_wp_cron=1772285755.8429379463195800781250 HTTP/1.1" 200 5608 "https://logopedia.uni.wroc.pl/wp-cron.php?doing_wp_cron=1772285755.8429379463195800781250" "WordPress/6.0.11; https://logopedia.uni.wroc.pl"
52.167.144.166 - - [28/Feb/2026:14:35:55 +0100] "GET /wykladowcy/dr-hab-barbara-winczura/ HTTP/1.1" 200 18472 "-" "Mozilla/5.0 AppleWebKit/537.36 (KHTML, like Gecko; compatible; bingbot/2.0; +http://www.bing.com/bingbot.htm) Chrome/116.0.1938.76 Safari/537.36"
95.108.213.173 - - [28/Feb/2026:14:38:01 +0100] "GET /robots.txt HTTP/1.1" 200 5641 "-" "Mozilla/5.0 (compatible; YandexBot/3.0; +http://yandex.com/bots)"
87.250.224.40 - - [28/Feb/2026:14:38:01 +0100] "GET /manual/tr/mod/mod_lbmethod_heartbeat.html HTTP/1.1" 200 8472 "-" "Mozilla/5.0 (compatible; YandexBot/3.0; +http://yandex.com/bots)"
156.17.87.172 - - [28/Feb/2026:14:38:40 +0100] "POST /wp-cron.php?doing_wp_cron=1772285920.4846410751342773437500 HTTP/1.1" 200 5608 "https://logopedia.uni.wroc.pl/wp-cron.php?doing_wp_cron=1772285920.4846410751342773437500" "WordPress/6.0.11; https://logopedia.uni.wroc.pl"
31.60.72.220 - - [28/Feb/2026:14:38:39 +0100] "GET /aktualnosci/zajecia/harmonogramy-zajec/ HTTP/1.1" 200 17404 "https://www.google.com/" "Mozilla/5.0 (Windows NT 10.0; Win64; x64) AppleWebKit/537.36 (KHTML, like Gecko) Chrome/145.0.0.0 Safari/537.36"
31.60.72.220 - - [28/Feb/2026:14:38:53 +0100] "GET /wp-includes/css/dist/block-library/style.min.css?ver=6.0.11 HTTP/1.1" 200 17647 "https://logopedia.uni.wroc.pl/aktualnosci/zajecia/harmonogramy-zajec/" "Mozilla/5.0 (Windows NT 10.0; Win64; x64) AppleWebKit/537.36 (KHTML, like Gecko) Chrome/145.0.0.0 Safari/537.36"
31.60.72.220 - - [28/Feb/2026:14:38:53 +0100] "GET /wp-includes/js/mediaelement/mediaelementplayer-legacy.min.css?ver=4.2.16 HTTP/1.1" 200 3016 "https://logopedia.uni.wroc.pl/aktualnosci/zajecia/harmonogramy-zajec/" "Mozilla/5.0 (Windows NT 10.0; Win64; x64) AppleWebKit/537.36 (KHTML, like Gecko) Chrome/145.0.0.0 Safari/537.36"
31.60.72.220 - - [28/Feb/2026:14:38:53 +0100] "GET /wp-includes/js/mediaelement/wp-mediaelement.min.css?ver=6.0.11 HTTP/1.1" 200 1675 "https://logopedia.uni.wroc.pl/aktualnosci/zajecia/harmonogramy-zajec/" "Mozilla/5.0 (Windows NT 10.0; Win64; x64) AppleWebKit/537.36 (KHTML, like Gecko) Chrome/145.0.0.0 Safari/537.36"
31.60.72.220 - - [28/Feb/2026:14:38:56 +0100] "GET /wp-content/themes/customify/style.min.css?ver=0.4.6 HTTP/1.1" 200 22191 "https://logopedia.uni.wroc.pl/aktualnosci/zajecia/harmonogramy-zajec/" "Mozilla/5.0 (Windows NT 10.0; Win64; x64) AppleWebKit/537.36 (KHTML, like Gecko) Chrome/145.0.0.0 Safari/537.36"
31.60.72.220 - - [28/Feb/2026:14:38:56 +0100] "GET /wp-content/plugins/jetpack/css/jetpack.css?ver=11.5.3 HTTP/1.1" 200 17122 "https://logopedia.uni.wroc.pl/aktualnosci/zajecia/harmonogramy-zajec/" "Mozilla/5.0 (Windows NT 10.0; Win64; x64) AppleWebKit/537.36 (KHTML, like Gecko) Chrome/145.0.0.0 Safari/537.36"
31.60.72.220 - - [28/Feb/2026:14:38:56 +0100] "GET /wp-content/themes/customify/assets/fonts/font-awesome/css/font-awesome.min.css?ver=5.0.0 HTTP/1.1" 200 7477 "https://logopedia.uni.wroc.pl/aktualnosci/zajecia/harmonogramy-zajec/" "Mozilla/5.0 (Windows NT 10.0; Win64; x64) AppleWebKit/537.36 (KHTML, like Gecko) Chrome/145.0.0.0 Safari/537.36"
31.60.72.220 - - [28/Feb/2026:14:38:56 +0100] "GET /wp-content/uploads/2022/10/UWr-logo2a.png HTTP/1.1" 200 34648 "https://logopedia.uni.wroc.pl/aktualnosci/zajecia/harmonogramy-zajec/" "Mozilla/5.0 (Windows NT 10.0; Win64; x64) AppleWebKit/537.36 (KHTML, like Gecko) Chrome/145.0.0.0 Safari/537.36"
31.60.72.220 - - [28/Feb/2026:14:38:56 +0100] "GET /wp-content/plugins/facebook-pagelike-widget/loader.gif HTTP/1.1" 200 8582 "https://logopedia.uni.wroc.pl/aktualnosci/zajecia/harmonogramy-zajec/" "Mozilla/5.0 (Windows NT 10.0; Win64; x64) AppleWebKit/537.36 (KHTML, like Gecko) Chrome/145.0.0.0 Safari/537.36"
31.60.72.220 - - [28/Feb/2026:14:38:56 +0100] "GET /wp-content/uploads/2020/01/cropped-Logo.png HTTP/1.1" 200 77516 "https://logopedia.uni.wroc.pl/aktualnosci/zajecia/harmonogramy-zajec/" "Mozilla/5.0 (Windows NT 10.0; Win64; x64) AppleWebKit/537.36 (KHTML, like Gecko) Chrome/145.0.0.0 Safari/537.36"
31.60.72.220 - - [28/Feb/2026:14:38:56 +0100] "GET /wp-content/themes/customify/assets/js/theme.min.js?ver=0.4.6 HTTP/1.1" 200 4192 "https://logopedia.uni.wroc.pl/aktualnosci/zajecia/harmonogramy-zajec/" "Mozilla/5.0 (Windows NT 10.0; Win64; x64) AppleWebKit/537.36 (KHTML, like Gecko) Chrome/145.0.0.0 Safari/537.36"
31.60.72.220 - - [28/Feb/2026:14:38:56 +0100] "GET /wp-includes/js/jquery/jquery.min.js?ver=3.6.0 HTTP/1.1" 200 31435 "https://logopedia.uni.wroc.pl/aktualnosci/zajecia/harmonogramy-zajec/" "Mozilla/5.0 (Windows NT 10.0; Win64; x64) AppleWebKit/537.36 (KHTML, like Gecko) Chrome/145.0.0.0 Safari/537.36"
31.60.72.220 - - [28/Feb/2026:14:38:56 +0100] "GET /wp-includes/js/jquery/jquery-migrate.min.js?ver=3.3.2 HTTP/1.1" 200 4607 "https://logopedia.uni.wroc.pl/aktualnosci/zajecia/harmonogramy-zajec/" "Mozilla/5.0 (Windows NT 10.0; Win64; x64) AppleWebKit/537.36 (KHTML, like Gecko) Chrome/145.0.0.0 Safari/537.36"
31.60.72.220 - - [28/Feb/2026:14:38:57 +0100] "GET /wp-content/plugins/facebook-pagelike-widget/fb.js?ver=1.0 HTTP/1.1" 200 464 "https://logopedia.uni.wroc.pl/aktualnosci/zajecia/harmonogramy-zajec/" "Mozilla/5.0 (Windows NT 10.0; Win64; x64) AppleWebKit/537.36 (KHTML, like Gecko) Chrome/145.0.0.0 Safari/537.36"
31.60.72.220 - - [28/Feb/2026:14:39:01 +0100] "GET /wp-includes/js/wp-emoji-release.min.js?ver=6.0.11 HTTP/1.1" 200 5447 "https://logopedia.uni.wroc.pl/aktualnosci/zajecia/harmonogramy-zajec/" "Mozilla/5.0 (Windows NT 10.0; Win64; x64) AppleWebKit/537.36 (KHTML, like Gecko) Chrome/145.0.0.0 Safari/537.36"
31.60.72.220 - - [28/Feb/2026:14:39:05 +0100] "GET /wp-content/themes/customify/assets/fonts/font-awesome/fonts/fontawesome-webfont.woff2?v=4.7.0 HTTP/1.1" 200 77597 "https://logopedia.uni.wroc.pl/wp-content/themes/customify/assets/fonts/font-awesome/css/font-awesome.min.css?ver=5.0.0" "Mozilla/5.0 (Windows NT 10.0; Win64; x64) AppleWebKit/537.36 (KHTML, like Gecko) Chrome/145.0.0.0 Safari/537.36"
156.17.87.172 - - [28/Feb/2026:14:40:31 +0100] "POST /wp-cron.php?doing_wp_cron=1772286031.6123011112213134765625 HTTP/1.1" 200 5608 "https://logopedia.uni.wroc.pl/wp-cron.php?doing_wp_cron=1772286031.6123011112213134765625" "WordPress/6.0.11; https://logopedia.uni.wroc.pl"
136.119.129.236 - - [28/Feb/2026:14:40:31 +0100] "HEAD /aktualnosci/prosba-do-logopedow-o-udzial-w-badaniu-ankietowym HTTP/1.1" 301 5671 "-" "Mozilla/5.0 (X11; Linux x86_64) AppleWebKit/537.36 (KHTML, like Gecko) Chrome/136.0.0.0 Safari/537.36"
136.119.129.236 - - [28/Feb/2026:14:40:31 +0100] "GET /aktualnosci/prosba-do-logopedow-o-udzial-w-badaniu-ankietowym HTTP/1.1" 301 375 "-" "Mozilla/5.0 (X11; Linux x86_64) AppleWebKit/537.36 (KHTML, like Gecko) Chrome/136.0.0.0 Safari/537.36"
136.119.129.236 - - [28/Feb/2026:14:40:31 +0100] "HEAD /category/wykladowcy/page/6 HTTP/1.1" 301 5582 "-" "Mozilla/5.0 (X11; Linux x86_64) AppleWebKit/537.36 (KHTML, like Gecko) Chrome/136.0.0.0 Safari/537.36"
136.119.129.236 - - [28/Feb/2026:14:40:32 +0100] "GET /category/wykladowcy/page/6 HTTP/1.1" 301 286 "-" "Mozilla/5.0 (X11; Linux x86_64) AppleWebKit/537.36 (KHTML, like Gecko) Chrome/136.0.0.0 Safari/537.36"
156.17.87.172 - - [28/Feb/2026:14:41:46 +0100] "POST /wp-cron.php?doing_wp_cron=1772286106.3465299606323242187500 HTTP/1.1" 200 5608 "https://logopedia.uni.wroc.pl/wp-cron.php?doing_wp_cron=1772286106.3465299606323242187500" "WordPress/6.0.11; https://logopedia.uni.wroc.pl"
136.119.129.236 - - [28/Feb/2026:14:41:45 +0100] "HEAD /wykladowcy/dr-hab-barbara-winczura HTTP/1.1" 301 5644 "-" "Mozilla/5.0 (X11; Linux x86_64) AppleWebKit/537.36 (KHTML, like Gecko) Chrome/136.0.0.0 Safari/537.36"
136.119.129.236 - - [28/Feb/2026:14:41:46 +0100] "GET /wykladowcy/dr-hab-barbara-winczura HTTP/1.1" 301 348 "-" "Mozilla/5.0 (X11; Linux x86_64) AppleWebKit/537.36 (KHTML, like Gecko) Chrome/136.0.0.0 Safari/537.36"
136.119.129.236 - - [28/Feb/2026:14:41:47 +0100] "HEAD /wykladowcy/dr-izabela-witkowska HTTP/1.1" 301 5641 "-" "Mozilla/5.0 (X11; Linux x86_64) AppleWebKit/537.36 (KHTML, like Gecko) Chrome/136.0.0.0 Safari/537.36"
136.119.129.236 - - [28/Feb/2026:14:41:48 +0100] "GET /wykladowcy/dr-izabela-witkowska HTTP/1.1" 301 345 "-" "Mozilla/5.0 (X11; Linux x86_64) AppleWebKit/537.36 (KHTML, like Gecko) Chrome/136.0.0.0 Safari/537.36"
23.236.55.230 - - [28/Feb/2026:14:41:51 +0100] "HEAD /wykladowcy/dr-hab-jolanta-panasiuk-prof-umcs HTTP/1.1" 301 5654 "-" "Mozilla/5.0 (X11; Linux x86_64) AppleWebKit/537.36 (KHTML, like Gecko) Chrome/136.0.0.0 Safari/537.36"
23.236.55.230 - - [28/Feb/2026:14:41:52 +0100] "GET /wykladowcy/dr-hab-jolanta-panasiuk-prof-umcs HTTP/1.1" 301 358 "-" "Mozilla/5.0 (X11; Linux x86_64) AppleWebKit/537.36 (KHTML, like Gecko) Chrome/136.0.0.0 Safari/537.36"
23.236.55.230 - - [28/Feb/2026:14:43:09 +0100] "HEAD /aktualnosci/studiuj-logopedie-na-uwr HTTP/1.1" 301 5646 "-" "Mozilla/5.0 (X11; Linux x86_64) AppleWebKit/537.36 (KHTML, like Gecko) Chrome/136.0.0.0 Safari/537.36"
23.236.55.230 - - [28/Feb/2026:14:43:10 +0100] "GET /aktualnosci/studiuj-logopedie-na-uwr HTTP/1.1" 301 350 "-" "Mozilla/5.0 (X11; Linux x86_64) AppleWebKit/537.36 (KHTML, like Gecko) Chrome/136.0.0.0 Safari/537.36"
66.249.81.161 - - [28/Feb/2026:14:43:19 +0100] "GET /.well-known/traffic-advice HTTP/1.1" 404 53813 "-" "Chrome Privacy Preserving Prefetch Proxy"
193.186.4.118 - - [28/Feb/2026:14:43:19 +0100] "GET /neurologopedia/ HTTP/1.1" 200 16727 "https://www.google.com/" "Mozilla/5.0 (Linux; Android 10; K) AppleWebKit/537.36 (KHTML, like Gecko) Chrome/145.0.0.0 Mobile Safari/537.36"
5.255.231.189 - - [28/Feb/2026:14:44:19 +0100] "GET /manual/en/developer/new_api_2_4.html HTTP/1.1" 200 15091 "-" "Mozilla/5.0 (compatible; YandexBot/3.0; +http://yandex.com/bots)"
162.120.187.35 - - [28/Feb/2026:14:44:28 +0100] "GET /pierwsze-logowanie/ HTTP/1.1" 200 16841 "https://www.google.com/" "Mozilla/5.0 (Linux; Android 10; K) AppleWebKit/537.36 (KHTML, like Gecko) Chrome/144.0.0.0 Mobile Safari/537.36"
162.120.188.249 - - [28/Feb/2026:14:44:30 +0100] "GET /pierwsze-logowanie/ HTTP/1.1" 200 16841 "https://www.google.com/" "Mozilla/5.0 (Linux; Android 10; K) AppleWebKit/537.36 (KHTML, like Gecko) Chrome/144.0.0.0 Mobile Safari/537.36"
193.186.4.46 - - [28/Feb/2026:14:44:31 +0100] "GET / HTTP/1.1" 200 17551 "https://www.google.com/" "Mozilla/5.0 (Linux; Android 10; K) AppleWebKit/537.36 (KHTML, like Gecko) Chrome/144.0.0.0 Mobile Safari/537.36"
37.248.217.213 - - [28/Feb/2026:14:44:54 +0100] "GET /harmonogramy-zajec/ HTTP/1.1" 200 16905 "-" "Mozilla/5.0 (iPhone; CPU iPhone OS 18_4 like Mac OS X) AppleWebKit/605.1.15 (KHTML, like Gecko) Version/18.4 Mobile/15E148 Safari/604.1"
