5.173.145.23 - - [28/Feb/2026:16:50:21 +0100] "GET /wp-content/uploads/2022/09/Lucyna-3.jpg HTTP/1.1" 200 84747 "https://logopedia.uni.wroc.pl/wykladowcy/" "Mozilla/5.0 (Linux; Android 10; K) AppleWebKit/537.36 (KHTML, like Gecko) Chrome/145.0.0.0 Mobile Safari/537.36"
5.173.145.23 - - [28/Feb/2026:16:50:21 +0100] "GET /wp-content/uploads/2020/01/018.jpg HTTP/1.1" 200 551078 "https://logopedia.uni.wroc.pl/wykladowcy/" "Mozilla/5.0 (Linux; Android 10; K) AppleWebKit/537.36 (KHTML, like Gecko) Chrome/145.0.0.0 Mobile Safari/537.36"
5.173.145.23 - - [28/Feb/2026:16:50:22 +0100] "GET /wp-content/uploads/2021/12/Jola.jpg HTTP/1.1" 200 6011 "https://logopedia.uni.wroc.pl/wykladowcy/" "Mozilla/5.0 (Linux; Android 10; K) AppleWebKit/537.36 (KHTML, like Gecko) Chrome/145.0.0.0 Mobile Safari/537.36"
5.173.145.23 - - [28/Feb/2026:16:50:24 +0100] "GET /wp-content/uploads/2020/01/cropped-ikona-192x192.png HTTP/1.1" 200 16184 "https://logopedia.uni.wroc.pl/wykladowcy/" "Mozilla/5.0 (Linux; Android 10; K) AppleWebKit/537.36 (KHTML, like Gecko) Chrome/145.0.0.0 Mobile Safari/537.36"
5.173.145.23 - - [28/Feb/2026:16:50:24 +0100] "GET /wp-content/uploads/2020/01/cropped-ikona-180x180.png HTTP/1.1" 200 14978 "https://logopedia.uni.wroc.pl/wykladowcy/" "Mozilla/5.0 (Linux; Android 10; K) AppleWebKit/537.36 (KHTML, like Gecko) Chrome/145.0.0.0 Mobile Safari/537.36"
5.173.145.23 - - [28/Feb/2026:16:50:31 +0100] "GET /wp-content/uploads/2021/09/Zosia-K.jpg HTTP/1.1" 200 93856 "https://logopedia.uni.wroc.pl/wykladowcy/" "Mozilla/5.0 (Linux; Android 10; K) AppleWebKit/537.36 (KHTML, like Gecko) Chrome/145.0.0.0 Mobile Safari/537.36"
156.17.87.172 - - [28/Feb/2026:16:51:00 +0100] "POST /wp-cron.php?doing_wp_cron=1772293860.1863939762115478515625 HTTP/1.1" 200 5608 "https://logopedia.uni.wroc.pl/wp-cron.php?doing_wp_cron=1772293860.1863939762115478515625" "WordPress/6.0.11; https://logopedia.uni.wroc.pl"
5.173.145.23 - - [28/Feb/2026:16:50:59 +0100] "GET /wykladowcy/page/2/ HTTP/1.1" 404 48470 "https://logopedia.uni.wroc.pl/wykladowcy/" "Mozilla/5.0 (Linux; Android 10; K) AppleWebKit/537.36 (KHTML, like Gecko) Chrome/145.0.0.0 Mobile Safari/537.36"
5.173.145.23 - - [28/Feb/2026:16:51:04 +0100] "GET /wykladowcy/dr-sofia-kaminska/ HTTP/1.1" 200 12626 "https://logopedia.uni.wroc.pl/wykladowcy/" "Mozilla/5.0 (Linux; Android 10; K) AppleWebKit/537.36 (KHTML, like Gecko) Chrome/145.0.0.0 Mobile Safari/537.36"
156.17.87.172 - - [28/Feb/2026:16:52:09 +0100] "POST /wp-cron.php?doing_wp_cron=1772293929.7320048809051513671875 HTTP/1.1" 200 5608 "https://logopedia.uni.wroc.pl/wp-cron.php?doing_wp_cron=1772293929.7320048809051513671875" "WordPress/6.0.11; https://logopedia.uni.wroc.pl"
5.173.145.23 - - [28/Feb/2026:16:52:09 +0100] "GET /wykladowcy/page/2/ HTTP/1.1" 404 48470 "https://logopedia.uni.wroc.pl/wykladowcy/" "Mozilla/5.0 (Linux; Android 10; K) AppleWebKit/537.36 (KHTML, like Gecko) Chrome/145.0.0.0 Mobile Safari/537.36"
5.173.145.23 - - [28/Feb/2026:16:52:13 +0100] "GET /wykladowcy/page/2/ HTTP/1.1" 404 48317 "https://logopedia.uni.wroc.pl/wykladowcy/" "Mozilla/5.0 (Linux; Android 10; K) AppleWebKit/537.36 (KHTML, like Gecko) Chrome/145.0.0.0 Mobile Safari/537.36"
5.173.145.23 - - [28/Feb/2026:16:52:21 +0100] "GET /wykladowcy/mgr-jolanta-skowronek/ HTTP/1.1" 200 12080 "https://logopedia.uni.wroc.pl/wykladowcy/" "Mozilla/5.0 (Linux; Android 10; K) AppleWebKit/537.36 (KHTML, like Gecko) Chrome/145.0.0.0 Mobile Safari/537.36"
5.173.160.25 - - [28/Feb/2026:16:55:01 +0100] "GET /aktualnosci/zaproszenie-na-konferencje-do-krakowa-2/ HTTP/1.1" 200 17863 "https://www.google.com/" "Mozilla/5.0 (Windows NT 10.0; Win64; x64) AppleWebKit/537.36 (KHTML, like Gecko) Chrome/145.0.0.0 Safari/537.36 Edg/145.0.0.0"
5.173.160.25 - - [28/Feb/2026:16:55:02 +0100] "GET /wp-includes/css/dist/block-library/style.min.css?ver=6.0.11 HTTP/1.1" 200 17647 "https://logopedia.uni.wroc.pl/aktualnosci/zaproszenie-na-konferencje-do-krakowa-2/" "Mozilla/5.0 (Windows NT 10.0; Win64; x64) AppleWebKit/537.36 (KHTML, like Gecko) Chrome/145.0.0.0 Safari/537.36 Edg/145.0.0.0"
5.173.160.25 - - [28/Feb/2026:16:55:02 +0100] "GET /wp-includes/js/mediaelement/mediaelementplayer-legacy.min.css?ver=4.2.16 HTTP/1.1" 200 3016 "https://logopedia.uni.wroc.pl/aktualnosci/zaproszenie-na-konferencje-do-krakowa-2/" "Mozilla/5.0 (Windows NT 10.0; Win64; x64) AppleWebKit/537.36 (KHTML, like Gecko) Chrome/145.0.0.0 Safari/537.36 Edg/145.0.0.0"
5.173.160.25 - - [28/Feb/2026:16:55:02 +0100] "GET /wp-includes/js/mediaelement/wp-mediaelement.min.css?ver=6.0.11 HTTP/1.1" 200 1522 "https://logopedia.uni.wroc.pl/aktualnosci/zaproszenie-na-konferencje-do-krakowa-2/" "Mozilla/5.0 (Windows NT 10.0; Win64; x64) AppleWebKit/537.36 (KHTML, like Gecko) Chrome/145.0.0.0 Safari/537.36 Edg/145.0.0.0"
5.173.160.25 - - [28/Feb/2026:16:55:02 +0100] "GET /wp-content/themes/customify/assets/fonts/font-awesome/css/font-awesome.min.css?ver=5.0.0 HTTP/1.1" 200 7477 "https://logopedia.uni.wroc.pl/aktualnosci/zaproszenie-na-konferencje-do-krakowa-2/" "Mozilla/5.0 (Windows NT 10.0; Win64; x64) AppleWebKit/537.36 (KHTML, like Gecko) Chrome/145.0.0.0 Safari/537.36 Edg/145.0.0.0"
5.173.160.25 - - [28/Feb/2026:16:55:02 +0100] "GET /wp-content/plugins/jetpack/css/jetpack.css?ver=11.5.3 HTTP/1.1" 200 17122 "https://logopedia.uni.wroc.pl/aktualnosci/zaproszenie-na-konferencje-do-krakowa-2/" "Mozilla/5.0 (Windows NT 10.0; Win64; x64) AppleWebKit/537.36 (KHTML, like Gecko) Chrome/145.0.0.0 Safari/537.36 Edg/145.0.0.0"
5.173.160.25 - - [28/Feb/2026:16:55:02 +0100] "GET /wp-content/themes/customify/style.min.css?ver=0.4.6 HTTP/1.1" 200 22191 "https://logopedia.uni.wroc.pl/aktualnosci/zaproszenie-na-konferencje-do-krakowa-2/" "Mozilla/5.0 (Windows NT 10.0; Win64; x64) AppleWebKit/537.36 (KHTML, like Gecko) Chrome/145.0.0.0 Safari/537.36 Edg/145.0.0.0"
5.173.160.25 - - [28/Feb/2026:16:55:03 +0100] "GET /wp-content/uploads/2022/10/UWr-logo2a.png HTTP/1.1" 200 34801 "https://logopedia.uni.wroc.pl/aktualnosci/zaproszenie-na-konferencje-do-krakowa-2/" "Mozilla/5.0 (Windows NT 10.0; Win64; x64) AppleWebKit/537.36 (KHTML, like Gecko) Chrome/145.0.0.0 Safari/537.36 Edg/145.0.0.0"
5.173.160.25 - - [28/Feb/2026:16:55:03 +0100] "GET /wp-content/plugins/facebook-pagelike-widget/loader.gif HTTP/1.1" 200 8735 "https://logopedia.uni.wroc.pl/aktualnosci/zaproszenie-na-konferencje-do-krakowa-2/" "Mozilla/5.0 (Windows NT 10.0; Win64; x64) AppleWebKit/537.36 (KHTML, like Gecko) Chrome/145.0.0.0 Safari/537.36 Edg/145.0.0.0"
5.173.160.25 - - [28/Feb/2026:16:55:03 +0100] "GET /wp-content/themes/customify/assets/js/theme.min.js?ver=0.4.6 HTTP/1.1" 200 4192 "https://logopedia.uni.wroc.pl/aktualnosci/zaproszenie-na-konferencje-do-krakowa-2/" "Mozilla/5.0 (Windows NT 10.0; Win64; x64) AppleWebKit/537.36 (KHTML, like Gecko) Chrome/145.0.0.0 Safari/537.36 Edg/145.0.0.0"
5.173.160.25 - - [28/Feb/2026:16:55:03 +0100] "GET /wp-includes/js/jquery/jquery.min.js?ver=3.6.0 HTTP/1.1" 200 31435 "https://logopedia.uni.wroc.pl/aktualnosci/zaproszenie-na-konferencje-do-krakowa-2/" "Mozilla/5.0 (Windows NT 10.0; Win64; x64) AppleWebKit/537.36 (KHTML, like Gecko) Chrome/145.0.0.0 Safari/537.36 Edg/145.0.0.0"
5.173.160.25 - - [28/Feb/2026:16:55:03 +0100] "GET /wp-includes/js/jquery/jquery-migrate.min.js?ver=3.3.2 HTTP/1.1" 200 4607 "https://logopedia.uni.wroc.pl/aktualnosci/zaproszenie-na-konferencje-do-krakowa-2/" "Mozilla/5.0 (Windows NT 10.0; Win64; x64) AppleWebKit/537.36 (KHTML, like Gecko) Chrome/145.0.0.0 Safari/537.36 Edg/145.0.0.0"
5.173.160.25 - - [28/Feb/2026:16:55:03 +0100] "GET /wp-content/plugins/facebook-pagelike-widget/fb.js?ver=1.0 HTTP/1.1" 200 464 "https://logopedia.uni.wroc.pl/aktualnosci/zaproszenie-na-konferencje-do-krakowa-2/" "Mozilla/5.0 (Windows NT 10.0; Win64; x64) AppleWebKit/537.36 (KHTML, like Gecko) Chrome/145.0.0.0 Safari/537.36 Edg/145.0.0.0"
5.173.160.25 - - [28/Feb/2026:16:55:03 +0100] "GET /wp-includes/js/wp-emoji-release.min.js?ver=6.0.11 HTTP/1.1" 200 5447 "https://logopedia.uni.wroc.pl/aktualnosci/zaproszenie-na-konferencje-do-krakowa-2/" "Mozilla/5.0 (Windows NT 10.0; Win64; x64) AppleWebKit/537.36 (KHTML, like Gecko) Chrome/145.0.0.0 Safari/537.36 Edg/145.0.0.0"
5.173.160.25 - - [28/Feb/2026:16:55:02 +0100] "GET /wp-content/uploads/2020/01/cropped-Logo.png HTTP/1.1" 200 77669 "https://logopedia.uni.wroc.pl/aktualnosci/zaproszenie-na-konferencje-do-krakowa-2/" "Mozilla/5.0 (Windows NT 10.0; Win64; x64) AppleWebKit/537.36 (KHTML, like Gecko) Chrome/145.0.0.0 Safari/537.36 Edg/145.0.0.0"
5.173.160.25 - - [28/Feb/2026:16:55:03 +0100] "GET /wp-content/themes/customify/assets/fonts/font-awesome/fonts/fontawesome-webfont.woff2?v=4.7.0 HTTP/1.1" 200 77597 "https://logopedia.uni.wroc.pl/wp-content/themes/customify/assets/fonts/font-awesome/css/font-awesome.min.css?ver=5.0.0" "Mozilla/5.0 (Windows NT 10.0; Win64; x64) AppleWebKit/537.36 (KHTML, like Gecko) Chrome/145.0.0.0 Safari/537.36 Edg/145.0.0.0"
5.173.160.25 - - [28/Feb/2026:16:55:06 +0100] "GET /wp-content/uploads/2020/01/cropped-ikona-32x32.png HTTP/1.1" 200 2406 "https://logopedia.uni.wroc.pl/aktualnosci/zaproszenie-na-konferencje-do-krakowa-2/" "Mozilla/5.0 (Windows NT 10.0; Win64; x64) AppleWebKit/537.36 (KHTML, like Gecko) Chrome/145.0.0.0 Safari/537.36 Edg/145.0.0.0"
85.208.96.196 - - [28/Feb/2026:17:03:55 +0100] "GET /robots.txt HTTP/1.1" 200 5784 "-" "Mozilla/5.0 (compatible; SemrushBot/7~bl; +http://www.semrush.com/bot.html)"
156.17.87.172 - - [28/Feb/2026:17:03:56 +0100] "POST /wp-cron.php?doing_wp_cron=1772294636.4447839260101318359375 HTTP/1.1" 200 5608 "https://logopedia.uni.wroc.pl/wp-cron.php?doing_wp_cron=1772294636.4447839260101318359375" "WordPress/6.0.11; https://logopedia.uni.wroc.pl"
85.208.96.193 - - [28/Feb/2026:17:03:55 +0100] "GET /wydarzenia/miedzynarodowy-dzien-swiadomosci-jakania-na-uniwersytecie-slaskim/ HTTP/1.1" 200 17650 "-" "Mozilla/5.0 (compatible; SemrushBot/7~bl; +http://www.semrush.com/bot.html)"
199.102.106.94 - - [28/Feb/2026:17:10:00 +0100] "GET /wykladowcy/dr-hab-malgorzata-dawidziak-kladoczna/ HTTP/1.1" 301 690 "http://logopedia.uni.wroc.pl/" "Mozilla/5.0 (Windows NT 10.0; WOW64; x64) AppleWebKit/537.36 (KHTML, like Gecko) Chrome/114.0.0.0 Safari/537.36 OPR/89.0.4447.51"
156.17.87.172 - - [28/Feb/2026:17:10:03 +0100] "POST /wp-cron.php?doing_wp_cron=1772295003.9276530742645263671875 HTTP/1.1" 200 5608 "https://logopedia.uni.wroc.pl/wp-cron.php?doing_wp_cron=1772295003.9276530742645263671875" "WordPress/6.0.11; https://logopedia.uni.wroc.pl"
199.102.106.94 - - [28/Feb/2026:17:10:03 +0100] "GET /wykladowcy/dr-hab-malgorzata-dawidziak-kladoczna/ HTTP/1.1" 200 62684 "http://logopedia.uni.wroc.pl/wykladowcy/dr-hab-malgorzata-dawidziak-kladoczna/" "Mozilla/5.0 (Windows NT 10.0; WOW64; x64) AppleWebKit/537.36 (KHTML, like Gecko) Chrome/114.0.0.0 Safari/537.36 OPR/89.0.4447.51"
199.102.106.94 - - [28/Feb/2026:17:10:07 +0100] "GET /wp-admin/ HTTP/1.1" 301 610 "https://logopedia.uni.wroc.pl/wykladowcy/dr-hab-malgorzata-dawidziak-kladoczna/" "Mozilla/5.0 (Windows NT 6.3; Win64; x64) AppleWebKit/537.36 (KHTML, like Gecko) Chrome/103.0.0.0 Safari/537.36"
199.102.106.94 - - [28/Feb/2026:17:10:11 +0100] "GET /wp-admin/ HTTP/1.1" 302 616 "http://logopedia.uni.wroc.pl/wp-admin/" "Mozilla/5.0 (Windows NT 6.3; Win64; x64) AppleWebKit/537.36 (KHTML, like Gecko) Chrome/103.0.0.0 Safari/537.36"
199.102.106.94 - - [28/Feb/2026:17:10:14 +0100] "GET /wp-login.php?redirect_to=https%3A%2F%2Flogopedia.uni.wroc.pl%2Fwp-admin%2F&reauth=1 HTTP/1.1" 200 13346 "https://logopedia.uni.wroc.pl/wp-admin/" "Mozilla/5.0 (Windows NT 6.3; Win64; x64) AppleWebKit/537.36 (KHTML, like Gecko) Chrome/103.0.0.0 Safari/537.36"
199.102.106.94 - - [28/Feb/2026:17:10:17 +0100] "GET /wp-login.php?action=lostpassword HTTP/1.1" 200 5466 "https://logopedia.uni.wroc.pl/wp-login.php?redirect_to=https%3A%2F%2Flogopedia.uni.wroc.pl%2Fwp-admin%2F&reauth=1" "Mozilla/5.0 (Windows NT 6.3; Win64; x64) AppleWebKit/537.36 (KHTML, like Gecko) Chrome/103.0.0.0 Safari/537.36"
199.102.106.94 - - [28/Feb/2026:17:10:19 +0100] "GET /wykladowcy/dr-hab-malgorzata-dawidziak-kladoczna/ HTTP/1.1" 301 690 "http://logopedia.uni.wroc.pl/wykladowcy/dr-hab-malgorzata-dawidziak-kladoczna/" "PHP/{5|6|7}.{3|2}.{1|2|3|4|5|6|7|8|9|0}{1|2|3|4|5|6|7|8|9|0}"
156.17.87.172 - - [28/Feb/2026:17:10:23 +0100] "POST /wp-cron.php?doing_wp_cron=1772295023.3467180728912353515625 HTTP/1.1" 200 5608 "https://logopedia.uni.wroc.pl/wp-cron.php?doing_wp_cron=1772295023.3467180728912353515625" "WordPress/6.0.11; https://logopedia.uni.wroc.pl"
199.102.106.94 - - [28/Feb/2026:17:10:22 +0100] "GET /wykladowcy/dr-hab-malgorzata-dawidziak-kladoczna/ HTTP/1.1" 200 57521 "http://logopedia.uni.wroc.pl/wykladowcy/dr-hab-malgorzata-dawidziak-kladoczna/" "PHP/{5|6|7}.{3|2}.{1|2|3|4|5|6|7|8|9|0}{1|2|3|4|5|6|7|8|9|0}"
199.102.106.94 - - [28/Feb/2026:17:10:32 +0100] "POST /xmlrpc.php HTTP/1.1" 200 780 "https://logopedia.uni.wroc.pl/wykladowcy/dr-hab-malgorzata-dawidziak-kladoczna/" "PHP/7.2.84"
20.191.45.212 - - [28/Feb/2026:17:19:15 +0100] "GET / HTTP/1.1" 301 555 "-" "DuckDuckBot/1.1; (+http://duckduckgo.com/duckduckbot.html)"
156.17.87.172 - - [28/Feb/2026:17:19:16 +0100] "POST /wp-cron.php?doing_wp_cron=1772295556.6999869346618652343750 HTTP/1.1" 200 5608 "https://logopedia.uni.wroc.pl/wp-cron.php?doing_wp_cron=1772295556.6999869346618652343750" "WordPress/6.0.11; https://logopedia.uni.wroc.pl"
20.191.45.212 - - [28/Feb/2026:17:19:15 +0100] "GET / HTTP/1.1" 200 17304 "http://logopedia.uni.wroc.pl" "DuckDuckBot/1.1; (+http://duckduckgo.com/duckduckbot.html)"
20.191.45.212 - - [28/Feb/2026:17:19:17 +0100] "GET /wp-content/uploads/2020/01/cropped-ikona-32x32.png HTTP/1.1" 200 7670 "-" "DuckDuckBot/1.1; (+http://duckduckgo.com/duckduckbot.html)"
85.208.96.195 - - [28/Feb/2026:17:19:40 +0100] "GET /author/annamajewskatworek/page/25/ HTTP/1.1" 200 17786 "-" "Mozilla/5.0 (compatible; SemrushBot/7~bl; +http://www.semrush.com/bot.html)"
216.244.66.232 - - [28/Feb/2026:17:22:05 +0100] "GET /robots.txt HTTP/1.1" 301 556 "-" "Mozilla/5.0 (compatible; DotBot/1.2; +https://opensiteexplorer.org/dotbot; help@moz.com)"
216.244.66.232 - - [28/Feb/2026:17:22:06 +0100] "GET /robots.txt HTTP/1.1" 200 5575 "-" "Mozilla/5.0 (compatible; DotBot/1.2; +https://opensiteexplorer.org/dotbot; help@moz.com)"
156.17.87.172 - - [28/Feb/2026:17:23:23 +0100] "POST /wp-cron.php?doing_wp_cron=1772295803.3189129829406738281250 HTTP/1.1" 200 5608 "https://logopedia.uni.wroc.pl/wp-cron.php?doing_wp_cron=1772295803.3189129829406738281250" "WordPress/6.0.11; https://logopedia.uni.wroc.pl"
46.112.91.79 - - [28/Feb/2026:17:23:22 +0100] "GET /aktualnosci/zaproszenie-na-konferencje-do-krakowa-2/ HTTP/1.1" 200 17863 "https://www.google.com/" "Mozilla/5.0 (Linux; Android 10; K) AppleWebKit/537.36 (KHTML, like Gecko) Chrome/145.0.0.0 Mobile Safari/537.36"
46.112.91.79 - - [28/Feb/2026:17:23:23 +0100] "GET /wp-includes/js/mediaelement/wp-mediaelement.min.css?ver=6.0.11 HTTP/1.1" 200 1675 "https://logopedia.uni.wroc.pl/aktualnosci/zaproszenie-na-konferencje-do-krakowa-2/" "Mozilla/5.0 (Linux; Android 10; K) AppleWebKit/537.36 (KHTML, like Gecko) Chrome/145.0.0.0 Mobile Safari/537.36"
46.112.91.79 - - [28/Feb/2026:17:23:23 +0100] "GET /wp-includes/js/mediaelement/mediaelementplayer-legacy.min.css?ver=4.2.16 HTTP/1.1" 200 3169 "https://logopedia.uni.wroc.pl/aktualnosci/zaproszenie-na-konferencje-do-krakowa-2/" "Mozilla/5.0 (Linux; Android 10; K) AppleWebKit/537.36 (KHTML, like Gecko) Chrome/145.0.0.0 Mobile Safari/537.36"
46.112.91.79 - - [28/Feb/2026:17:23:23 +0100] "GET /wp-includes/css/dist/block-library/style.min.css?ver=6.0.11 HTTP/1.1" 200 12289 "https://logopedia.uni.wroc.pl/aktualnosci/zaproszenie-na-konferencje-do-krakowa-2/" "Mozilla/5.0 (Linux; Android 10; K) AppleWebKit/537.36 (KHTML, like Gecko) Chrome/145.0.0.0 Mobile Safari/537.36"
46.112.91.79 - - [28/Feb/2026:17:23:23 +0100] "GET /wp-content/themes/customify/assets/fonts/font-awesome/css/font-awesome.min.css?ver=5.0.0 HTTP/1.1" 200 7630 "https://logopedia.uni.wroc.pl/aktualnosci/zaproszenie-na-konferencje-do-krakowa-2/" "Mozilla/5.0 (Linux; Android 10; K) AppleWebKit/537.36 (KHTML, like Gecko) Chrome/145.0.0.0 Mobile Safari/537.36"
46.112.91.79 - - [28/Feb/2026:17:23:23 +0100] "GET /wp-content/uploads/2022/10/UWr-logo2a.png HTTP/1.1" 200 34648 "https://logopedia.uni.wroc.pl/aktualnosci/zaproszenie-na-konferencje-do-krakowa-2/" "Mozilla/5.0 (Linux; Android 10; K) AppleWebKit/537.36 (KHTML, like Gecko) Chrome/145.0.0.0 Mobile Safari/537.36"
46.112.91.79 - - [28/Feb/2026:17:23:23 +0100] "GET /wp-content/plugins/jetpack/css/jetpack.css?ver=11.5.3 HTTP/1.1" 200 17122 "https://logopedia.uni.wroc.pl/aktualnosci/zaproszenie-na-konferencje-do-krakowa-2/" "Mozilla/5.0 (Linux; Android 10; K) AppleWebKit/537.36 (KHTML, like Gecko) Chrome/145.0.0.0 Mobile Safari/537.36"
46.112.91.79 - - [28/Feb/2026:17:23:23 +0100] "GET /wp-content/themes/customify/style.min.css?ver=0.4.6 HTTP/1.1" 200 22344 "https://logopedia.uni.wroc.pl/aktualnosci/zaproszenie-na-konferencje-do-krakowa-2/" "Mozilla/5.0 (Linux; Android 10; K) AppleWebKit/537.36 (KHTML, like Gecko) Chrome/145.0.0.0 Mobile Safari/537.36"
46.112.91.79 - - [28/Feb/2026:17:23:23 +0100] "GET /wp-content/plugins/facebook-pagelike-widget/loader.gif HTTP/1.1" 200 8582 "https://logopedia.uni.wroc.pl/aktualnosci/zaproszenie-na-konferencje-do-krakowa-2/" "Mozilla/5.0 (Linux; Android 10; K) AppleWebKit/537.36 (KHTML, like Gecko) Chrome/145.0.0.0 Mobile Safari/537.36"
46.112.91.79 - - [28/Feb/2026:17:23:23 +0100] "GET /wp-content/themes/customify/assets/js/theme.min.js?ver=0.4.6 HTTP/1.1" 200 4192 "https://logopedia.uni.wroc.pl/aktualnosci/zaproszenie-na-konferencje-do-krakowa-2/" "Mozilla/5.0 (Linux; Android 10; K) AppleWebKit/537.36 (KHTML, like Gecko) Chrome/145.0.0.0 Mobile Safari/537.36"
46.112.91.79 - - [28/Feb/2026:17:23:23 +0100] "GET /wp-content/uploads/2020/01/cropped-Logo.png HTTP/1.1" 200 77516 "https://logopedia.uni.wroc.pl/aktualnosci/zaproszenie-na-konferencje-do-krakowa-2/" "Mozilla/5.0 (Linux; Android 10; K) AppleWebKit/537.36 (KHTML, like Gecko) Chrome/145.0.0.0 Mobile Safari/537.36"
46.112.91.79 - - [28/Feb/2026:17:23:23 +0100] "GET /wp-includes/js/jquery/jquery.min.js?ver=3.6.0 HTTP/1.1" 200 31435 "https://logopedia.uni.wroc.pl/aktualnosci/zaproszenie-na-konferencje-do-krakowa-2/" "Mozilla/5.0 (Linux; Android 10; K) AppleWebKit/537.36 (KHTML, like Gecko) Chrome/145.0.0.0 Mobile Safari/537.36"
46.112.91.79 - - [28/Feb/2026:17:23:23 +0100] "GET /wp-includes/js/jquery/jquery-migrate.min.js?ver=3.3.2 HTTP/1.1" 200 4607 "https://logopedia.uni.wroc.pl/aktualnosci/zaproszenie-na-konferencje-do-krakowa-2/" "Mozilla/5.0 (Linux; Android 10; K) AppleWebKit/537.36 (KHTML, like Gecko) Chrome/145.0.0.0 Mobile Safari/537.36"
46.112.91.79 - - [28/Feb/2026:17:23:23 +0100] "GET /wp-content/plugins/facebook-pagelike-widget/fb.js?ver=1.0 HTTP/1.1" 200 464 "https://logopedia.uni.wroc.pl/aktualnosci/zaproszenie-na-konferencje-do-krakowa-2/" "Mozilla/5.0 (Linux; Android 10; K) AppleWebKit/537.36 (KHTML, like Gecko) Chrome/145.0.0.0 Mobile Safari/537.36"
46.112.91.79 - - [28/Feb/2026:17:23:23 +0100] "GET /wp-includes/js/wp-emoji-release.min.js?ver=6.0.11 HTTP/1.1" 200 5447 "https://logopedia.uni.wroc.pl/aktualnosci/zaproszenie-na-konferencje-do-krakowa-2/" "Mozilla/5.0 (Linux; Android 10; K) AppleWebKit/537.36 (KHTML, like Gecko) Chrome/145.0.0.0 Mobile Safari/537.36"
46.112.91.79 - - [28/Feb/2026:17:23:23 +0100] "GET /wp-content/themes/customify/assets/fonts/font-awesome/fonts/fontawesome-webfont.woff2?v=4.7.0 HTTP/1.1" 200 77597 "https://logopedia.uni.wroc.pl/wp-content/themes/customify/assets/fonts/font-awesome/css/font-awesome.min.css?ver=5.0.0" "Mozilla/5.0 (Linux; Android 10; K) AppleWebKit/537.36 (KHTML, like Gecko) Chrome/145.0.0.0 Mobile Safari/537.36"
46.112.91.79 - - [28/Feb/2026:17:23:25 +0100] "GET /wp-content/uploads/2020/01/cropped-ikona-192x192.png HTTP/1.1" 200 16184 "https://logopedia.uni.wroc.pl/aktualnosci/zaproszenie-na-konferencje-do-krakowa-2/" "Mozilla/5.0 (Linux; Android 10; K) AppleWebKit/537.36 (KHTML, like Gecko) Chrome/145.0.0.0 Mobile Safari/537.36"
46.112.91.79 - - [28/Feb/2026:17:23:25 +0100] "GET /wp-content/uploads/2020/01/cropped-ikona-180x180.png HTTP/1.1" 200 14978 "https://logopedia.uni.wroc.pl/aktualnosci/zaproszenie-na-konferencje-do-krakowa-2/" "Mozilla/5.0 (Linux; Android 10; K) AppleWebKit/537.36 (KHTML, like Gecko) Chrome/145.0.0.0 Mobile Safari/537.36"
5.173.180.10 - - [28/Feb/2026:17:25:26 +0100] "GET /wp-content/uploads/2019/02/Magdalena-Fabczak.jpg HTTP/1.1" 200 48590 "https://www.google.com/" "Mozilla/5.0 (Linux; Android 10; K) AppleWebKit/537.36 (KHTML, like Gecko) Chrome/145.0.0.0 Mobile Safari/537.36"
87.250.224.220 - - [28/Feb/2026:17:26:20 +0100] "GET /robots.txt HTTP/1.1" 200 5641 "-" "Mozilla/5.0 (compatible; YandexBot/3.0; +http://yandex.com/bots)"
95.108.213.183 - - [28/Feb/2026:17:26:20 +0100] "GET /manual/pt-br/howto/auth.html HTTP/1.1" 200 15632 "-" "Mozilla/5.0 (compatible; YandexBot/3.0; +http://yandex.com/bots)"
156.17.87.172 - - [28/Feb/2026:17:28:32 +0100] "POST /wp-cron.php?doing_wp_cron=1772296112.2292900085449218750000 HTTP/1.1" 200 5608 "https://logopedia.uni.wroc.pl/wp-cron.php?doing_wp_cron=1772296112.2292900085449218750000" "WordPress/6.0.11; https://logopedia.uni.wroc.pl"
216.244.66.232 - - [28/Feb/2026:17:28:31 +0100] "GET /author/annamajewskatworek/feed/ HTTP/1.1" 200 10720 "-" "Mozilla/5.0 (compatible; DotBot/1.2; +https://opensiteexplorer.org/dotbot; help@moz.com)"
156.17.87.172 - - [28/Feb/2026:17:34:38 +0100] "POST /wp-cron.php?doing_wp_cron=1772296478.1142470836639404296875 HTTP/1.1" 200 5608 "https://logopedia.uni.wroc.pl/wp-cron.php?doing_wp_cron=1772296478.1142470836639404296875" "WordPress/6.0.11; https://logopedia.uni.wroc.pl"
195.160.175.91 - - [28/Feb/2026:17:34:36 +0100] "GET /kontakt/ HTTP/1.1" 200 17664 "https://www.google.com/" "Mozilla/5.0 (iPhone; CPU iPhone OS 26_3_0 like Mac OS X) AppleWebKit/605.1.15 (KHTML, like Gecko) CriOS/145.0.7632.108 Mobile/15E148 Safari/604.1"
195.160.175.91 - - [28/Feb/2026:17:34:38 +0100] "GET /wp-content/uploads/2020/01/Anna-Majewska-Tworek-fot.-Aleksandra-Draus-Biuro-ds.-Promocji-UWr-71-232x300.jpg HTTP/1.1" 200 23414 "https://logopedia.uni.wroc.pl/kontakt/" "Mozilla/5.0 (iPhone; CPU iPhone OS 26_3_0 like Mac OS X) AppleWebKit/605.1.15 (KHTML, like Gecko) CriOS/145.0.7632.108 Mobile/15E148 Safari/604.1"
195.160.175.91 - - [28/Feb/2026:17:34:38 +0100] "GET /wp-content/uploads/2022/09/Gabrysia-768x804.jpg HTTP/1.1" 200 113486 "https://logopedia.uni.wroc.pl/kontakt/" "Mozilla/5.0 (iPhone; CPU iPhone OS 26_3_0 like Mac OS X) AppleWebKit/605.1.15 (KHTML, like Gecko) CriOS/145.0.7632.108 Mobile/15E148 Safari/604.1"
195.160.175.91 - - [28/Feb/2026:17:34:39 +0100] "GET /wp-content/uploads/2022/09/Lucyna-3.jpg HTTP/1.1" 200 84747 "https://logopedia.uni.wroc.pl/kontakt/" "Mozilla/5.0 (iPhone; CPU iPhone OS 26_3_0 like Mac OS X) AppleWebKit/605.1.15 (KHTML, like Gecko) CriOS/145.0.7632.108 Mobile/15E148 Safari/604.1"
195.160.175.91 - - [28/Feb/2026:17:34:42 +0100] "GET /wp-content/uploads/2021/07/sekretarka-1a.jpg HTTP/1.1" 200 26718 "https://logopedia.uni.wroc.pl/kontakt/" "Mozilla/5.0 (iPhone; CPU iPhone OS 26_3_0 like Mac OS X) AppleWebKit/605.1.15 (KHTML, like Gecko) CriOS/145.0.7632.108 Mobile/15E148 Safari/604.1"
195.160.175.91 - - [28/Feb/2026:17:34:44 +0100] "GET /wp-content/uploads/2021/07/sekretarka-2a.jpg HTTP/1.1" 200 22947 "https://logopedia.uni.wroc.pl/kontakt/" "Mozilla/5.0 (iPhone; CPU iPhone OS 26_3_0 like Mac OS X) AppleWebKit/605.1.15 (KHTML, like Gecko) CriOS/145.0.7632.108 Mobile/15E148 Safari/604.1"
156.17.87.172 - - [28/Feb/2026:17:36:05 +0100] "POST /wp-cron.php?doing_wp_cron=1772296565.6572580337524414062500 HTTP/1.1" 200 5608 "https://logopedia.uni.wroc.pl/wp-cron.php?doing_wp_cron=1772296565.6572580337524414062500" "WordPress/6.0.11; https://logopedia.uni.wroc.pl"
195.160.175.91 - - [28/Feb/2026:17:36:05 +0100] "GET / HTTP/1.1" 200 17356 "https://www.google.com/" "Mozilla/5.0 (iPhone; CPU iPhone OS 26_3_0 like Mac OS X) AppleWebKit/605.1.15 (KHTML, like Gecko) CriOS/145.0.7632.108 Mobile/15E148 Safari/604.1"
195.160.175.91 - - [28/Feb/2026:17:36:10 +0100] "GET /aktualnosci/7-03-2026-dzien-logopedy-w-ifp-zapraszamy-na-konferencje/ HTTP/1.1" 200 11400 "https://logopedia.uni.wroc.pl/" "Mozilla/5.0 (iPhone; CPU iPhone OS 26_3_0 like Mac OS X) AppleWebKit/605.1.15 (KHTML, like Gecko) CriOS/145.0.7632.108 Mobile/15E148 Safari/604.1"
195.160.175.91 - - [28/Feb/2026:17:36:11 +0100] "GET /wp-content/uploads/2026/02/Dzien%CC%81-logopedy-1448x2048.jpg HTTP/1.1" 200 465012 "https://logopedia.uni.wroc.pl/aktualnosci/7-03-2026-dzien-logopedy-w-ifp-zapraszamy-na-konferencje/" "Mozilla/5.0 (iPhone; CPU iPhone OS 26_3_0 like Mac OS X) AppleWebKit/605.1.15 (KHTML, like Gecko) CriOS/145.0.7632.108 Mobile/15E148 Safari/604.1"
195.160.175.91 - - [28/Feb/2026:17:36:26 +0100] "GET / HTTP/1.1" 200 12193 "https://logopedia.uni.wroc.pl/" "Mozilla/5.0 (iPhone; CPU iPhone OS 26_3_0 like Mac OS X) AppleWebKit/605.1.15 (KHTML, like Gecko) CriOS/145.0.7632.108 Mobile/15E148 Safari/604.1"
195.160.175.91 - - [28/Feb/2026:17:36:32 +0100] "GET / HTTP/1.1" 200 17356 "https://logopedia.uni.wroc.pl/" "Mozilla/5.0 (iPhone; CPU iPhone OS 26_3_0 like Mac OS X) AppleWebKit/605.1.15 (KHTML, like Gecko) CriOS/145.0.7632.108 Mobile/15E148 Safari/604.1"
156.17.87.172 - - [28/Feb/2026:17:45:41 +0100] "POST /wp-cron.php?doing_wp_cron=1772297141.3092370033264160156250 HTTP/1.1" 200 5608 "https://logopedia.uni.wroc.pl/wp-cron.php?doing_wp_cron=1772297141.3092370033264160156250" "WordPress/6.0.11; https://logopedia.uni.wroc.pl"
85.208.96.207 - - [28/Feb/2026:17:45:40 +0100] "GET /page/12/?query-8-page=3 HTTP/1.1" 200 17900 "-" "Mozilla/5.0 (compatible; SemrushBot/7~bl; +http://www.semrush.com/bot.html)"
156.17.87.172 - - [28/Feb/2026:17:56:34 +0100] "POST /wp-cron.php?doing_wp_cron=1772297794.2218139171600341796875 HTTP/1.1" 200 5608 "https://logopedia.uni.wroc.pl/wp-cron.php?doing_wp_cron=1772297794.2218139171600341796875" "WordPress/6.0.11; https://logopedia.uni.wroc.pl"
188.33.22.28 - - [28/Feb/2026:17:56:33 +0100] "GET /aktualnosci/zajecia/harmonogramy-zajec/ HTTP/1.1" 200 17209 "-" "Mozilla/5.0 (iPhone; CPU iPhone OS 18_7 like Mac OS X) AppleWebKit/605.1.15 (KHTML, like Gecko) Version/26.2 Mobile/15E148 Safari/604.1"
188.33.22.28 - - [28/Feb/2026:17:56:34 +0100] "GET /wp-includes/js/wp-emoji-release.min.js?ver=6.0.11 HTTP/1.1" 200 5447 "https://logopedia.uni.wroc.pl/aktualnosci/zajecia/harmonogramy-zajec/" "Mozilla/5.0 (iPhone; CPU iPhone OS 18_7 like Mac OS X) AppleWebKit/605.1.15 (KHTML, like Gecko) Version/26.2 Mobile/15E148 Safari/604.1"
188.33.22.28 - - [28/Feb/2026:17:56:34 +0100] "GET /wp-content/plugins/jetpack/css/jetpack.css?ver=11.5.3 HTTP/1.1" 200 16969 "https://logopedia.uni.wroc.pl/aktualnosci/zajecia/harmonogramy-zajec/" "Mozilla/5.0 (iPhone; CPU iPhone OS 18_7 like Mac OS X) AppleWebKit/605.1.15 (KHTML, like Gecko) Version/26.2 Mobile/15E148 Safari/604.1"
188.33.22.28 - - [28/Feb/2026:17:56:34 +0100] "GET /wp-includes/css/dist/block-library/style.min.css?ver=6.0.11 HTTP/1.1" 200 12289 "https://logopedia.uni.wroc.pl/aktualnosci/zajecia/harmonogramy-zajec/" "Mozilla/5.0 (iPhone; CPU iPhone OS 18_7 like Mac OS X) AppleWebKit/605.1.15 (KHTML, like Gecko) Version/26.2 Mobile/15E148 Safari/604.1"
188.33.22.28 - - [28/Feb/2026:17:56:34 +0100] "GET /wp-includes/js/mediaelement/mediaelementplayer-legacy.min.css?ver=4.2.16 HTTP/1.1" 200 8332 "https://logopedia.uni.wroc.pl/aktualnosci/zajecia/harmonogramy-zajec/" "Mozilla/5.0 (iPhone; CPU iPhone OS 18_7 like Mac OS X) AppleWebKit/605.1.15 (KHTML, like Gecko) Version/26.2 Mobile/15E148 Safari/604.1"
188.33.22.28 - - [28/Feb/2026:17:56:34 +0100] "GET /wp-includes/js/mediaelement/wp-mediaelement.min.css?ver=6.0.11 HTTP/1.1" 200 6838 "https://logopedia.uni.wroc.pl/aktualnosci/zajecia/harmonogramy-zajec/" "Mozilla/5.0 (iPhone; CPU iPhone OS 18_7 like Mac OS X) AppleWebKit/605.1.15 (KHTML, like Gecko) Version/26.2 Mobile/15E148 Safari/604.1"
188.33.22.28 - - [28/Feb/2026:17:56:34 +0100] "GET /wp-content/themes/customify/style.min.css?ver=0.4.6 HTTP/1.1" 200 27507 "https://logopedia.uni.wroc.pl/aktualnosci/zajecia/harmonogramy-zajec/" "Mozilla/5.0 (iPhone; CPU iPhone OS 18_7 like Mac OS X) AppleWebKit/605.1.15 (KHTML, like Gecko) Version/26.2 Mobile/15E148 Safari/604.1"
188.33.22.28 - - [28/Feb/2026:17:56:34 +0100] "GET /wp-content/themes/customify/assets/js/theme.min.js?ver=0.4.6 HTTP/1.1" 200 4192 "https://logopedia.uni.wroc.pl/aktualnosci/zajecia/harmonogramy-zajec/" "Mozilla/5.0 (iPhone; CPU iPhone OS 18_7 like Mac OS X) AppleWebKit/605.1.15 (KHTML, like Gecko) Version/26.2 Mobile/15E148 Safari/604.1"
188.33.22.28 - - [28/Feb/2026:17:56:34 +0100] "GET /wp-content/themes/customify/assets/fonts/font-awesome/css/font-awesome.min.css?ver=5.0.0 HTTP/1.1" 200 12793 "https://logopedia.uni.wroc.pl/aktualnosci/zajecia/harmonogramy-zajec/" "Mozilla/5.0 (iPhone; CPU iPhone OS 18_7 like Mac OS X) AppleWebKit/605.1.15 (KHTML, like Gecko) Version/26.2 Mobile/15E148 Safari/604.1"
188.33.22.28 - - [28/Feb/2026:17:56:34 +0100] "GET /wp-content/plugins/facebook-pagelike-widget/fb.js?ver=1.0 HTTP/1.1" 200 464 "https://logopedia.uni.wroc.pl/aktualnosci/zajecia/harmonogramy-zajec/" "Mozilla/5.0 (iPhone; CPU iPhone OS 18_7 like Mac OS X) AppleWebKit/605.1.15 (KHTML, like Gecko) Version/26.2 Mobile/15E148 Safari/604.1"
188.33.22.28 - - [28/Feb/2026:17:56:34 +0100] "GET /wp-includes/js/jquery/jquery-migrate.min.js?ver=3.3.2 HTTP/1.1" 200 4607 "https://logopedia.uni.wroc.pl/aktualnosci/zajecia/harmonogramy-zajec/" "Mozilla/5.0 (iPhone; CPU iPhone OS 18_7 like Mac OS X) AppleWebKit/605.1.15 (KHTML, like Gecko) Version/26.2 Mobile/15E148 Safari/604.1"
188.33.22.28 - - [28/Feb/2026:17:56:34 +0100] "GET /wp-includes/js/jquery/jquery.min.js?ver=3.6.0 HTTP/1.1" 200 31435 "https://logopedia.uni.wroc.pl/aktualnosci/zajecia/harmonogramy-zajec/" "Mozilla/5.0 (iPhone; CPU iPhone OS 18_7 like Mac OS X) AppleWebKit/605.1.15 (KHTML, like Gecko) Version/26.2 Mobile/15E148 Safari/604.1"
188.33.22.28 - - [28/Feb/2026:17:56:35 +0100] "GET /wp-content/themes/customify/assets/fonts/font-awesome/fonts/fontawesome-webfont.woff2?v=4.7.0 HTTP/1.1" 200 77597 "https://logopedia.uni.wroc.pl/aktualnosci/zajecia/harmonogramy-zajec/" "Mozilla/5.0 (iPhone; CPU iPhone OS 18_7 like Mac OS X) AppleWebKit/605.1.15 (KHTML, like Gecko) Version/26.2 Mobile/15E148 Safari/604.1"
188.33.22.28 - - [28/Feb/2026:17:56:35 +0100] "GET /wp-content/uploads/2022/10/UWr-logo2a.png HTTP/1.1" 200 34648 "https://logopedia.uni.wroc.pl/aktualnosci/zajecia/harmonogramy-zajec/" "Mozilla/5.0 (iPhone; CPU iPhone OS 18_7 like Mac OS X) AppleWebKit/605.1.15 (KHTML, like Gecko) Version/26.2 Mobile/15E148 Safari/604.1"
188.33.22.28 - - [28/Feb/2026:17:56:34 +0100] "GET /wp-content/uploads/2020/01/cropped-Logo.png HTTP/1.1" 200 77516 "https://logopedia.uni.wroc.pl/aktualnosci/zajecia/harmonogramy-zajec/" "Mozilla/5.0 (iPhone; CPU iPhone OS 18_7 like Mac OS X) AppleWebKit/605.1.15 (KHTML, like Gecko) Version/26.2 Mobile/15E148 Safari/604.1"
188.33.22.28 - - [28/Feb/2026:17:56:35 +0100] "GET /wp-content/plugins/facebook-pagelike-widget/loader.gif HTTP/1.1" 200 8582 "https://logopedia.uni.wroc.pl/aktualnosci/zajecia/harmonogramy-zajec/" "Mozilla/5.0 (iPhone; CPU iPhone OS 18_7 like Mac OS X) AppleWebKit/605.1.15 (KHTML, like Gecko) Version/26.2 Mobile/15E148 Safari/604.1"
188.33.22.28 - - [28/Feb/2026:17:56:35 +0100] "GET /wp-content/uploads/2020/01/cropped-ikona-32x32.png HTTP/1.1" 200 2406 "https://logopedia.uni.wroc.pl/aktualnosci/zajecia/harmonogramy-zajec/" "Mozilla/5.0 (iPhone; CPU iPhone OS 18_7 like Mac OS X) AppleWebKit/605.1.15 (KHTML, like Gecko) Version/26.2 Mobile/15E148 Safari/604.1"
188.33.22.28 - - [28/Feb/2026:17:56:35 +0100] "GET /wp-content/uploads/2020/01/cropped-ikona-192x192.png HTTP/1.1" 200 16184 "https://logopedia.uni.wroc.pl/aktualnosci/zajecia/harmonogramy-zajec/" "Mozilla/5.0 (iPhone; CPU iPhone OS 18_7 like Mac OS X) AppleWebKit/605.1.15 (KHTML, like Gecko) Version/26.2 Mobile/15E148 Safari/604.1"
188.33.22.28 - - [28/Feb/2026:17:56:36 +0100] "GET /wp-content/uploads/2026/02/I-ROK-SEMESTR-LETNI_11.02.26.xlsx HTTP/1.1" 200 16022 "https://logopedia.uni.wroc.pl/aktualnosci/zajecia/harmonogramy-zajec/" "Mozilla/5.0 (iPhone; CPU iPhone OS 18_7 like Mac OS X) AppleWebKit/605.1.15 (KHTML, like Gecko) Version/26.2 Mobile/15E148 Safari/604.1"
156.17.87.172 - - [28/Feb/2026:18:04:11 +0100] "POST /wp-cron.php?doing_wp_cron=1772298251.3145859241485595703125 HTTP/1.1" 200 5608 "https://logopedia.uni.wroc.pl/wp-cron.php?doing_wp_cron=1772298251.3145859241485595703125" "WordPress/6.0.11; https://logopedia.uni.wroc.pl"
57.141.20.27 - - [28/Feb/2026:18:04:09 +0100] "GET /wykladowcy/dr-agnieszka-okrasinska/ HTTP/1.1" 200 61470 "-" "meta-externalagent/1.1 (+https://developers.facebook.com/docs/sharing/webmasters/crawler)"
156.17.87.172 - - [28/Feb/2026:18:08:12 +0100] "POST /wp-cron.php?doing_wp_cron=1772298492.1867899894714355468750 HTTP/1.1" 200 5608 "https://logopedia.uni.wroc.pl/wp-cron.php?doing_wp_cron=1772298492.1867899894714355468750" "WordPress/6.0.11; https://logopedia.uni.wroc.pl"
188.33.22.28 - - [28/Feb/2026:18:08:10 +0100] "GET /aktualnosci/zajecia/harmonogramy-zajec/ HTTP/1.1" 200 17209 "-" "Mozilla/5.0 (iPhone; CPU iPhone OS 18_7 like Mac OS X) AppleWebKit/605.1.15 (KHTML, like Gecko) Version/26.2 Mobile/15E148 Safari/604.1"
188.33.22.28 - - [28/Feb/2026:18:08:12 +0100] "GET /wp-includes/js/wp-emoji-release.min.js?ver=6.0.11 HTTP/1.1" 200 5447 "https://logopedia.uni.wroc.pl/aktualnosci/zajecia/harmonogramy-zajec/" "Mozilla/5.0 (iPhone; CPU iPhone OS 18_7 like Mac OS X) AppleWebKit/605.1.15 (KHTML, like Gecko) Version/26.2 Mobile/15E148 Safari/604.1"
188.33.22.28 - - [28/Feb/2026:18:08:12 +0100] "GET /wp-content/plugins/jetpack/css/jetpack.css?ver=11.5.3 HTTP/1.1" 200 16969 "https://logopedia.uni.wroc.pl/aktualnosci/zajecia/harmonogramy-zajec/" "Mozilla/5.0 (iPhone; CPU iPhone OS 18_7 like Mac OS X) AppleWebKit/605.1.15 (KHTML, like Gecko) Version/26.2 Mobile/15E148 Safari/604.1"
188.33.22.28 - - [28/Feb/2026:18:08:12 +0100] "GET /wp-includes/js/mediaelement/mediaelementplayer-legacy.min.css?ver=4.2.16 HTTP/1.1" 200 3169 "https://logopedia.uni.wroc.pl/aktualnosci/zajecia/harmonogramy-zajec/" "Mozilla/5.0 (iPhone; CPU iPhone OS 18_7 like Mac OS X) AppleWebKit/605.1.15 (KHTML, like Gecko) Version/26.2 Mobile/15E148 Safari/604.1"
188.33.22.28 - - [28/Feb/2026:18:08:12 +0100] "GET /wp-content/themes/customify/assets/fonts/font-awesome/css/font-awesome.min.css?ver=5.0.0 HTTP/1.1" 200 12793 "https://logopedia.uni.wroc.pl/aktualnosci/zajecia/harmonogramy-zajec/" "Mozilla/5.0 (iPhone; CPU iPhone OS 18_7 like Mac OS X) AppleWebKit/605.1.15 (KHTML, like Gecko) Version/26.2 Mobile/15E148 Safari/604.1"
188.33.22.28 - - [28/Feb/2026:18:08:12 +0100] "GET /wp-content/themes/customify/style.min.css?ver=0.4.6 HTTP/1.1" 200 27507 "https://logopedia.uni.wroc.pl/aktualnosci/zajecia/harmonogramy-zajec/" "Mozilla/5.0 (iPhone; CPU iPhone OS 18_7 like Mac OS X) AppleWebKit/605.1.15 (KHTML, like Gecko) Version/26.2 Mobile/15E148 Safari/604.1"
188.33.22.28 - - [28/Feb/2026:18:08:12 +0100] "GET /wp-includes/js/mediaelement/wp-mediaelement.min.css?ver=6.0.11 HTTP/1.1" 200 6838 "https://logopedia.uni.wroc.pl/aktualnosci/zajecia/harmonogramy-zajec/" "Mozilla/5.0 (iPhone; CPU iPhone OS 18_7 like Mac OS X) AppleWebKit/605.1.15 (KHTML, like Gecko) Version/26.2 Mobile/15E148 Safari/604.1"
188.33.22.28 - - [28/Feb/2026:18:08:12 +0100] "GET /wp-includes/css/dist/block-library/style.min.css?ver=6.0.11 HTTP/1.1" 200 17452 "https://logopedia.uni.wroc.pl/aktualnosci/zajecia/harmonogramy-zajec/" "Mozilla/5.0 (iPhone; CPU iPhone OS 18_7 like Mac OS X) AppleWebKit/605.1.15 (KHTML, like Gecko) Version/26.2 Mobile/15E148 Safari/604.1"
188.33.22.28 - - [28/Feb/2026:18:08:12 +0100] "GET /wp-content/themes/customify/assets/js/theme.min.js?ver=0.4.6 HTTP/1.1" 200 4192 "https://logopedia.uni.wroc.pl/aktualnosci/zajecia/harmonogramy-zajec/" "Mozilla/5.0 (iPhone; CPU iPhone OS 18_7 like Mac OS X) AppleWebKit/605.1.15 (KHTML, like Gecko) Version/26.2 Mobile/15E148 Safari/604.1"
188.33.22.28 - - [28/Feb/2026:18:08:12 +0100] "GET /wp-includes/js/jquery/jquery.min.js?ver=3.6.0 HTTP/1.1" 200 31435 "https://logopedia.uni.wroc.pl/aktualnosci/zajecia/harmonogramy-zajec/" "Mozilla/5.0 (iPhone; CPU iPhone OS 18_7 like Mac OS X) AppleWebKit/605.1.15 (KHTML, like Gecko) Version/26.2 Mobile/15E148 Safari/604.1"
188.33.22.28 - - [28/Feb/2026:18:08:12 +0100] "GET /wp-includes/js/jquery/jquery-migrate.min.js?ver=3.3.2 HTTP/1.1" 200 4607 "https://logopedia.uni.wroc.pl/aktualnosci/zajecia/harmonogramy-zajec/" "Mozilla/5.0 (iPhone; CPU iPhone OS 18_7 like Mac OS X) AppleWebKit/605.1.15 (KHTML, like Gecko) Version/26.2 Mobile/15E148 Safari/604.1"
188.33.22.28 - - [28/Feb/2026:18:08:12 +0100] "GET /wp-content/plugins/facebook-pagelike-widget/fb.js?ver=1.0 HTTP/1.1" 200 464 "https://logopedia.uni.wroc.pl/aktualnosci/zajecia/harmonogramy-zajec/" "Mozilla/5.0 (iPhone; CPU iPhone OS 18_7 like Mac OS X) AppleWebKit/605.1.15 (KHTML, like Gecko) Version/26.2 Mobile/15E148 Safari/604.1"
188.33.22.28 - - [28/Feb/2026:18:08:13 +0100] "GET /wp-content/uploads/2020/01/cropped-Logo.png HTTP/1.1" 200 77516 "https://logopedia.uni.wroc.pl/aktualnosci/zajecia/harmonogramy-zajec/" "Mozilla/5.0 (iPhone; CPU iPhone OS 18_7 like Mac OS X) AppleWebKit/605.1.15 (KHTML, like Gecko) Version/26.2 Mobile/15E148 Safari/604.1"
188.33.22.28 - - [28/Feb/2026:18:08:13 +0100] "GET /wp-content/themes/customify/assets/fonts/font-awesome/fonts/fontawesome-webfont.woff2?v=4.7.0 HTTP/1.1" 200 77597 "https://logopedia.uni.wroc.pl/aktualnosci/zajecia/harmonogramy-zajec/" "Mozilla/5.0 (iPhone; CPU iPhone OS 18_7 like Mac OS X) AppleWebKit/605.1.15 (KHTML, like Gecko) Version/26.2 Mobile/15E148 Safari/604.1"
188.33.22.28 - - [28/Feb/2026:18:08:13 +0100] "GET /wp-content/uploads/2022/10/UWr-logo2a.png HTTP/1.1" 200 34648 "https://logopedia.uni.wroc.pl/aktualnosci/zajecia/harmonogramy-zajec/" "Mozilla/5.0 (iPhone; CPU iPhone OS 18_7 like Mac OS X) AppleWebKit/605.1.15 (KHTML, like Gecko) Version/26.2 Mobile/15E148 Safari/604.1"
188.33.22.28 - - [28/Feb/2026:18:08:13 +0100] "GET /wp-content/plugins/facebook-pagelike-widget/loader.gif HTTP/1.1" 200 8582 "https://logopedia.uni.wroc.pl/aktualnosci/zajecia/harmonogramy-zajec/" "Mozilla/5.0 (iPhone; CPU iPhone OS 18_7 like Mac OS X) AppleWebKit/605.1.15 (KHTML, like Gecko) Version/26.2 Mobile/15E148 Safari/604.1"
188.33.22.28 - - [28/Feb/2026:18:08:13 +0100] "GET /wp-content/uploads/2020/01/cropped-ikona-32x32.png HTTP/1.1" 200 2406 "https://logopedia.uni.wroc.pl/aktualnosci/zajecia/harmonogramy-zajec/" "Mozilla/5.0 (iPhone; CPU iPhone OS 18_7 like Mac OS X) AppleWebKit/605.1.15 (KHTML, like Gecko) Version/26.2 Mobile/15E148 Safari/604.1"
188.33.22.28 - - [28/Feb/2026:18:08:13 +0100] "GET /wp-content/uploads/2020/01/cropped-ikona-192x192.png HTTP/1.1" 200 16184 "https://logopedia.uni.wroc.pl/aktualnosci/zajecia/harmonogramy-zajec/" "Mozilla/5.0 (iPhone; CPU iPhone OS 18_7 like Mac OS X) AppleWebKit/605.1.15 (KHTML, like Gecko) Version/26.2 Mobile/15E148 Safari/604.1"
188.33.22.28 - - [28/Feb/2026:18:08:14 +0100] "GET /wp-content/uploads/2026/02/I-ROK-SEMESTR-LETNI_11.02.26.xlsx HTTP/1.1" 200 16022 "https://logopedia.uni.wroc.pl/aktualnosci/zajecia/harmonogramy-zajec/" "Mozilla/5.0 (iPhone; CPU iPhone OS 18_7 like Mac OS X) AppleWebKit/605.1.15 (KHTML, like Gecko) Version/26.2 Mobile/15E148 Safari/604.1"
156.17.87.172 - - [28/Feb/2026:18:16:22 +0100] "POST /wp-cron.php?doing_wp_cron=1772298982.3386759757995605468750 HTTP/1.1" 200 5608 "https://logopedia.uni.wroc.pl/wp-cron.php?doing_wp_cron=1772298982.3386759757995605468750" "WordPress/6.0.11; https://logopedia.uni.wroc.pl"
34.56.168.230 - - [28/Feb/2026:18:16:21 +0100] "GET /aktualnosci/gdzie-znalezc-numer-albumu-indeksu-informacja-dla-sluczaczek-i-roku HTTP/1.1" 301 5708 "-" "Mozilla/5.0 AppleWebKit/537.36 (KHTML, like Gecko); compatible; ShapBot/0.1.0"
66.249.77.13 - - [28/Feb/2026:18:29:09 +0100] "GET /robots.txt HTTP/1.1" 200 5821 "-" "Mozilla/5.0 (compatible; Googlebot/2.1; +http://www.google.com/bot.html)"
156.17.87.172 - - [28/Feb/2026:18:29:11 +0100] "POST /wp-cron.php?doing_wp_cron=1772299751.0683751106262207031250 HTTP/1.1" 200 5608 "https://logopedia.uni.wroc.pl/wp-cron.php?doing_wp_cron=1772299751.0683751106262207031250" "WordPress/6.0.11; https://logopedia.uni.wroc.pl"
66.249.77.11 - - [28/Feb/2026:18:29:09 +0100] "GET /wykladowcy/mgr-lucyna-koscielniak/ HTTP/1.1" 200 18477 "-" "Mozilla/5.0 (Linux; Android 6.0.1; Nexus 5X Build/MMB29P) AppleWebKit/537.36 (KHTML, like Gecko) Chrome/144.0.7559.132 Mobile Safari/537.36 (compatible; GoogleOther)"
66.249.77.11 - - [28/Feb/2026:18:29:13 +0100] "GET /aktualnosci/relacja-telewizyjna-z-dnia-logopedy-w-ifp/feed/ HTTP/1.1" 200 6659 "-" "Mozilla/5.0 (Linux; Android 6.0.1; Nexus 5X Build/MMB29P) AppleWebKit/537.36 (KHTML, like Gecko) Chrome/144.0.7559.132 Mobile Safari/537.36 (compatible; Googlebot/2.1; +http://www.google.com/bot.html)"
52.167.144.206 - - [28/Feb/2026:18:29:46 +0100] "GET /page/2/?q=node%2F3 HTTP/1.1" 200 17802 "-" "Mozilla/5.0 AppleWebKit/537.36 (KHTML, like Gecko; compatible; bingbot/2.0; +http://www.bing.com/bingbot.htm) Chrome/116.0.1938.76 Safari/537.36"
52.167.144.213 - - [28/Feb/2026:18:49:58 +0100] "GET /wp-content/uploads/2022/09/Gabrysia-768x804.jpg HTTP/1.1" 200 118788 "-" "Mozilla/5.0 AppleWebKit/537.36 (KHTML, like Gecko; compatible; bingbot/2.0; +http://www.bing.com/bingbot.htm) Chrome/116.0.1938.76 Safari/537.36"
156.17.87.172 - - [28/Feb/2026:18:53:23 +0100] "POST /wp-cron.php?doing_wp_cron=1772301203.2200191020965576171875 HTTP/1.1" 200 5608 "https://logopedia.uni.wroc.pl/wp-cron.php?doing_wp_cron=1772301203.2200191020965576171875" "WordPress/6.0.11; https://logopedia.uni.wroc.pl"
156.17.87.172 - - [28/Feb/2026:18:53:23 +0100] "POST /wp-cron.php?doing_wp_cron=1772301203.2193510532379150390625 HTTP/1.1" 200 5608 "https://logopedia.uni.wroc.pl/wp-cron.php?doing_wp_cron=1772301203.2193510532379150390625" "WordPress/6.0.11; https://logopedia.uni.wroc.pl"
114.119.134.110 - - [28/Feb/2026:18:53:21 +0100] "GET /wykladowcy/mgr-aleksandra-boron/ HTTP/1.1" 200 18134 "https://logopedia.uni.wroc.pl/author/kamil_wabnic/page/5/" "Mozilla/5.0 (Linux; Android 7.0;) AppleWebKit/537.36 (KHTML, like Gecko) Mobile Safari/537.36 (compatible; PetalBot;+https://webmaster.petalsearch.com/site/petalbot)"
114.119.158.138 - - [28/Feb/2026:18:53:22 +0100] "GET /aktualnosci/sekcja-logopedyczna-sknj-uwr-stacjonarne-spotkanie-w-maju/ HTTP/1.1" 200 17038 "https://logopedia.uni.wroc.pl/page/25/?query-8-page=3" "Mozilla/5.0 (Linux; Android 7.0;) AppleWebKit/537.36 (KHTML, like Gecko) Mobile Safari/537.36 (compatible; PetalBot;+https://webmaster.petalsearch.com/site/petalbot)"
185.191.171.8 - - [28/Feb/2026:18:55:50 +0100] "GET /robots.txt HTTP/1.1" 200 5784 "-" "Mozilla/5.0 (compatible; SemrushBot/7~bl; +http://www.semrush.com/bot.html)"
156.17.87.172 - - [28/Feb/2026:18:55:51 +0100] "POST /wp-cron.php?doing_wp_cron=1772301351.7642719745635986328125 HTTP/1.1" 200 5608 "https://logopedia.uni.wroc.pl/wp-cron.php?doing_wp_cron=1772301351.7642719745635986328125" "WordPress/6.0.11; https://logopedia.uni.wroc.pl"
185.191.171.14 - - [28/Feb/2026:18:55:51 +0100] "GET /cropped-adorable-animal-animal-world-cat-209037-jpg/ HTTP/1.1" 200 16443 "-" "Mozilla/5.0 (compatible; SemrushBot/7~bl; +http://www.semrush.com/bot.html)"
156.17.87.172 - - [28/Feb/2026:18:59:10 +0100] "POST /wp-cron.php?doing_wp_cron=1772301550.1802361011505126953125 HTTP/1.1" 200 5608 "https://logopedia.uni.wroc.pl/wp-cron.php?doing_wp_cron=1772301550.1802361011505126953125" "WordPress/6.0.11; https://logopedia.uni.wroc.pl"
52.167.144.182 - - [28/Feb/2026:18:59:09 +0100] "GET /wykladowcy/mgr-alina-butkiewicz/ HTTP/1.1" 200 17339 "-" "Mozilla/5.0 AppleWebKit/537.36 (KHTML, like Gecko; compatible; bingbot/2.0; +http://www.bing.com/bingbot.htm) Chrome/116.0.1938.76 Safari/537.36"
156.17.87.172 - - [28/Feb/2026:19:06:45 +0100] "POST /wp-cron.php?doing_wp_cron=1772302005.2034580707550048828125 HTTP/1.1" 200 5608 "https://logopedia.uni.wroc.pl/wp-cron.php?doing_wp_cron=1772302005.2034580707550048828125" "WordPress/6.0.11; https://logopedia.uni.wroc.pl"
156.17.87.172 - - [28/Feb/2026:19:06:45 +0100] "POST /wp-cron.php?doing_wp_cron=1772302005.2034978866577148437500 HTTP/1.1" 200 5608 "https://logopedia.uni.wroc.pl/wp-cron.php?doing_wp_cron=1772302005.2034978866577148437500" "WordPress/6.0.11; https://logopedia.uni.wroc.pl"
66.249.81.160 - - [28/Feb/2026:19:06:44 +0100] "GET /.well-known/traffic-advice HTTP/1.1" 404 53813 "-" "Chrome Privacy Preserving Prefetch Proxy"
72.14.201.46 - - [28/Feb/2026:19:06:44 +0100] "GET /wykladowcy/mgr-anna-plonka/ HTTP/1.1" 200 17662 "https://www.google.com/" "Mozilla/5.0 (Linux; Android 10; K) AppleWebKit/537.36 (KHTML, like Gecko) Chrome/145.0.0.0 Mobile Safari/537.36"
89.25.172.69 - - [28/Feb/2026:19:07:33 +0100] "GET /wp-content/uploads/2021/02/Anna-Plonka.jpg HTTP/1.1" 200 33025 "https://www.google.com/" "Mozilla/5.0 (Linux; Android 10; K) AppleWebKit/537.36 (KHTML, like Gecko) Chrome/145.0.0.0 Mobile Safari/537.36"
89.25.172.69 - - [28/Feb/2026:19:08:27 +0100] "GET /wp-includes/js/mediaelement/mediaelementplayer-legacy.min.css?ver=4.2.16 HTTP/1.1" 200 8527 "https://logopedia.uni.wroc.pl/wykladowcy/mgr-anna-plonka/" "Mozilla/5.0 (Linux; Android 10; K) AppleWebKit/537.36 (KHTML, like Gecko) Chrome/145.0.0.0 Mobile Safari/537.36"
89.25.172.69 - - [28/Feb/2026:19:08:27 +0100] "GET /wp-includes/css/dist/block-library/style.min.css?ver=6.0.11 HTTP/1.1" 200 17647 "https://logopedia.uni.wroc.pl/wykladowcy/mgr-anna-plonka/" "Mozilla/5.0 (Linux; Android 10; K) AppleWebKit/537.36 (KHTML, like Gecko) Chrome/145.0.0.0 Mobile Safari/537.36"
89.25.172.69 - - [28/Feb/2026:19:08:27 +0100] "GET /wp-includes/js/mediaelement/wp-mediaelement.min.css?ver=6.0.11 HTTP/1.1" 200 1522 "https://logopedia.uni.wroc.pl/wykladowcy/mgr-anna-plonka/" "Mozilla/5.0 (Linux; Android 10; K) AppleWebKit/537.36 (KHTML, like Gecko) Chrome/145.0.0.0 Mobile Safari/537.36"
89.25.172.69 - - [28/Feb/2026:19:08:27 +0100] "GET /wp-content/themes/customify/assets/fonts/font-awesome/css/font-awesome.min.css?ver=5.0.0 HTTP/1.1" 200 7477 "https://logopedia.uni.wroc.pl/wykladowcy/mgr-anna-plonka/" "Mozilla/5.0 (Linux; Android 10; K) AppleWebKit/537.36 (KHTML, like Gecko) Chrome/145.0.0.0 Mobile Safari/537.36"
89.25.172.69 - - [28/Feb/2026:19:08:27 +0100] "GET /wp-content/themes/customify/style.min.css?ver=0.4.6 HTTP/1.1" 200 27702 "https://logopedia.uni.wroc.pl/wykladowcy/mgr-anna-plonka/" "Mozilla/5.0 (Linux; Android 10; K) AppleWebKit/537.36 (KHTML, like Gecko) Chrome/145.0.0.0 Mobile Safari/537.36"
89.25.172.69 - - [28/Feb/2026:19:08:27 +0100] "GET /wp-content/uploads/2021/02/Anna-Plonka.jpg HTTP/1.1" 200 33025 "https://logopedia.uni.wroc.pl/wykladowcy/mgr-anna-plonka/" "Mozilla/5.0 (Linux; Android 10; K) AppleWebKit/537.36 (KHTML, like Gecko) Chrome/145.0.0.0 Mobile Safari/537.36"
89.25.172.69 - - [28/Feb/2026:19:08:27 +0100] "GET /wp-content/uploads/2020/01/cropped-Logo.png HTTP/1.1" 200 83027 "https://logopedia.uni.wroc.pl/wykladowcy/mgr-anna-plonka/" "Mozilla/5.0 (Linux; Android 10; K) AppleWebKit/537.36 (KHTML, like Gecko) Chrome/145.0.0.0 Mobile Safari/537.36"
89.25.172.69 - - [28/Feb/2026:19:08:27 +0100] "GET /wp-content/uploads/2022/10/UWr-logo2a.png HTTP/1.1" 200 40159 "https://logopedia.uni.wroc.pl/wykladowcy/mgr-anna-plonka/" "Mozilla/5.0 (Linux; Android 10; K) AppleWebKit/537.36 (KHTML, like Gecko) Chrome/145.0.0.0 Mobile Safari/537.36"
89.25.172.69 - - [28/Feb/2026:19:08:27 +0100] "GET /wp-content/plugins/jetpack/css/jetpack.css?ver=11.5.3 HTTP/1.1" 200 16969 "https://logopedia.uni.wroc.pl/wykladowcy/mgr-anna-plonka/" "Mozilla/5.0 (Linux; Android 10; K) AppleWebKit/537.36 (KHTML, like Gecko) Chrome/145.0.0.0 Mobile Safari/537.36"
89.25.172.69 - - [28/Feb/2026:19:08:27 +0100] "GET /wp-content/themes/customify/assets/js/theme.min.js?ver=0.4.6 HTTP/1.1" 200 4192 "https://logopedia.uni.wroc.pl/wykladowcy/mgr-anna-plonka/" "Mozilla/5.0 (Linux; Android 10; K) AppleWebKit/537.36 (KHTML, like Gecko) Chrome/145.0.0.0 Mobile Safari/537.36"
89.25.172.69 - - [28/Feb/2026:19:08:27 +0100] "GET /wp-includes/js/jquery/jquery.min.js?ver=3.6.0 HTTP/1.1" 200 31435 "https://logopedia.uni.wroc.pl/wykladowcy/mgr-anna-plonka/" "Mozilla/5.0 (Linux; Android 10; K) AppleWebKit/537.36 (KHTML, like Gecko) Chrome/145.0.0.0 Mobile Safari/537.36"
89.25.172.69 - - [28/Feb/2026:19:08:27 +0100] "GET /wp-includes/js/jquery/jquery-migrate.min.js?ver=3.3.2 HTTP/1.1" 200 4607 "https://logopedia.uni.wroc.pl/wykladowcy/mgr-anna-plonka/" "Mozilla/5.0 (Linux; Android 10; K) AppleWebKit/537.36 (KHTML, like Gecko) Chrome/145.0.0.0 Mobile Safari/537.36"
89.25.172.69 - - [28/Feb/2026:19:08:27 +0100] "GET /wp-content/plugins/facebook-pagelike-widget/fb.js?ver=1.0 HTTP/1.1" 200 464 "https://logopedia.uni.wroc.pl/wykladowcy/mgr-anna-plonka/" "Mozilla/5.0 (Linux; Android 10; K) AppleWebKit/537.36 (KHTML, like Gecko) Chrome/145.0.0.0 Mobile Safari/537.36"
89.25.172.69 - - [28/Feb/2026:19:08:27 +0100] "GET /wp-content/plugins/facebook-pagelike-widget/loader.gif HTTP/1.1" 200 8582 "https://logopedia.uni.wroc.pl/wykladowcy/mgr-anna-plonka/" "Mozilla/5.0 (Linux; Android 10; K) AppleWebKit/537.36 (KHTML, like Gecko) Chrome/145.0.0.0 Mobile Safari/537.36"
89.25.172.69 - - [28/Feb/2026:19:08:27 +0100] "GET /wp-includes/js/wp-emoji-release.min.js?ver=6.0.11 HTTP/1.1" 200 5447 "https://logopedia.uni.wroc.pl/wykladowcy/mgr-anna-plonka/" "Mozilla/5.0 (Linux; Android 10; K) AppleWebKit/537.36 (KHTML, like Gecko) Chrome/145.0.0.0 Mobile Safari/537.36"
