77.236.7.12 - - [28/Feb/2026:22:42:49 +0100] "GET /wp-content/themes/customify/assets/js/theme.min.js?ver=0.4.6 HTTP/1.1" 200 4192 "https://logopedia.uni.wroc.pl/" "Mozilla/5.0 (Linux; Android 10; K) AppleWebKit/537.36 (KHTML, like Gecko) Chrome/145.0.0.0 Mobile Safari/537.36"
77.236.7.12 - - [28/Feb/2026:22:42:49 +0100] "GET /wp-includes/js/jquery/jquery.min.js?ver=3.6.0 HTTP/1.1" 200 31435 "https://logopedia.uni.wroc.pl/" "Mozilla/5.0 (Linux; Android 10; K) AppleWebKit/537.36 (KHTML, like Gecko) Chrome/145.0.0.0 Mobile Safari/537.36"
77.236.7.12 - - [28/Feb/2026:22:42:49 +0100] "GET /wp-content/themes/customify/assets/fonts/font-awesome/fonts/fontawesome-webfont.woff2?v=4.7.0 HTTP/1.1" 200 77597 "https://logopedia.uni.wroc.pl/wp-content/themes/customify/assets/fonts/font-awesome/css/font-awesome.min.css?ver=5.0.0" "Mozilla/5.0 (Linux; Android 10; K) AppleWebKit/537.36 (KHTML, like Gecko) Chrome/145.0.0.0 Mobile Safari/537.36"
77.236.7.12 - - [28/Feb/2026:22:42:49 +0100] "GET /wp-includes/js/jquery/jquery-migrate.min.js?ver=3.3.2 HTTP/1.1" 200 4607 "https://logopedia.uni.wroc.pl/" "Mozilla/5.0 (Linux; Android 10; K) AppleWebKit/537.36 (KHTML, like Gecko) Chrome/145.0.0.0 Mobile Safari/537.36"
77.236.7.12 - - [28/Feb/2026:22:42:49 +0100] "GET /wp-content/plugins/facebook-pagelike-widget/fb.js?ver=1.0 HTTP/1.1" 200 464 "https://logopedia.uni.wroc.pl/" "Mozilla/5.0 (Linux; Android 10; K) AppleWebKit/537.36 (KHTML, like Gecko) Chrome/145.0.0.0 Mobile Safari/537.36"
77.236.7.12 - - [28/Feb/2026:22:42:49 +0100] "GET /wp-includes/js/wp-emoji-release.min.js?ver=6.0.11 HTTP/1.1" 200 10958 "https://logopedia.uni.wroc.pl/" "Mozilla/5.0 (Linux; Android 10; K) AppleWebKit/537.36 (KHTML, like Gecko) Chrome/145.0.0.0 Mobile Safari/537.36"
77.236.7.12 - - [28/Feb/2026:22:42:49 +0100] "GET /wp-content/uploads/2020/01/018.jpg HTTP/1.1" 200 551078 "https://logopedia.uni.wroc.pl/" "Mozilla/5.0 (Linux; Android 10; K) AppleWebKit/537.36 (KHTML, like Gecko) Chrome/145.0.0.0 Mobile Safari/537.36"
77.236.7.12 - - [28/Feb/2026:22:42:50 +0100] "GET /wp-content/uploads/2020/01/cropped-ikona-192x192.png HTTP/1.1" 200 16184 "https://logopedia.uni.wroc.pl/" "Mozilla/5.0 (Linux; Android 10; K) AppleWebKit/537.36 (KHTML, like Gecko) Chrome/145.0.0.0 Mobile Safari/537.36"
77.236.7.12 - - [28/Feb/2026:22:42:50 +0100] "GET /wp-content/uploads/2020/01/cropped-ikona-180x180.png HTTP/1.1" 200 14978 "https://logopedia.uni.wroc.pl/" "Mozilla/5.0 (Linux; Android 10; K) AppleWebKit/537.36 (KHTML, like Gecko) Chrome/145.0.0.0 Mobile Safari/537.36"
77.236.7.12 - - [28/Feb/2026:22:43:28 +0100] "GET /author/sekretariat/ HTTP/1.1" 200 17709 "https://logopedia.uni.wroc.pl/" "Mozilla/5.0 (Linux; Android 10; K) AppleWebKit/537.36 (KHTML, like Gecko) Chrome/145.0.0.0 Mobile Safari/537.36"
114.119.136.96 - - [28/Feb/2026:22:44:04 +0100] "GET /author/kamil_wabnic/page/4 HTTP/1.1" 301 5800 "http://logopedia.uni.wroc.pl/author/kamil_wabnic/page/4" "Mozilla/5.0 (Linux; Android 7.0;) AppleWebKit/537.36 (KHTML, like Gecko) Mobile Safari/537.36 (compatible; PetalBot;+https://webmaster.petalsearch.com/site/petalbot)"
114.119.154.200 - - [28/Feb/2026:22:44:04 +0100] "GET /author/kamil_wabnic/page/2/ HTTP/1.1" 200 18360 "https://logopedia.uni.wroc.pl/author/kamil_wabnic/page/2/" "Mozilla/5.0 (Linux; Android 7.0;) AppleWebKit/537.36 (KHTML, like Gecko) Mobile Safari/537.36 (compatible; PetalBot;+https://webmaster.petalsearch.com/site/petalbot)"
114.119.151.74 - - [28/Feb/2026:22:44:05 +0100] "GET /aktualnosci/praktyki-surdologopedyczne-w-ifp-uwr/ HTTP/1.1" 200 17708 "https://logopedia.uni.wroc.pl/page/30/" "Mozilla/5.0 (Linux; Android 7.0;) AppleWebKit/537.36 (KHTML, like Gecko) Mobile Safari/537.36 (compatible; PetalBot;+https://webmaster.petalsearch.com/site/petalbot)"
114.119.136.96 - - [28/Feb/2026:22:44:06 +0100] "GET /author/kamil_wabnic/page/4/ HTTP/1.1" 200 18225 "http://logopedia.uni.wroc.pl/author/kamil_wabnic/page/4" "Mozilla/5.0 (Linux; Android 7.0;) AppleWebKit/537.36 (KHTML, like Gecko) Mobile Safari/537.36 (compatible; PetalBot;+https://webmaster.petalsearch.com/site/petalbot)"
52.167.144.172 - - [28/Feb/2026:22:45:19 +0100] "GET /wp-content/uploads/2023/06/02.jpg HTTP/1.1" 200 67537 "-" "Mozilla/5.0 AppleWebKit/537.36 (KHTML, like Gecko; compatible; bingbot/2.0; +http://www.bing.com/bingbot.htm) Chrome/116.0.1938.76 Safari/537.36"
17.246.19.18 - - [28/Feb/2026:22:51:35 +0100] "GET /manual/style/css/manual.css HTTP/1.1" 200 10060 "https://logopedia.uni.wroc.pl/manual/pt-br/mod/mod_status.html" "Mozilla/5.0 (Macintosh; Intel Mac OS X 10_15_7) AppleWebKit/605.1.15 (KHTML, like Gecko) Version/17.4 Safari/605.1.15 (Applebot/0.1; +http://www.apple.com/go/applebot)"
17.246.19.217 - - [28/Feb/2026:22:51:36 +0100] "GET /manual/style/css/prettify.css HTTP/1.1" 200 6967 "https://logopedia.uni.wroc.pl/manual/pt-br/mod/mod_status.html" "Mozilla/5.0 (Macintosh; Intel Mac OS X 10_15_7) AppleWebKit/605.1.15 (KHTML, like Gecko) Version/17.4 Safari/605.1.15 (Applebot/0.1; +http://www.apple.com/go/applebot)"
17.246.23.41 - - [28/Feb/2026:22:51:38 +0100] "GET /manual/style/scripts/prettify.min.js HTTP/1.1" 200 18505 "https://logopedia.uni.wroc.pl/manual/pt-br/mod/mod_status.html" "Mozilla/5.0 (Macintosh; Intel Mac OS X 10_15_7) AppleWebKit/605.1.15 (KHTML, like Gecko) Version/17.4 Safari/605.1.15 (Applebot/0.1; +http://www.apple.com/go/applebot)"
17.246.23.41 - - [28/Feb/2026:22:51:39 +0100] "GET /manual/style/css/manual-print.css HTTP/1.1" 200 3514 "https://logopedia.uni.wroc.pl/manual/pt-br/mod/mod_status.html" "Mozilla/5.0 (Macintosh; Intel Mac OS X 10_15_7) AppleWebKit/605.1.15 (KHTML, like Gecko) Version/17.4 Safari/605.1.15 (Applebot/0.1; +http://www.apple.com/go/applebot)"
17.246.23.140 - - [28/Feb/2026:22:51:46 +0100] "GET /manual/style/css/manual-loose-100pc.css HTTP/1.1" 200 6970 "https://logopedia.uni.wroc.pl/manual/pt-br/mod/mod_status.html" "Mozilla/5.0 (Macintosh; Intel Mac OS X 10_15_7) AppleWebKit/605.1.15 (KHTML, like Gecko) Version/17.4 Safari/605.1.15 (Applebot/0.1; +http://www.apple.com/go/applebot)"
156.17.87.172 - - [28/Feb/2026:23:05:08 +0100] "POST /wp-cron.php?doing_wp_cron=1772316308.1164178848266601562500 HTTP/1.1" 200 5608 "https://logopedia.uni.wroc.pl/wp-cron.php?doing_wp_cron=1772316308.1164178848266601562500" "WordPress/6.0.11; https://logopedia.uni.wroc.pl"
91.230.99.156 - - [28/Feb/2026:23:05:06 +0100] "GET /aktualnosci/zaproszenie-na-konferencje-do-krakowa-2/ HTTP/1.1" 200 17668 "https://www.google.com/" "Mozilla/5.0 (iPhone; CPU iPhone OS 18_7 like Mac OS X) AppleWebKit/605.1.15 (KHTML, like Gecko) Version/26.2 Mobile/15E148 Safari/604.1"
91.230.99.156 - - [28/Feb/2026:23:05:08 +0100] "GET /wp-includes/js/wp-emoji-release.min.js?ver=6.0.11 HTTP/1.1" 200 10763 "https://logopedia.uni.wroc.pl/aktualnosci/zaproszenie-na-konferencje-do-krakowa-2/" "Mozilla/5.0 (iPhone; CPU iPhone OS 18_7 like Mac OS X) AppleWebKit/605.1.15 (KHTML, like Gecko) Version/26.2 Mobile/15E148 Safari/604.1"
91.230.99.156 - - [28/Feb/2026:23:05:08 +0100] "GET /wp-includes/css/dist/block-library/style.min.css?ver=6.0.11 HTTP/1.1" 200 12136 "https://logopedia.uni.wroc.pl/aktualnosci/zaproszenie-na-konferencje-do-krakowa-2/" "Mozilla/5.0 (iPhone; CPU iPhone OS 18_7 like Mac OS X) AppleWebKit/605.1.15 (KHTML, like Gecko) Version/26.2 Mobile/15E148 Safari/604.1"
91.230.99.156 - - [28/Feb/2026:23:05:08 +0100] "GET /wp-content/plugins/jetpack/css/jetpack.css?ver=11.5.3 HTTP/1.1" 200 16969 "https://logopedia.uni.wroc.pl/aktualnosci/zaproszenie-na-konferencje-do-krakowa-2/" "Mozilla/5.0 (iPhone; CPU iPhone OS 18_7 like Mac OS X) AppleWebKit/605.1.15 (KHTML, like Gecko) Version/26.2 Mobile/15E148 Safari/604.1"
91.230.99.156 - - [28/Feb/2026:23:05:08 +0100] "GET /wp-content/themes/customify/assets/js/theme.min.js?ver=0.4.6 HTTP/1.1" 200 4192 "https://logopedia.uni.wroc.pl/aktualnosci/zaproszenie-na-konferencje-do-krakowa-2/" "Mozilla/5.0 (iPhone; CPU iPhone OS 18_7 like Mac OS X) AppleWebKit/605.1.15 (KHTML, like Gecko) Version/26.2 Mobile/15E148 Safari/604.1"
91.230.99.156 - - [28/Feb/2026:23:05:08 +0100] "GET /wp-includes/js/mediaelement/mediaelementplayer-legacy.min.css?ver=4.2.16 HTTP/1.1" 200 3169 "https://logopedia.uni.wroc.pl/aktualnosci/zaproszenie-na-konferencje-do-krakowa-2/" "Mozilla/5.0 (iPhone; CPU iPhone OS 18_7 like Mac OS X) AppleWebKit/605.1.15 (KHTML, like Gecko) Version/26.2 Mobile/15E148 Safari/604.1"
91.230.99.156 - - [28/Feb/2026:23:05:08 +0100] "GET /wp-includes/js/mediaelement/wp-mediaelement.min.css?ver=6.0.11 HTTP/1.1" 200 6838 "https://logopedia.uni.wroc.pl/aktualnosci/zaproszenie-na-konferencje-do-krakowa-2/" "Mozilla/5.0 (iPhone; CPU iPhone OS 18_7 like Mac OS X) AppleWebKit/605.1.15 (KHTML, like Gecko) Version/26.2 Mobile/15E148 Safari/604.1"
91.230.99.156 - - [28/Feb/2026:23:05:08 +0100] "GET /wp-content/themes/customify/assets/fonts/font-awesome/css/font-awesome.min.css?ver=5.0.0 HTTP/1.1" 200 12793 "https://logopedia.uni.wroc.pl/aktualnosci/zaproszenie-na-konferencje-do-krakowa-2/" "Mozilla/5.0 (iPhone; CPU iPhone OS 18_7 like Mac OS X) AppleWebKit/605.1.15 (KHTML, like Gecko) Version/26.2 Mobile/15E148 Safari/604.1"
91.230.99.156 - - [28/Feb/2026:23:05:08 +0100] "GET /wp-includes/js/jquery/jquery.min.js?ver=3.6.0 HTTP/1.1" 200 31435 "https://logopedia.uni.wroc.pl/aktualnosci/zaproszenie-na-konferencje-do-krakowa-2/" "Mozilla/5.0 (iPhone; CPU iPhone OS 18_7 like Mac OS X) AppleWebKit/605.1.15 (KHTML, like Gecko) Version/26.2 Mobile/15E148 Safari/604.1"
91.230.99.156 - - [28/Feb/2026:23:05:08 +0100] "GET /wp-content/plugins/facebook-pagelike-widget/fb.js?ver=1.0 HTTP/1.1" 200 464 "https://logopedia.uni.wroc.pl/aktualnosci/zaproszenie-na-konferencje-do-krakowa-2/" "Mozilla/5.0 (iPhone; CPU iPhone OS 18_7 like Mac OS X) AppleWebKit/605.1.15 (KHTML, like Gecko) Version/26.2 Mobile/15E148 Safari/604.1"
91.230.99.156 - - [28/Feb/2026:23:05:08 +0100] "GET /wp-includes/js/jquery/jquery-migrate.min.js?ver=3.3.2 HTTP/1.1" 200 4607 "https://logopedia.uni.wroc.pl/aktualnosci/zaproszenie-na-konferencje-do-krakowa-2/" "Mozilla/5.0 (iPhone; CPU iPhone OS 18_7 like Mac OS X) AppleWebKit/605.1.15 (KHTML, like Gecko) Version/26.2 Mobile/15E148 Safari/604.1"
91.230.99.156 - - [28/Feb/2026:23:05:08 +0100] "GET /wp-content/themes/customify/style.min.css?ver=0.4.6 HTTP/1.1" 200 27507 "https://logopedia.uni.wroc.pl/aktualnosci/zaproszenie-na-konferencje-do-krakowa-2/" "Mozilla/5.0 (iPhone; CPU iPhone OS 18_7 like Mac OS X) AppleWebKit/605.1.15 (KHTML, like Gecko) Version/26.2 Mobile/15E148 Safari/604.1"
91.230.99.156 - - [28/Feb/2026:23:05:08 +0100] "GET /wp-content/uploads/2020/01/cropped-Logo.png HTTP/1.1" 200 77516 "https://logopedia.uni.wroc.pl/aktualnosci/zaproszenie-na-konferencje-do-krakowa-2/" "Mozilla/5.0 (iPhone; CPU iPhone OS 18_7 like Mac OS X) AppleWebKit/605.1.15 (KHTML, like Gecko) Version/26.2 Mobile/15E148 Safari/604.1"
91.230.99.156 - - [28/Feb/2026:23:05:08 +0100] "GET /wp-content/uploads/2022/10/UWr-logo2a.png HTTP/1.1" 200 34648 "https://logopedia.uni.wroc.pl/aktualnosci/zaproszenie-na-konferencje-do-krakowa-2/" "Mozilla/5.0 (iPhone; CPU iPhone OS 18_7 like Mac OS X) AppleWebKit/605.1.15 (KHTML, like Gecko) Version/26.2 Mobile/15E148 Safari/604.1"
91.230.99.156 - - [28/Feb/2026:23:05:08 +0100] "GET /wp-content/themes/customify/assets/fonts/font-awesome/fonts/fontawesome-webfont.woff2?v=4.7.0 HTTP/1.1" 200 77597 "https://logopedia.uni.wroc.pl/aktualnosci/zaproszenie-na-konferencje-do-krakowa-2/" "Mozilla/5.0 (iPhone; CPU iPhone OS 18_7 like Mac OS X) AppleWebKit/605.1.15 (KHTML, like Gecko) Version/26.2 Mobile/15E148 Safari/604.1"
91.230.99.156 - - [28/Feb/2026:23:05:08 +0100] "GET /wp-content/plugins/facebook-pagelike-widget/loader.gif HTTP/1.1" 200 8582 "https://logopedia.uni.wroc.pl/aktualnosci/zaproszenie-na-konferencje-do-krakowa-2/" "Mozilla/5.0 (iPhone; CPU iPhone OS 18_7 like Mac OS X) AppleWebKit/605.1.15 (KHTML, like Gecko) Version/26.2 Mobile/15E148 Safari/604.1"
91.230.99.156 - - [28/Feb/2026:23:05:10 +0100] "GET /wp-content/uploads/2020/01/cropped-ikona-192x192.png HTTP/1.1" 200 16184 "https://logopedia.uni.wroc.pl/aktualnosci/zaproszenie-na-konferencje-do-krakowa-2/" "Mozilla/5.0 (iPhone; CPU iPhone OS 18_7 like Mac OS X) AppleWebKit/605.1.15 (KHTML, like Gecko) Version/26.2 Mobile/15E148 Safari/604.1"
91.230.99.156 - - [28/Feb/2026:23:05:10 +0100] "GET /wp-content/uploads/2020/01/cropped-ikona-32x32.png HTTP/1.1" 200 2406 "https://logopedia.uni.wroc.pl/aktualnosci/zaproszenie-na-konferencje-do-krakowa-2/" "Mozilla/5.0 (iPhone; CPU iPhone OS 18_7 like Mac OS X) AppleWebKit/605.1.15 (KHTML, like Gecko) Version/26.2 Mobile/15E148 Safari/604.1"
52.167.144.203 - - [28/Feb/2026:23:06:42 +0100] "GET /manual/da/mod/mod_so.html HTTP/1.1" 200 10355 "-" "Mozilla/5.0 AppleWebKit/537.36 (KHTML, like Gecko; compatible; bingbot/2.0; +http://www.bing.com/bingbot.htm) Chrome/116.0.1938.76 Safari/537.36"
156.17.87.172 - - [28/Feb/2026:23:12:13 +0100] "POST /wp-cron.php?doing_wp_cron=1772316733.4424738883972167968750 HTTP/1.1" 200 5608 "https://logopedia.uni.wroc.pl/wp-cron.php?doing_wp_cron=1772316733.4424738883972167968750" "WordPress/6.0.11; https://logopedia.uni.wroc.pl"
37.30.18.20 - - [28/Feb/2026:23:12:12 +0100] "GET /aktualnosci/zajecia/siatki-zajec/ HTTP/1.1" 200 17056 "https://www.google.com/" "Mozilla/5.0 (Linux; Android 10; K) AppleWebKit/537.36 (KHTML, like Gecko) Chrome/140.0.0.0 Mobile Safari/537.36"
37.30.18.20 - - [28/Feb/2026:23:12:14 +0100] "GET /wp-includes/css/dist/block-library/style.min.css?ver=6.0.11 HTTP/1.1" 200 12289 "https://logopedia.uni.wroc.pl/aktualnosci/zajecia/siatki-zajec/" "Mozilla/5.0 (Linux; Android 10; K) AppleWebKit/537.36 (KHTML, like Gecko) Chrome/140.0.0.0 Mobile Safari/537.36"
37.30.18.20 - - [28/Feb/2026:23:12:14 +0100] "GET /wp-includes/js/mediaelement/mediaelementplayer-legacy.min.css?ver=4.2.16 HTTP/1.1" 200 3169 "https://logopedia.uni.wroc.pl/aktualnosci/zajecia/siatki-zajec/" "Mozilla/5.0 (Linux; Android 10; K) AppleWebKit/537.36 (KHTML, like Gecko) Chrome/140.0.0.0 Mobile Safari/537.36"
37.30.18.20 - - [28/Feb/2026:23:12:14 +0100] "GET /wp-includes/js/mediaelement/wp-mediaelement.min.css?ver=6.0.11 HTTP/1.1" 200 1675 "https://logopedia.uni.wroc.pl/aktualnosci/zajecia/siatki-zajec/" "Mozilla/5.0 (Linux; Android 10; K) AppleWebKit/537.36 (KHTML, like Gecko) Chrome/140.0.0.0 Mobile Safari/537.36"
37.30.18.20 - - [28/Feb/2026:23:12:14 +0100] "GET /wp-content/themes/customify/assets/fonts/font-awesome/css/font-awesome.min.css?ver=5.0.0 HTTP/1.1" 200 7630 "https://logopedia.uni.wroc.pl/aktualnosci/zajecia/siatki-zajec/" "Mozilla/5.0 (Linux; Android 10; K) AppleWebKit/537.36 (KHTML, like Gecko) Chrome/140.0.0.0 Mobile Safari/537.36"
37.30.18.20 - - [28/Feb/2026:23:12:14 +0100] "GET /wp-content/themes/customify/style.min.css?ver=0.4.6 HTTP/1.1" 200 22344 "https://logopedia.uni.wroc.pl/aktualnosci/zajecia/siatki-zajec/" "Mozilla/5.0 (Linux; Android 10; K) AppleWebKit/537.36 (KHTML, like Gecko) Chrome/140.0.0.0 Mobile Safari/537.36"
37.30.18.20 - - [28/Feb/2026:23:12:14 +0100] "GET /wp-content/plugins/jetpack/css/jetpack.css?ver=11.5.3 HTTP/1.1" 200 17122 "https://logopedia.uni.wroc.pl/aktualnosci/zajecia/siatki-zajec/" "Mozilla/5.0 (Linux; Android 10; K) AppleWebKit/537.36 (KHTML, like Gecko) Chrome/140.0.0.0 Mobile Safari/537.36"
37.30.18.20 - - [28/Feb/2026:23:12:14 +0100] "GET /wp-content/uploads/2022/10/UWr-logo2a.png HTTP/1.1" 200 34648 "https://logopedia.uni.wroc.pl/aktualnosci/zajecia/siatki-zajec/" "Mozilla/5.0 (Linux; Android 10; K) AppleWebKit/537.36 (KHTML, like Gecko) Chrome/140.0.0.0 Mobile Safari/537.36"
37.30.18.20 - - [28/Feb/2026:23:12:14 +0100] "GET /wp-content/themes/customify/assets/js/theme.min.js?ver=0.4.6 HTTP/1.1" 200 4192 "https://logopedia.uni.wroc.pl/aktualnosci/zajecia/siatki-zajec/" "Mozilla/5.0 (Linux; Android 10; K) AppleWebKit/537.36 (KHTML, like Gecko) Chrome/140.0.0.0 Mobile Safari/537.36"
37.30.18.20 - - [28/Feb/2026:23:12:14 +0100] "GET /wp-content/plugins/facebook-pagelike-widget/loader.gif HTTP/1.1" 200 8582 "https://logopedia.uni.wroc.pl/aktualnosci/zajecia/siatki-zajec/" "Mozilla/5.0 (Linux; Android 10; K) AppleWebKit/537.36 (KHTML, like Gecko) Chrome/140.0.0.0 Mobile Safari/537.36"
37.30.18.20 - - [28/Feb/2026:23:12:14 +0100] "GET /wp-content/uploads/2020/01/cropped-Logo.png HTTP/1.1" 200 77516 "https://logopedia.uni.wroc.pl/aktualnosci/zajecia/siatki-zajec/" "Mozilla/5.0 (Linux; Android 10; K) AppleWebKit/537.36 (KHTML, like Gecko) Chrome/140.0.0.0 Mobile Safari/537.36"
37.30.18.20 - - [28/Feb/2026:23:12:14 +0100] "GET /wp-includes/js/jquery/jquery-migrate.min.js?ver=3.3.2 HTTP/1.1" 200 4607 "https://logopedia.uni.wroc.pl/aktualnosci/zajecia/siatki-zajec/" "Mozilla/5.0 (Linux; Android 10; K) AppleWebKit/537.36 (KHTML, like Gecko) Chrome/140.0.0.0 Mobile Safari/537.36"
37.30.18.20 - - [28/Feb/2026:23:12:14 +0100] "GET /wp-includes/js/jquery/jquery.min.js?ver=3.6.0 HTTP/1.1" 200 31435 "https://logopedia.uni.wroc.pl/aktualnosci/zajecia/siatki-zajec/" "Mozilla/5.0 (Linux; Android 10; K) AppleWebKit/537.36 (KHTML, like Gecko) Chrome/140.0.0.0 Mobile Safari/537.36"
37.30.18.20 - - [28/Feb/2026:23:12:14 +0100] "GET /wp-content/plugins/facebook-pagelike-widget/fb.js?ver=1.0 HTTP/1.1" 200 464 "https://logopedia.uni.wroc.pl/aktualnosci/zajecia/siatki-zajec/" "Mozilla/5.0 (Linux; Android 10; K) AppleWebKit/537.36 (KHTML, like Gecko) Chrome/140.0.0.0 Mobile Safari/537.36"
37.30.18.20 - - [28/Feb/2026:23:12:14 +0100] "GET /wp-includes/js/wp-emoji-release.min.js?ver=6.0.11 HTTP/1.1" 200 5447 "https://logopedia.uni.wroc.pl/aktualnosci/zajecia/siatki-zajec/" "Mozilla/5.0 (Linux; Android 10; K) AppleWebKit/537.36 (KHTML, like Gecko) Chrome/140.0.0.0 Mobile Safari/537.36"
37.30.18.20 - - [28/Feb/2026:23:12:14 +0100] "GET /wp-content/themes/customify/assets/fonts/font-awesome/fonts/fontawesome-webfont.woff2?v=4.7.0 HTTP/1.1" 200 77597 "https://logopedia.uni.wroc.pl/wp-content/themes/customify/assets/fonts/font-awesome/css/font-awesome.min.css?ver=5.0.0" "Mozilla/5.0 (Linux; Android 10; K) AppleWebKit/537.36 (KHTML, like Gecko) Chrome/140.0.0.0 Mobile Safari/537.36"
37.30.18.20 - - [28/Feb/2026:23:12:15 +0100] "GET /wp-content/uploads/2020/01/cropped-ikona-192x192.png HTTP/1.1" 200 16184 "https://logopedia.uni.wroc.pl/aktualnosci/zajecia/siatki-zajec/" "Mozilla/5.0 (Linux; Android 10; K) AppleWebKit/537.36 (KHTML, like Gecko) Chrome/140.0.0.0 Mobile Safari/537.36"
37.30.18.20 - - [28/Feb/2026:23:12:15 +0100] "GET /wp-content/uploads/2020/01/cropped-ikona-180x180.png HTTP/1.1" 200 14978 "https://logopedia.uni.wroc.pl/aktualnosci/zajecia/siatki-zajec/" "Mozilla/5.0 (Linux; Android 10; K) AppleWebKit/537.36 (KHTML, like Gecko) Chrome/140.0.0.0 Mobile Safari/537.36"
85.208.96.210 - - [28/Feb/2026:23:13:56 +0100] "GET /robots.txt HTTP/1.1" 200 5784 "-" "Mozilla/5.0 (compatible; SemrushBot/7~bl; +http://www.semrush.com/bot.html)"
185.191.171.13 - - [28/Feb/2026:23:13:58 +0100] "GET /aktualnosci/zapraszamy-na-film-johna-gomeza-when-i-stutter/ HTTP/1.1" 200 17888 "-" "Mozilla/5.0 (compatible; SemrushBot/7~bl; +http://www.semrush.com/bot.html)"
17.241.227.192 - - [28/Feb/2026:23:14:40 +0100] "GET /wydarzenia/kalendarium-prac-nad-ustawa-o-zawodzie-logopedy/feed/ HTTP/1.1" 200 6605 "-" "Mozilla/5.0 (Macintosh; Intel Mac OS X 10_15_7) AppleWebKit/605.1.15 (KHTML, like Gecko) Version/17.4 Safari/605.1.15 (Applebot/0.1; +http://www.apple.com/go/applebot)"
156.17.87.172 - - [28/Feb/2026:23:16:01 +0100] "POST /wp-cron.php?doing_wp_cron=1772316961.0664739608764648437500 HTTP/1.1" 200 5608 "https://logopedia.uni.wroc.pl/wp-cron.php?doing_wp_cron=1772316961.0664739608764648437500" "WordPress/6.0.11; https://logopedia.uni.wroc.pl"
156.17.87.172 - - [28/Feb/2026:23:16:01 +0100] "POST /wp-cron.php?doing_wp_cron=1772316961.0665550231933593750000 HTTP/1.1" 200 5608 "https://logopedia.uni.wroc.pl/wp-cron.php?doing_wp_cron=1772316961.0665550231933593750000" "WordPress/6.0.11; https://logopedia.uni.wroc.pl"
66.249.81.162 - - [28/Feb/2026:23:16:00 +0100] "GET /.well-known/traffic-advice HTTP/1.1" 404 53813 "-" "Chrome Privacy Preserving Prefetch Proxy"
193.186.4.47 - - [28/Feb/2026:23:16:00 +0100] "GET /wykladowcy/dr-hab-anna-majewska-tworek/ HTTP/1.1" 200 18057 "https://www.google.com/" "Mozilla/5.0 (Linux; Android 10; K) AppleWebKit/537.36 (KHTML, like Gecko) Chrome/145.0.0.0 Mobile Safari/537.36"
162.120.188.34 - - [28/Feb/2026:23:16:01 +0100] "GET /author/annamajewskatworek/ HTTP/1.1" 200 17840 "https://www.google.com/" "Mozilla/5.0 (Linux; Android 10; K) AppleWebKit/537.36 (KHTML, like Gecko) Chrome/145.0.0.0 Mobile Safari/537.36"
31.60.108.8 - - [28/Feb/2026:23:16:51 +0100] "GET /wp-content/uploads/2025/03/AMT_5-276x300.jpg HTTP/1.1" 200 19881 "https://www.google.com/" "Mozilla/5.0 (Linux; Android 10; K) AppleWebKit/537.36 (KHTML, like Gecko) Chrome/145.0.0.0 Mobile Safari/537.36"
31.60.108.8 - - [28/Feb/2026:23:16:52 +0100] "GET /wp-includes/js/mediaelement/mediaelementplayer-legacy.min.css?ver=4.2.16 HTTP/1.1" 200 3169 "-" "Mozilla/5.0 (Linux; Android 10; K) AppleWebKit/537.36 (KHTML, like Gecko) Chrome/145.0.0.0 Mobile Safari/537.36"
31.60.108.8 - - [28/Feb/2026:23:16:52 +0100] "GET /wp-includes/js/mediaelement/wp-mediaelement.min.css?ver=6.0.11 HTTP/1.1" 200 1675 "-" "Mozilla/5.0 (Linux; Android 10; K) AppleWebKit/537.36 (KHTML, like Gecko) Chrome/145.0.0.0 Mobile Safari/537.36"
31.60.108.8 - - [28/Feb/2026:23:16:52 +0100] "GET /wp-includes/css/dist/block-library/style.min.css?ver=6.0.11 HTTP/1.1" 200 12289 "-" "Mozilla/5.0 (Linux; Android 10; K) AppleWebKit/537.36 (KHTML, like Gecko) Chrome/145.0.0.0 Mobile Safari/537.36"
31.60.108.8 - - [28/Feb/2026:23:16:52 +0100] "GET /wp-content/themes/customify/assets/fonts/font-awesome/css/font-awesome.min.css?ver=5.0.0 HTTP/1.1" 200 7477 "-" "Mozilla/5.0 (Linux; Android 10; K) AppleWebKit/537.36 (KHTML, like Gecko) Chrome/145.0.0.0 Mobile Safari/537.36"
31.60.108.8 - - [28/Feb/2026:23:16:52 +0100] "GET /wp-content/themes/customify/style.min.css?ver=0.4.6 HTTP/1.1" 200 22191 "-" "Mozilla/5.0 (Linux; Android 10; K) AppleWebKit/537.36 (KHTML, like Gecko) Chrome/145.0.0.0 Mobile Safari/537.36"
31.60.108.8 - - [28/Feb/2026:23:16:52 +0100] "GET /wp-content/plugins/jetpack/css/jetpack.css?ver=11.5.3 HTTP/1.1" 200 16969 "-" "Mozilla/5.0 (Linux; Android 10; K) AppleWebKit/537.36 (KHTML, like Gecko) Chrome/145.0.0.0 Mobile Safari/537.36"
156.17.87.172 - - [28/Feb/2026:23:16:52 +0100] "POST /wp-cron.php?doing_wp_cron=1772317012.4854340553283691406250 HTTP/1.1" 200 5608 "https://logopedia.uni.wroc.pl/wp-cron.php?doing_wp_cron=1772317012.4854340553283691406250" "WordPress/6.0.11; https://logopedia.uni.wroc.pl"
31.60.108.8 - - [28/Feb/2026:23:16:52 +0100] "GET /wykladowcy/ HTTP/1.1" 200 12914 "https://www.google.com/" "Mozilla/5.0 (Linux; Android 10; K) AppleWebKit/537.36 (KHTML, like Gecko) Chrome/145.0.0.0 Mobile Safari/537.36"
31.60.108.8 - - [28/Feb/2026:23:16:52 +0100] "GET /wp-content/uploads/2020/01/cropped-Logo.png HTTP/1.1" 200 77516 "https://logopedia.uni.wroc.pl/wykladowcy/" "Mozilla/5.0 (Linux; Android 10; K) AppleWebKit/537.36 (KHTML, like Gecko) Chrome/145.0.0.0 Mobile Safari/537.36"
31.60.108.8 - - [28/Feb/2026:23:16:52 +0100] "GET /wp-content/uploads/2022/10/UWr-logo2a.png HTTP/1.1" 200 34648 "https://logopedia.uni.wroc.pl/wykladowcy/" "Mozilla/5.0 (Linux; Android 10; K) AppleWebKit/537.36 (KHTML, like Gecko) Chrome/145.0.0.0 Mobile Safari/537.36"
31.60.108.8 - - [28/Feb/2026:23:16:52 +0100] "GET /wp-content/uploads/2025/03/AMT_5-768x834.jpg HTTP/1.1" 200 66253 "https://logopedia.uni.wroc.pl/wykladowcy/" "Mozilla/5.0 (Linux; Android 10; K) AppleWebKit/537.36 (KHTML, like Gecko) Chrome/145.0.0.0 Mobile Safari/537.36"
31.60.108.8 - - [28/Feb/2026:23:16:52 +0100] "GET /wp-content/themes/customify/assets/js/theme.min.js?ver=0.4.6 HTTP/1.1" 200 4192 "https://logopedia.uni.wroc.pl/wykladowcy/" "Mozilla/5.0 (Linux; Android 10; K) AppleWebKit/537.36 (KHTML, like Gecko) Chrome/145.0.0.0 Mobile Safari/537.36"
31.60.108.8 - - [28/Feb/2026:23:16:52 +0100] "GET /wp-content/themes/customify/assets/fonts/font-awesome/fonts/fontawesome-webfont.woff2?v=4.7.0 HTTP/1.1" 200 77597 "https://logopedia.uni.wroc.pl/wp-content/themes/customify/assets/fonts/font-awesome/css/font-awesome.min.css?ver=5.0.0" "Mozilla/5.0 (Linux; Android 10; K) AppleWebKit/537.36 (KHTML, like Gecko) Chrome/145.0.0.0 Mobile Safari/537.36"
31.60.108.8 - - [28/Feb/2026:23:16:52 +0100] "GET /wp-includes/js/jquery/jquery-migrate.min.js?ver=3.3.2 HTTP/1.1" 200 4607 "https://logopedia.uni.wroc.pl/wykladowcy/" "Mozilla/5.0 (Linux; Android 10; K) AppleWebKit/537.36 (KHTML, like Gecko) Chrome/145.0.0.0 Mobile Safari/537.36"
31.60.108.8 - - [28/Feb/2026:23:16:52 +0100] "GET /wp-includes/js/jquery/jquery.min.js?ver=3.6.0 HTTP/1.1" 200 31435 "https://logopedia.uni.wroc.pl/wykladowcy/" "Mozilla/5.0 (Linux; Android 10; K) AppleWebKit/537.36 (KHTML, like Gecko) Chrome/145.0.0.0 Mobile Safari/537.36"
31.60.108.8 - - [28/Feb/2026:23:16:52 +0100] "GET /wp-content/uploads/2020/01/018.jpg HTTP/1.1" 200 551078 "https://logopedia.uni.wroc.pl/wykladowcy/" "Mozilla/5.0 (Linux; Android 10; K) AppleWebKit/537.36 (KHTML, like Gecko) Chrome/145.0.0.0 Mobile Safari/537.36"
31.60.108.8 - - [28/Feb/2026:23:16:52 +0100] "GET /wp-content/plugins/facebook-pagelike-widget/fb.js?ver=1.0 HTTP/1.1" 200 617 "https://logopedia.uni.wroc.pl/wykladowcy/" "Mozilla/5.0 (Linux; Android 10; K) AppleWebKit/537.36 (KHTML, like Gecko) Chrome/145.0.0.0 Mobile Safari/537.36"
31.60.108.8 - - [28/Feb/2026:23:16:52 +0100] "GET /wp-content/plugins/facebook-pagelike-widget/loader.gif HTTP/1.1" 200 8735 "https://logopedia.uni.wroc.pl/wykladowcy/" "Mozilla/5.0 (Linux; Android 10; K) AppleWebKit/537.36 (KHTML, like Gecko) Chrome/145.0.0.0 Mobile Safari/537.36"
31.60.108.8 - - [28/Feb/2026:23:16:52 +0100] "GET /wp-includes/js/wp-emoji-release.min.js?ver=6.0.11 HTTP/1.1" 200 5447 "https://logopedia.uni.wroc.pl/wykladowcy/" "Mozilla/5.0 (Linux; Android 10; K) AppleWebKit/537.36 (KHTML, like Gecko) Chrome/145.0.0.0 Mobile Safari/537.36"
31.60.108.8 - - [28/Feb/2026:23:16:52 +0100] "GET /wp-content/uploads/2020/11/Gabriela-Dragun-2.jpg HTTP/1.1" 200 84760 "https://logopedia.uni.wroc.pl/wykladowcy/" "Mozilla/5.0 (Linux; Android 10; K) AppleWebKit/537.36 (KHTML, like Gecko) Chrome/145.0.0.0 Mobile Safari/537.36"
31.60.108.8 - - [28/Feb/2026:23:16:52 +0100] "GET /wp-content/uploads/2022/09/Lucyna-3.jpg HTTP/1.1" 200 84747 "https://logopedia.uni.wroc.pl/wykladowcy/" "Mozilla/5.0 (Linux; Android 10; K) AppleWebKit/537.36 (KHTML, like Gecko) Chrome/145.0.0.0 Mobile Safari/537.36"
31.60.108.8 - - [28/Feb/2026:23:16:53 +0100] "GET /wp-content/uploads/2020/01/cropped-ikona-192x192.png HTTP/1.1" 200 16184 "https://logopedia.uni.wroc.pl/wykladowcy/" "Mozilla/5.0 (Linux; Android 10; K) AppleWebKit/537.36 (KHTML, like Gecko) Chrome/145.0.0.0 Mobile Safari/537.36"
31.60.108.8 - - [28/Feb/2026:23:16:53 +0100] "GET /wp-content/uploads/2020/01/cropped-ikona-180x180.png HTTP/1.1" 200 14978 "https://logopedia.uni.wroc.pl/wykladowcy/" "Mozilla/5.0 (Linux; Android 10; K) AppleWebKit/537.36 (KHTML, like Gecko) Chrome/145.0.0.0 Mobile Safari/537.36"
31.60.108.8 - - [28/Feb/2026:23:16:54 +0100] "GET /wp-content/uploads/2021/12/Jola.jpg HTTP/1.1" 200 6011 "https://logopedia.uni.wroc.pl/wykladowcy/" "Mozilla/5.0 (Linux; Android 10; K) AppleWebKit/537.36 (KHTML, like Gecko) Chrome/145.0.0.0 Mobile Safari/537.36"
31.60.108.8 - - [28/Feb/2026:23:17:00 +0100] "GET /wykladowcy/dr-hab-anna-majewska-tworek/ HTTP/1.1" 200 12699 "https://logopedia.uni.wroc.pl/wykladowcy/" "Mozilla/5.0 (Linux; Android 10; K) AppleWebKit/537.36 (KHTML, like Gecko) Chrome/145.0.0.0 Mobile Safari/537.36"
31.60.108.8 - - [28/Feb/2026:23:17:01 +0100] "GET /wp-content/uploads/2025/03/AMT_4.jpg HTTP/1.1" 200 328688 "https://logopedia.uni.wroc.pl/wykladowcy/dr-hab-anna-majewska-tworek/" "Mozilla/5.0 (Linux; Android 10; K) AppleWebKit/537.36 (KHTML, like Gecko) Chrome/145.0.0.0 Mobile Safari/537.36"
31.60.108.8 - - [28/Feb/2026:23:17:35 +0100] "GET /wp-content/uploads/2021/09/Zosia-K.jpg HTTP/1.1" 200 93856 "https://logopedia.uni.wroc.pl/wykladowcy/" "Mozilla/5.0 (Linux; Android 10; K) AppleWebKit/537.36 (KHTML, like Gecko) Chrome/145.0.0.0 Mobile Safari/537.36"
31.60.108.8 - - [28/Feb/2026:23:17:58 +0100] "GET /wykladowcy/page/2/ HTTP/1.1" 404 48470 "https://logopedia.uni.wroc.pl/wykladowcy/" "Mozilla/5.0 (Linux; Android 10; K) AppleWebKit/537.36 (KHTML, like Gecko) Chrome/145.0.0.0 Mobile Safari/537.36"
31.60.108.8 - - [28/Feb/2026:23:19:50 +0100] "GET /wp-content/uploads/2020/11/Gabriela-Dragun-2-300x300.jpg HTTP/1.1" 200 15945 "https://myactivity.google.com/" "Mozilla/5.0 (Linux; Android 10; K) AppleWebKit/537.36 (KHTML, like Gecko) Chrome/145.0.0.0 Mobile Safari/537.36"
31.60.108.8 - - [28/Feb/2026:23:19:51 +0100] "GET /wp-content/uploads/2020/01/cropped-ikona-180x180.png HTTP/1.1" 200 15131 "https://myactivity.google.com/" "Mozilla/5.0 (Linux; Android 10; K) AppleWebKit/537.36 (KHTML, like Gecko) Chrome/145.0.0.0 Mobile Safari/537.36"
31.60.108.8 - - [28/Feb/2026:23:19:50 +0100] "GET /wp-content/uploads/2025/03/AMT_4-683x1024.jpg HTTP/1.1" 200 75810 "https://myactivity.google.com/" "Mozilla/5.0 (Linux; Android 10; K) AppleWebKit/537.36 (KHTML, like Gecko) Chrome/145.0.0.0 Mobile Safari/537.36"
156.17.87.172 - - [28/Feb/2026:23:44:34 +0100] "POST /wp-cron.php?doing_wp_cron=1772318674.8933339118957519531250 HTTP/1.1" 200 5608 "https://logopedia.uni.wroc.pl/wp-cron.php?doing_wp_cron=1772318674.8933339118957519531250" "WordPress/6.0.11; https://logopedia.uni.wroc.pl"
66.249.77.13 - - [28/Feb/2026:23:44:33 +0100] "GET /page/32/?query-8-page=6&cst HTTP/1.1" 200 17821 "-" "Mozilla/5.0 (Linux; Android 6.0.1; Nexus 5X Build/MMB29P) AppleWebKit/537.36 (KHTML, like Gecko) Chrome/144.0.7559.132 Mobile Safari/537.36 (compatible; Googlebot/2.1; +http://www.google.com/bot.html)"
156.17.87.172 - - [28/Feb/2026:23:49:15 +0100] "POST /wp-cron.php?doing_wp_cron=1772318955.2655069828033447265625 HTTP/1.1" 200 5608 "https://logopedia.uni.wroc.pl/wp-cron.php?doing_wp_cron=1772318955.2655069828033447265625" "WordPress/6.0.11; https://logopedia.uni.wroc.pl"
185.191.171.11 - - [28/Feb/2026:23:49:14 +0100] "GET /page/4/?query-8-page=2 HTTP/1.1" 200 17826 "-" "Mozilla/5.0 (compatible; SemrushBot/7~bl; +http://www.semrush.com/bot.html)"
156.17.87.172 - - [28/Feb/2026:23:51:40 +0100] "POST /wp-cron.php?doing_wp_cron=1772319100.7005400657653808593750 HTTP/1.1" 200 5608 "https://logopedia.uni.wroc.pl/wp-cron.php?doing_wp_cron=1772319100.7005400657653808593750" "WordPress/6.0.11; https://logopedia.uni.wroc.pl"
85.208.96.202 - - [28/Feb/2026:23:51:39 +0100] "GET /page/17/?query-8-page=2 HTTP/1.1" 200 17965 "-" "Mozilla/5.0 (compatible; SemrushBot/7~bl; +http://www.semrush.com/bot.html)"
156.17.87.172 - - [28/Feb/2026:23:55:32 +0100] "POST /wp-cron.php?doing_wp_cron=1772319332.1670410633087158203125 HTTP/1.1" 200 5608 "https://logopedia.uni.wroc.pl/wp-cron.php?doing_wp_cron=1772319332.1670410633087158203125" "WordPress/6.0.11; https://logopedia.uni.wroc.pl"
147.185.132.70 - - [28/Feb/2026:23:55:31 +0100] "GET / HTTP/1.1" 200 67557 "-" "Hello from Palo Alto Networks, find out more about our scans in https://docs-cortex.paloaltonetworks.com/r/1/Cortex-Xpanse/Scanning-activity"
52.167.144.25 - - [28/Feb/2026:23:55:56 +0100] "GET /manual/zh-cn/index.html HTTP/1.1" 200 8676 "-" "Mozilla/5.0 AppleWebKit/537.36 (KHTML, like Gecko; compatible; bingbot/2.0; +http://www.bing.com/bingbot.htm) Chrome/116.0.1938.76 Safari/537.36"
156.17.87.172 - - [28/Feb/2026:23:59:20 +0100] "POST /wp-cron.php?doing_wp_cron=1772319560.8194758892059326171875 HTTP/1.1" 200 5608 "https://logopedia.uni.wroc.pl/wp-cron.php?doing_wp_cron=1772319560.8194758892059326171875" "WordPress/6.0.11; https://logopedia.uni.wroc.pl"
66.249.77.13 - - [28/Feb/2026:23:59:19 +0100] "GET /neurologopedia-plakat-2024/ HTTP/1.1" 200 16520 "-" "Mozilla/5.0 (Linux; Android 6.0.1; Nexus 5X Build/MMB29P) AppleWebKit/537.36 (KHTML, like Gecko) Chrome/144.0.7559.132 Mobile Safari/537.36 (compatible; Googlebot/2.1; +http://www.google.com/bot.html)"