94.246.165.91 - - [28/Feb/2026:12:02:42 +0100] "GET /wp-content/themes/customify/style.min.css?ver=0.4.6 HTTP/1.1" 200 22344 "https://logopedia.uni.wroc.pl/wykladowcy/mgr-anna-plonka/" "Mozilla/5.0 (Linux; Android 10; K) AppleWebKit/537.36 (KHTML, like Gecko) Chrome/145.0.0.0 Mobile Safari/537.36"
94.246.165.91 - - [28/Feb/2026:12:02:42 +0100] "GET /wp-content/uploads/2022/10/UWr-logo2a.png HTTP/1.1" 200 34801 "https://logopedia.uni.wroc.pl/wykladowcy/mgr-anna-plonka/" "Mozilla/5.0 (Linux; Android 10; K) AppleWebKit/537.36 (KHTML, like Gecko) Chrome/145.0.0.0 Mobile Safari/537.36"
94.246.165.91 - - [28/Feb/2026:12:02:42 +0100] "GET /wp-content/uploads/2021/02/Anna-Plonka.jpg HTTP/1.1" 200 27514 "https://logopedia.uni.wroc.pl/wykladowcy/mgr-anna-plonka/" "Mozilla/5.0 (Linux; Android 10; K) AppleWebKit/537.36 (KHTML, like Gecko) Chrome/145.0.0.0 Mobile Safari/537.36"
94.246.165.91 - - [28/Feb/2026:12:02:42 +0100] "GET /wp-content/themes/customify/assets/js/theme.min.js?ver=0.4.6 HTTP/1.1" 200 4192 "https://logopedia.uni.wroc.pl/wykladowcy/mgr-anna-plonka/" "Mozilla/5.0 (Linux; Android 10; K) AppleWebKit/537.36 (KHTML, like Gecko) Chrome/145.0.0.0 Mobile Safari/537.36"
94.246.165.91 - - [28/Feb/2026:12:02:42 +0100] "GET /wp-content/uploads/2020/01/cropped-Logo.png HTTP/1.1" 200 77669 "https://logopedia.uni.wroc.pl/wykladowcy/mgr-anna-plonka/" "Mozilla/5.0 (Linux; Android 10; K) AppleWebKit/537.36 (KHTML, like Gecko) Chrome/145.0.0.0 Mobile Safari/537.36"
94.246.165.91 - - [28/Feb/2026:12:02:42 +0100] "GET /wp-includes/js/jquery/jquery.min.js?ver=3.6.0 HTTP/1.1" 200 31435 "https://logopedia.uni.wroc.pl/wykladowcy/mgr-anna-plonka/" "Mozilla/5.0 (Linux; Android 10; K) AppleWebKit/537.36 (KHTML, like Gecko) Chrome/145.0.0.0 Mobile Safari/537.36"
94.246.165.91 - - [28/Feb/2026:12:02:42 +0100] "GET /wp-includes/js/jquery/jquery-migrate.min.js?ver=3.3.2 HTTP/1.1" 200 4607 "https://logopedia.uni.wroc.pl/wykladowcy/mgr-anna-plonka/" "Mozilla/5.0 (Linux; Android 10; K) AppleWebKit/537.36 (KHTML, like Gecko) Chrome/145.0.0.0 Mobile Safari/537.36"
94.246.165.91 - - [28/Feb/2026:12:02:42 +0100] "GET /wp-content/plugins/facebook-pagelike-widget/fb.js?ver=1.0 HTTP/1.1" 200 464 "https://logopedia.uni.wroc.pl/wykladowcy/mgr-anna-plonka/" "Mozilla/5.0 (Linux; Android 10; K) AppleWebKit/537.36 (KHTML, like Gecko) Chrome/145.0.0.0 Mobile Safari/537.36"
94.246.165.91 - - [28/Feb/2026:12:02:42 +0100] "GET /wp-content/plugins/facebook-pagelike-widget/loader.gif HTTP/1.1" 200 8582 "https://logopedia.uni.wroc.pl/wykladowcy/mgr-anna-plonka/" "Mozilla/5.0 (Linux; Android 10; K) AppleWebKit/537.36 (KHTML, like Gecko) Chrome/145.0.0.0 Mobile Safari/537.36"
94.246.165.91 - - [28/Feb/2026:12:02:42 +0100] "GET /wp-content/themes/customify/assets/fonts/font-awesome/fonts/fontawesome-webfont.woff2?v=4.7.0 HTTP/1.1" 200 77597 "https://logopedia.uni.wroc.pl/wp-content/themes/customify/assets/fonts/font-awesome/css/font-awesome.min.css?ver=5.0.0" "Mozilla/5.0 (Linux; Android 10; K) AppleWebKit/537.36 (KHTML, like Gecko) Chrome/145.0.0.0 Mobile Safari/537.36"
94.246.165.91 - - [28/Feb/2026:12:02:42 +0100] "GET /wp-includes/js/wp-emoji-release.min.js?ver=6.0.11 HTTP/1.1" 200 5447 "https://logopedia.uni.wroc.pl/wykladowcy/mgr-anna-plonka/" "Mozilla/5.0 (Linux; Android 10; K) AppleWebKit/537.36 (KHTML, like Gecko) Chrome/145.0.0.0 Mobile Safari/537.36"
94.246.165.91 - - [28/Feb/2026:12:02:44 +0100] "GET /wp-content/uploads/2020/01/cropped-ikona-192x192.png HTTP/1.1" 200 16184 "https://logopedia.uni.wroc.pl/wykladowcy/mgr-anna-plonka/" "Mozilla/5.0 (Linux; Android 10; K) AppleWebKit/537.36 (KHTML, like Gecko) Chrome/145.0.0.0 Mobile Safari/537.36"
94.246.165.91 - - [28/Feb/2026:12:02:44 +0100] "GET /wp-content/uploads/2020/01/cropped-ikona-180x180.png HTTP/1.1" 200 14978 "https://logopedia.uni.wroc.pl/wykladowcy/mgr-anna-plonka/" "Mozilla/5.0 (Linux; Android 10; K) AppleWebKit/537.36 (KHTML, like Gecko) Chrome/145.0.0.0 Mobile Safari/537.36"
156.17.87.172 - - [28/Feb/2026:12:08:09 +0100] "POST /wp-cron.php?doing_wp_cron=1772276889.1871240139007568359375 HTTP/1.1" 200 5608 "https://logopedia.uni.wroc.pl/wp-cron.php?doing_wp_cron=1772276889.1871240139007568359375" "WordPress/6.0.11; https://logopedia.uni.wroc.pl"
66.249.77.12 - - [28/Feb/2026:12:08:08 +0100] "GET /aktualnosci/relacja-telewizyjna-z-dnia-logopedy-w-ifp/ HTTP/1.1" 200 17041 "-" "Mozilla/5.0 (Linux; Android 6.0.1; Nexus 5X Build/MMB29P) AppleWebKit/537.36 (KHTML, like Gecko) Chrome/144.0.7559.132 Mobile Safari/537.36 (compatible; Googlebot/2.1; +http://www.google.com/bot.html)"
156.17.87.172 - - [28/Feb/2026:12:11:17 +0100] "POST /wp-cron.php?doing_wp_cron=1772277077.9281311035156250000000 HTTP/1.1" 200 5608 "https://logopedia.uni.wroc.pl/wp-cron.php?doing_wp_cron=1772277077.9281311035156250000000" "WordPress/6.0.11; https://logopedia.uni.wroc.pl"
156.17.87.172 - - [28/Feb/2026:12:11:17 +0100] "POST /wp-cron.php?doing_wp_cron=1772277077.9281079769134521484375 HTTP/1.1" 200 5608 "https://logopedia.uni.wroc.pl/wp-cron.php?doing_wp_cron=1772277077.9281079769134521484375" "WordPress/6.0.11; https://logopedia.uni.wroc.pl"
51.75.151.149 - - [28/Feb/2026:12:11:17 +0100] "GET /wp-json/teknocore/v1/ HTTP/1.1" 404 5975 "-" "Mozilla/5.0 (Windows NT 10.0; Win64; x64) AppleWebKit/537.36 (KHTML, like Gecko) Chrome/127.0.0.0 Safari/537.36"
51.75.151.149 - - [28/Feb/2026:12:11:17 +0100] "GET /admin.php?520 HTTP/1.1" 404 53577 "-" "Mozilla/5.0 (Windows NT 10.0; Win64; x64) AppleWebKit/537.36 (KHTML, like Gecko) Chrome/127.0.0.0 Safari/537.36"
51.75.151.149 - - [28/Feb/2026:12:11:25 +0100] "GET /about.php?520 HTTP/1.1" 404 53577 "-" "Mozilla/5.0 (Windows NT 10.0; Win64; x64) AppleWebKit/537.36 (KHTML, like Gecko) Chrome/127.0.0.0 Safari/537.36"
156.17.87.172 - - [28/Feb/2026:12:16:07 +0100] "POST /wp-cron.php?doing_wp_cron=1772277367.7786760330200195312500 HTTP/1.1" 200 5608 "https://logopedia.uni.wroc.pl/wp-cron.php?doing_wp_cron=1772277367.7786760330200195312500" "WordPress/6.0.11; https://logopedia.uni.wroc.pl"
185.191.171.17 - - [28/Feb/2026:12:16:07 +0100] "GET /page/5/?query-8-page=20 HTTP/1.1" 200 17837 "-" "Mozilla/5.0 (compatible; SemrushBot/7~bl; +http://www.semrush.com/bot.html)"
156.17.87.172 - - [28/Feb/2026:12:17:06 +0100] "POST /wp-cron.php?doing_wp_cron=1772277426.4117970466613769531250 HTTP/1.1" 200 5608 "https://logopedia.uni.wroc.pl/wp-cron.php?doing_wp_cron=1772277426.4117970466613769531250" "WordPress/6.0.11; https://logopedia.uni.wroc.pl"
37.248.216.70 - - [28/Feb/2026:12:17:05 +0100] "GET /aktualnosci/zajecia/harmonogramy-zajec/ HTTP/1.1" 200 17404 "https://www.google.com/" "Mozilla/5.0 (Linux; Android 10; K) AppleWebKit/537.36 (KHTML, like Gecko) SamsungBrowser/29.0 Chrome/136.0.0.0 Mobile Safari/537.36"
37.248.216.70 - - [28/Feb/2026:12:17:15 +0100] "GET /wp-content/uploads/2026/02/I-ROK-SEMESTR-LETNI_11.02.26.xlsx HTTP/1.1" 200 21533 "https://logopedia.uni.wroc.pl/aktualnosci/zajecia/harmonogramy-zajec/" "Mozilla/5.0 (Linux; Android 10; K) AppleWebKit/537.36 (KHTML, like Gecko) SamsungBrowser/29.0 Chrome/136.0.0.0 Mobile Safari/537.36"
156.17.87.172 - - [28/Feb/2026:12:21:23 +0100] "POST /wp-cron.php?doing_wp_cron=1772277683.4496669769287109375000 HTTP/1.1" 200 5608 "https://logopedia.uni.wroc.pl/wp-cron.php?doing_wp_cron=1772277683.4496669769287109375000" "WordPress/6.0.11; https://logopedia.uni.wroc.pl"
31.60.103.179 - - [28/Feb/2026:12:21:22 +0100] "GET / HTTP/1.1" 200 17356 "-" "Mozilla/5.0 (iPhone; CPU iPhone OS 18_6_2 like Mac OS X) AppleWebKit/605.1.15 (KHTML, like Gecko) Version/18.6 Mobile/15E148 Safari/604.1"
31.60.103.179 - - [28/Feb/2026:12:21:23 +0100] "GET /wp-includes/js/mediaelement/mediaelementplayer-legacy.min.css?ver=4.2.16 HTTP/1.1" 200 3016 "https://logopedia.uni.wroc.pl/" "Mozilla/5.0 (iPhone; CPU iPhone OS 18_6_2 like Mac OS X) AppleWebKit/605.1.15 (KHTML, like Gecko) Version/18.6 Mobile/15E148 Safari/604.1"
31.60.103.179 - - [28/Feb/2026:12:21:24 +0100] "GET /wp-content/themes/customify/style.min.css?ver=0.4.6 HTTP/1.1" 200 22344 "https://logopedia.uni.wroc.pl/" "Mozilla/5.0 (iPhone; CPU iPhone OS 18_6_2 like Mac OS X) AppleWebKit/605.1.15 (KHTML, like Gecko) Version/18.6 Mobile/15E148 Safari/604.1"
31.60.103.179 - - [28/Feb/2026:12:21:24 +0100] "GET /wp-content/themes/customify/assets/js/theme.min.js?ver=0.4.6 HTTP/1.1" 200 9508 "https://logopedia.uni.wroc.pl/" "Mozilla/5.0 (iPhone; CPU iPhone OS 18_6_2 like Mac OS X) AppleWebKit/605.1.15 (KHTML, like Gecko) Version/18.6 Mobile/15E148 Safari/604.1"
31.60.103.179 - - [28/Feb/2026:12:21:24 +0100] "GET /wp-content/plugins/facebook-pagelike-widget/fb.js?ver=1.0 HTTP/1.1" 200 5780 "https://logopedia.uni.wroc.pl/" "Mozilla/5.0 (iPhone; CPU iPhone OS 18_6_2 like Mac OS X) AppleWebKit/605.1.15 (KHTML, like Gecko) Version/18.6 Mobile/15E148 Safari/604.1"
31.60.103.179 - - [28/Feb/2026:12:21:24 +0100] "GET /wp-content/plugins/jetpack/css/jetpack.css?ver=11.5.3 HTTP/1.1" 200 22285 "https://logopedia.uni.wroc.pl/" "Mozilla/5.0 (iPhone; CPU iPhone OS 18_6_2 like Mac OS X) AppleWebKit/605.1.15 (KHTML, like Gecko) Version/18.6 Mobile/15E148 Safari/604.1"
31.60.103.179 - - [28/Feb/2026:12:21:24 +0100] "GET /wp-includes/js/jquery/jquery.min.js?ver=3.6.0 HTTP/1.1" 200 36751 "https://logopedia.uni.wroc.pl/" "Mozilla/5.0 (iPhone; CPU iPhone OS 18_6_2 like Mac OS X) AppleWebKit/605.1.15 (KHTML, like Gecko) Version/18.6 Mobile/15E148 Safari/604.1"
31.60.103.179 - - [28/Feb/2026:12:21:24 +0100] "GET /wp-content/plugins/facebook-pagelike-widget/loader.gif HTTP/1.1" 200 8582 "https://logopedia.uni.wroc.pl/" "Mozilla/5.0 (iPhone; CPU iPhone OS 18_6_2 like Mac OS X) AppleWebKit/605.1.15 (KHTML, like Gecko) Version/18.6 Mobile/15E148 Safari/604.1"
31.60.103.179 - - [28/Feb/2026:12:21:24 +0100] "GET /wp-content/uploads/2020/01/cropped-ikona-192x192.png HTTP/1.1" 200 16184 "https://logopedia.uni.wroc.pl/" "Mozilla/5.0 (iPhone; CPU iPhone OS 18_6_2 like Mac OS X) AppleWebKit/605.1.15 (KHTML, like Gecko) Version/18.6 Mobile/15E148 Safari/604.1"
156.17.87.172 - - [28/Feb/2026:12:23:03 +0100] "POST /wp-cron.php?doing_wp_cron=1772277783.9371891021728515625000 HTTP/1.1" 200 5608 "https://logopedia.uni.wroc.pl/wp-cron.php?doing_wp_cron=1772277783.9371891021728515625000" "WordPress/6.0.11; https://logopedia.uni.wroc.pl"
31.60.103.179 - - [28/Feb/2026:12:23:03 +0100] "GET /aktualnosci/7-03-2026-dzien-logopedy-w-ifp-zapraszamy-na-konferencje/ HTTP/1.1" 200 16716 "https://logopedia.uni.wroc.pl/" "Mozilla/5.0 (iPhone; CPU iPhone OS 18_6_2 like Mac OS X) AppleWebKit/605.1.15 (KHTML, like Gecko) Version/18.6 Mobile/15E148 Safari/604.1"
31.60.103.179 - - [28/Feb/2026:12:23:04 +0100] "GET /wp-content/uploads/2026/02/Dzien%CC%81-logopedy-1448x2048.jpg HTTP/1.1" 200 470328 "https://logopedia.uni.wroc.pl/aktualnosci/7-03-2026-dzien-logopedy-w-ifp-zapraszamy-na-konferencje/" "Mozilla/5.0 (iPhone; CPU iPhone OS 18_6_2 like Mac OS X) AppleWebKit/605.1.15 (KHTML, like Gecko) Version/18.6 Mobile/15E148 Safari/604.1"
156.17.87.172 - - [28/Feb/2026:12:25:29 +0100] "POST /wp-cron.php?doing_wp_cron=1772277929.8874280452728271484375 HTTP/1.1" 200 5608 "https://logopedia.uni.wroc.pl/wp-cron.php?doing_wp_cron=1772277929.8874280452728271484375" "WordPress/6.0.11; https://logopedia.uni.wroc.pl"
66.249.77.11 - - [28/Feb/2026:12:25:28 +0100] "GET /page/34/?query-8-page=5&q=node%2F3 HTTP/1.1" 200 17609 "-" "Mozilla/5.0 (Linux; Android 6.0.1; Nexus 5X Build/MMB29P) AppleWebKit/537.36 (KHTML, like Gecko) Chrome/144.0.7559.132 Mobile Safari/537.36 (compatible; GoogleOther)"
66.249.77.11 - - [28/Feb/2026:12:25:32 +0100] "GET /wp-includes/js/mediaelement/wp-mediaelement.min.css?ver=6.0.11 HTTP/1.1" 200 7018 "https://logopedia.uni.wroc.pl/page/34/?query-8-page=5&q=node%2F3" "Mozilla/5.0 (Linux; Android 6.0.1; Nexus 5X Build/MMB29P) AppleWebKit/537.36 (KHTML, like Gecko) Chrome/144.0.7559.132 Mobile Safari/537.36 (compatible; Googlebot/2.1; +http://www.google.com/bot.html)"
66.249.77.11 - - [28/Feb/2026:12:25:33 +0100] "GET /wp-includes/js/wp-embed.min.js?ver=6.0.11 HTTP/1.1" 200 1215 "https://logopedia.uni.wroc.pl/page/34/?query-8-page=5&q=node%2F3" "Mozilla/5.0 (Linux; Android 6.0.1; Nexus 5X Build/MMB29P) AppleWebKit/537.36 (KHTML, like Gecko) Chrome/144.0.7559.132 Mobile Safari/537.36 (compatible; Googlebot/2.1; +http://www.google.com/bot.html)"
156.17.87.172 - - [28/Feb/2026:12:27:36 +0100] "POST /wp-cron.php?doing_wp_cron=1772278056.0924279689788818359375 HTTP/1.1" 200 5608 "https://logopedia.uni.wroc.pl/wp-cron.php?doing_wp_cron=1772278056.0924279689788818359375" "WordPress/6.0.11; https://logopedia.uni.wroc.pl"
66.249.81.162 - - [28/Feb/2026:12:27:35 +0100] "GET /.well-known/traffic-advice HTTP/1.1" 404 53813 "-" "Chrome Privacy Preserving Prefetch Proxy"
162.120.188.34 - - [28/Feb/2026:12:27:35 +0100] "GET / HTTP/1.1" 200 17551 "https://www.google.com/" "Mozilla/5.0 (Linux; Android 10; K) AppleWebKit/537.36 (KHTML, like Gecko) Chrome/145.0.0.0 Mobile Safari/537.36"
162.120.188.34 - - [28/Feb/2026:12:28:12 +0100] "GET / HTTP/1.1" 200 17551 "https://www.google.com/" "Mozilla/5.0 (Linux; Android 10; K) AppleWebKit/537.36 (KHTML, like Gecko) Chrome/145.0.0.0 Mobile Safari/537.36"
162.120.187.162 - - [28/Feb/2026:12:28:13 +0100] "GET /kontakt/ HTTP/1.1" 200 17859 "https://www.google.com/" "Mozilla/5.0 (Linux; Android 10; K) AppleWebKit/537.36 (KHTML, like Gecko) Chrome/145.0.0.0 Mobile Safari/537.36"
78.10.165.107 - - [28/Feb/2026:12:28:17 +0100] "GET /wp-includes/js/mediaelement/wp-mediaelement.min.css?ver=6.0.11 HTTP/1.1" 200 7033 "-" "Mozilla/5.0 (Linux; Android 10; K) AppleWebKit/537.36 (KHTML, like Gecko) Chrome/145.0.0.0 Mobile Safari/537.36"
78.10.165.107 - - [28/Feb/2026:12:28:17 +0100] "GET /wp-includes/js/mediaelement/mediaelementplayer-legacy.min.css?ver=4.2.16 HTTP/1.1" 200 8527 "-" "Mozilla/5.0 (Linux; Android 10; K) AppleWebKit/537.36 (KHTML, like Gecko) Chrome/145.0.0.0 Mobile Safari/537.36"
78.10.165.107 - - [28/Feb/2026:12:28:17 +0100] "GET /wp-includes/css/dist/block-library/style.min.css?ver=6.0.11 HTTP/1.1" 200 17647 "-" "Mozilla/5.0 (Linux; Android 10; K) AppleWebKit/537.36 (KHTML, like Gecko) Chrome/145.0.0.0 Mobile Safari/537.36"
78.10.165.107 - - [28/Feb/2026:12:28:17 +0100] "GET /wp-content/themes/customify/assets/fonts/font-awesome/css/font-awesome.min.css?ver=5.0.0 HTTP/1.1" 200 7477 "-" "Mozilla/5.0 (Linux; Android 10; K) AppleWebKit/537.36 (KHTML, like Gecko) Chrome/145.0.0.0 Mobile Safari/537.36"
78.10.165.107 - - [28/Feb/2026:12:28:17 +0100] "GET /wp-content/plugins/jetpack/css/jetpack.css?ver=11.5.3 HTTP/1.1" 200 16969 "https://logopedia.uni.wroc.pl/" "Mozilla/5.0 (Linux; Android 10; K) AppleWebKit/537.36 (KHTML, like Gecko) Chrome/145.0.0.0 Mobile Safari/537.36"
78.10.165.107 - - [28/Feb/2026:12:28:17 +0100] "GET /wp-content/themes/customify/style.min.css?ver=0.4.6 HTTP/1.1" 200 22191 "-" "Mozilla/5.0 (Linux; Android 10; K) AppleWebKit/537.36 (KHTML, like Gecko) Chrome/145.0.0.0 Mobile Safari/537.36"
78.10.165.107 - - [28/Feb/2026:12:28:17 +0100] "GET /wp-content/uploads/2020/01/cropped-Logo.png HTTP/1.1" 200 77516 "https://logopedia.uni.wroc.pl/" "Mozilla/5.0 (Linux; Android 10; K) AppleWebKit/537.36 (KHTML, like Gecko) Chrome/145.0.0.0 Mobile Safari/537.36"
78.10.165.107 - - [28/Feb/2026:12:28:17 +0100] "GET /wp-content/uploads/2022/10/UWr-logo2a.png HTTP/1.1" 200 34648 "https://logopedia.uni.wroc.pl/" "Mozilla/5.0 (Linux; Android 10; K) AppleWebKit/537.36 (KHTML, like Gecko) Chrome/145.0.0.0 Mobile Safari/537.36"
78.10.165.107 - - [28/Feb/2026:12:28:17 +0100] "GET /wp-content/plugins/facebook-pagelike-widget/loader.gif HTTP/1.1" 200 14093 "https://logopedia.uni.wroc.pl/" "Mozilla/5.0 (Linux; Android 10; K) AppleWebKit/537.36 (KHTML, like Gecko) Chrome/145.0.0.0 Mobile Safari/537.36"
78.10.165.107 - - [28/Feb/2026:12:28:17 +0100] "GET /wp-content/themes/customify/assets/js/theme.min.js?ver=0.4.6 HTTP/1.1" 200 4192 "https://logopedia.uni.wroc.pl/" "Mozilla/5.0 (Linux; Android 10; K) AppleWebKit/537.36 (KHTML, like Gecko) Chrome/145.0.0.0 Mobile Safari/537.36"
78.10.165.107 - - [28/Feb/2026:12:28:17 +0100] "GET /wp-includes/js/jquery/jquery-migrate.min.js?ver=3.3.2 HTTP/1.1" 200 4607 "https://logopedia.uni.wroc.pl/" "Mozilla/5.0 (Linux; Android 10; K) AppleWebKit/537.36 (KHTML, like Gecko) Chrome/145.0.0.0 Mobile Safari/537.36"
78.10.165.107 - - [28/Feb/2026:12:28:17 +0100] "GET /wp-content/themes/customify/assets/fonts/font-awesome/fonts/fontawesome-webfont.woff2?v=4.7.0 HTTP/1.1" 200 77597 "https://logopedia.uni.wroc.pl/wp-content/themes/customify/assets/fonts/font-awesome/css/font-awesome.min.css?ver=5.0.0" "Mozilla/5.0 (Linux; Android 10; K) AppleWebKit/537.36 (KHTML, like Gecko) Chrome/145.0.0.0 Mobile Safari/537.36"
78.10.165.107 - - [28/Feb/2026:12:28:17 +0100] "GET /wp-includes/js/jquery/jquery.min.js?ver=3.6.0 HTTP/1.1" 200 31435 "https://logopedia.uni.wroc.pl/" "Mozilla/5.0 (Linux; Android 10; K) AppleWebKit/537.36 (KHTML, like Gecko) Chrome/145.0.0.0 Mobile Safari/537.36"
78.10.165.107 - - [28/Feb/2026:12:28:17 +0100] "GET /wp-content/plugins/facebook-pagelike-widget/fb.js?ver=1.0 HTTP/1.1" 200 5975 "https://logopedia.uni.wroc.pl/" "Mozilla/5.0 (Linux; Android 10; K) AppleWebKit/537.36 (KHTML, like Gecko) Chrome/145.0.0.0 Mobile Safari/537.36"
78.10.165.107 - - [28/Feb/2026:12:28:17 +0100] "GET /wp-includes/js/wp-emoji-release.min.js?ver=6.0.11 HTTP/1.1" 200 10958 "https://logopedia.uni.wroc.pl/" "Mozilla/5.0 (Linux; Android 10; K) AppleWebKit/537.36 (KHTML, like Gecko) Chrome/145.0.0.0 Mobile Safari/537.36"
78.10.165.107 - - [28/Feb/2026:12:28:17 +0100] "GET /wp-content/uploads/2020/01/018.jpg HTTP/1.1" 200 551078 "https://logopedia.uni.wroc.pl/" "Mozilla/5.0 (Linux; Android 10; K) AppleWebKit/537.36 (KHTML, like Gecko) Chrome/145.0.0.0 Mobile Safari/537.36"
78.10.165.107 - - [28/Feb/2026:12:28:21 +0100] "GET /wp-content/uploads/2020/01/cropped-ikona-192x192.png HTTP/1.1" 200 16184 "https://logopedia.uni.wroc.pl/" "Mozilla/5.0 (Linux; Android 10; K) AppleWebKit/537.36 (KHTML, like Gecko) Chrome/145.0.0.0 Mobile Safari/537.36"
78.10.165.107 - - [28/Feb/2026:12:28:21 +0100] "GET /wp-content/uploads/2020/01/cropped-ikona-180x180.png HTTP/1.1" 200 14978 "https://logopedia.uni.wroc.pl/" "Mozilla/5.0 (Linux; Android 10; K) AppleWebKit/537.36 (KHTML, like Gecko) Chrome/145.0.0.0 Mobile Safari/537.36"
78.10.165.107 - - [28/Feb/2026:12:28:29 +0100] "GET /aktualnosci/o-jednosci-logopedii-wywiad-w-okopress/ HTTP/1.1" 200 17201 "https://logopedia.uni.wroc.pl/" "Mozilla/5.0 (Linux; Android 10; K) AppleWebKit/537.36 (KHTML, like Gecko) Chrome/145.0.0.0 Mobile Safari/537.36"
78.10.165.107 - - [28/Feb/2026:12:28:30 +0100] "GET /wp-content/uploads/2026/02/image.png HTTP/1.1" 200 308999 "https://logopedia.uni.wroc.pl/aktualnosci/o-jednosci-logopedii-wywiad-w-okopress/" "Mozilla/5.0 (Linux; Android 10; K) AppleWebKit/537.36 (KHTML, like Gecko) Chrome/145.0.0.0 Mobile Safari/537.36"
78.10.165.107 - - [28/Feb/2026:12:28:32 +0100] "GET /aktualnosci/7-03-2026-dzien-logopedy-w-ifp-zapraszamy-na-konferencje/ HTTP/1.1" 200 11400 "https://logopedia.uni.wroc.pl/" "Mozilla/5.0 (Linux; Android 10; K) AppleWebKit/537.36 (KHTML, like Gecko) Chrome/145.0.0.0 Mobile Safari/537.36"
78.10.165.107 - - [28/Feb/2026:12:28:33 +0100] "GET /wp-content/uploads/2026/02/Dzien%CC%81-logopedy-1086x1536.jpg HTTP/1.1" 200 303967 "https://logopedia.uni.wroc.pl/aktualnosci/7-03-2026-dzien-logopedy-w-ifp-zapraszamy-na-konferencje/" "Mozilla/5.0 (Linux; Android 10; K) AppleWebKit/537.36 (KHTML, like Gecko) Chrome/145.0.0.0 Mobile Safari/537.36"
80.68.226.128 - - [28/Feb/2026:12:29:41 +0100] "GET /aktualnosci/zaproszenie-na-konferencje-do-krakowa-2/ HTTP/1.1" 200 17863 "https://logopedia.uni.wroc.pl/" "Mozilla/5.0 (Windows NT 10.0; Win64; x64) AppleWebKit/537.36 (KHTML, like Gecko) Chrome/145.0.0.0 Safari/537.36"
80.68.226.128 - - [28/Feb/2026:12:29:42 +0100] "GET /wp-includes/js/mediaelement/mediaelementplayer-legacy.min.css?ver=4.2.16 HTTP/1.1" 200 8527 "https://logopedia.uni.wroc.pl/aktualnosci/zaproszenie-na-konferencje-do-krakowa-2/" "Mozilla/5.0 (Windows NT 10.0; Win64; x64) AppleWebKit/537.36 (KHTML, like Gecko) Chrome/145.0.0.0 Safari/537.36"
80.68.226.128 - - [28/Feb/2026:12:29:42 +0100] "GET /wp-includes/css/dist/block-library/style.min.css?ver=6.0.11 HTTP/1.1" 200 12136 "https://logopedia.uni.wroc.pl/aktualnosci/zaproszenie-na-konferencje-do-krakowa-2/" "Mozilla/5.0 (Windows NT 10.0; Win64; x64) AppleWebKit/537.36 (KHTML, like Gecko) Chrome/145.0.0.0 Safari/537.36"
80.68.226.128 - - [28/Feb/2026:12:29:43 +0100] "GET /wp-includes/js/mediaelement/wp-mediaelement.min.css?ver=6.0.11 HTTP/1.1" 200 1522 "https://logopedia.uni.wroc.pl/aktualnosci/zaproszenie-na-konferencje-do-krakowa-2/" "Mozilla/5.0 (Windows NT 10.0; Win64; x64) AppleWebKit/537.36 (KHTML, like Gecko) Chrome/145.0.0.0 Safari/537.36"
80.68.226.128 - - [28/Feb/2026:12:29:43 +0100] "GET /wp-content/themes/customify/assets/fonts/font-awesome/css/font-awesome.min.css?ver=5.0.0 HTTP/1.1" 200 7477 "https://logopedia.uni.wroc.pl/aktualnosci/zaproszenie-na-konferencje-do-krakowa-2/" "Mozilla/5.0 (Windows NT 10.0; Win64; x64) AppleWebKit/537.36 (KHTML, like Gecko) Chrome/145.0.0.0 Safari/537.36"
80.68.226.128 - - [28/Feb/2026:12:29:43 +0100] "GET /wp-content/plugins/jetpack/css/jetpack.css?ver=11.5.3 HTTP/1.1" 200 17122 "https://logopedia.uni.wroc.pl/aktualnosci/zaproszenie-na-konferencje-do-krakowa-2/" "Mozilla/5.0 (Windows NT 10.0; Win64; x64) AppleWebKit/537.36 (KHTML, like Gecko) Chrome/145.0.0.0 Safari/537.36"
80.68.226.128 - - [28/Feb/2026:12:29:43 +0100] "GET /wp-content/themes/customify/style.min.css?ver=0.4.6 HTTP/1.1" 200 22344 "https://logopedia.uni.wroc.pl/aktualnosci/zaproszenie-na-konferencje-do-krakowa-2/" "Mozilla/5.0 (Windows NT 10.0; Win64; x64) AppleWebKit/537.36 (KHTML, like Gecko) Chrome/145.0.0.0 Safari/537.36"
80.68.226.128 - - [28/Feb/2026:12:29:43 +0100] "GET /wp-content/uploads/2022/10/UWr-logo2a.png HTTP/1.1" 200 34648 "https://logopedia.uni.wroc.pl/aktualnosci/zaproszenie-na-konferencje-do-krakowa-2/" "Mozilla/5.0 (Windows NT 10.0; Win64; x64) AppleWebKit/537.36 (KHTML, like Gecko) Chrome/145.0.0.0 Safari/537.36"
80.68.226.128 - - [28/Feb/2026:12:29:43 +0100] "GET /wp-content/uploads/2020/01/cropped-Logo.png HTTP/1.1" 200 77516 "https://logopedia.uni.wroc.pl/aktualnosci/zaproszenie-na-konferencje-do-krakowa-2/" "Mozilla/5.0 (Windows NT 10.0; Win64; x64) AppleWebKit/537.36 (KHTML, like Gecko) Chrome/145.0.0.0 Safari/537.36"
80.68.226.128 - - [28/Feb/2026:12:29:43 +0100] "GET /wp-content/plugins/facebook-pagelike-widget/loader.gif HTTP/1.1" 200 8582 "https://logopedia.uni.wroc.pl/aktualnosci/zaproszenie-na-konferencje-do-krakowa-2/" "Mozilla/5.0 (Windows NT 10.0; Win64; x64) AppleWebKit/537.36 (KHTML, like Gecko) Chrome/145.0.0.0 Safari/537.36"
80.68.226.128 - - [28/Feb/2026:12:29:43 +0100] "GET /wp-content/themes/customify/assets/js/theme.min.js?ver=0.4.6 HTTP/1.1" 200 4345 "https://logopedia.uni.wroc.pl/aktualnosci/zaproszenie-na-konferencje-do-krakowa-2/" "Mozilla/5.0 (Windows NT 10.0; Win64; x64) AppleWebKit/537.36 (KHTML, like Gecko) Chrome/145.0.0.0 Safari/537.36"
80.68.226.128 - - [28/Feb/2026:12:29:43 +0100] "GET /wp-includes/js/jquery/jquery-migrate.min.js?ver=3.3.2 HTTP/1.1" 200 4607 "https://logopedia.uni.wroc.pl/aktualnosci/zaproszenie-na-konferencje-do-krakowa-2/" "Mozilla/5.0 (Windows NT 10.0; Win64; x64) AppleWebKit/537.36 (KHTML, like Gecko) Chrome/145.0.0.0 Safari/537.36"
80.68.226.128 - - [28/Feb/2026:12:29:43 +0100] "GET /wp-includes/js/jquery/jquery.min.js?ver=3.6.0 HTTP/1.1" 200 31588 "https://logopedia.uni.wroc.pl/aktualnosci/zaproszenie-na-konferencje-do-krakowa-2/" "Mozilla/5.0 (Windows NT 10.0; Win64; x64) AppleWebKit/537.36 (KHTML, like Gecko) Chrome/145.0.0.0 Safari/537.36"
80.68.226.128 - - [28/Feb/2026:12:29:44 +0100] "GET /wp-content/plugins/facebook-pagelike-widget/fb.js?ver=1.0 HTTP/1.1" 200 464 "https://logopedia.uni.wroc.pl/aktualnosci/zaproszenie-na-konferencje-do-krakowa-2/" "Mozilla/5.0 (Windows NT 10.0; Win64; x64) AppleWebKit/537.36 (KHTML, like Gecko) Chrome/145.0.0.0 Safari/537.36"
80.68.226.128 - - [28/Feb/2026:12:29:44 +0100] "GET /wp-includes/js/wp-emoji-release.min.js?ver=6.0.11 HTTP/1.1" 200 5447 "https://logopedia.uni.wroc.pl/aktualnosci/zaproszenie-na-konferencje-do-krakowa-2/" "Mozilla/5.0 (Windows NT 10.0; Win64; x64) AppleWebKit/537.36 (KHTML, like Gecko) Chrome/145.0.0.0 Safari/537.36"
80.68.226.128 - - [28/Feb/2026:12:29:45 +0100] "GET /wp-content/themes/customify/assets/fonts/font-awesome/fonts/fontawesome-webfont.woff2?v=4.7.0 HTTP/1.1" 200 77597 "https://logopedia.uni.wroc.pl/wp-content/themes/customify/assets/fonts/font-awesome/css/font-awesome.min.css?ver=5.0.0" "Mozilla/5.0 (Windows NT 10.0; Win64; x64) AppleWebKit/537.36 (KHTML, like Gecko) Chrome/145.0.0.0 Safari/537.36"
17.22.245.70 - - [28/Feb/2026:12:38:10 +0100] "GET /manual/en/platform/windows.html HTTP/1.1" 200 15870 "-" "Mozilla/5.0 (Macintosh; Intel Mac OS X 10_15_7) AppleWebKit/605.1.15 (KHTML, like Gecko) Version/17.4 Safari/605.1.15 (Applebot/0.1; +http://www.apple.com/go/applebot)"
156.17.87.172 - - [28/Feb/2026:12:42:44 +0100] "POST /wp-cron.php?doing_wp_cron=1772278964.4166920185089111328125 HTTP/1.1" 200 5608 "https://logopedia.uni.wroc.pl/wp-cron.php?doing_wp_cron=1772278964.4166920185089111328125" "WordPress/6.0.11; https://logopedia.uni.wroc.pl"
5.173.206.21 - - [28/Feb/2026:12:42:42 +0100] "GET /aktualnosci/zajecia/harmonogramy-zajec/ HTTP/1.1" 200 17209 "https://www.google.com/" "Mozilla/5.0 (iPhone; CPU iPhone OS 18_7 like Mac OS X) AppleWebKit/605.1.15 (KHTML, like Gecko) Version/26.3 Mobile/15E148 Safari/604.1"
5.173.206.21 - - [28/Feb/2026:12:42:44 +0100] "GET /wp-includes/js/wp-emoji-release.min.js?ver=6.0.11 HTTP/1.1" 200 5447 "https://logopedia.uni.wroc.pl/" "Mozilla/5.0 (iPhone; CPU iPhone OS 18_7 like Mac OS X) AppleWebKit/605.1.15 (KHTML, like Gecko) Version/26.3 Mobile/15E148 Safari/604.1"
5.173.206.21 - - [28/Feb/2026:12:42:44 +0100] "GET /wp-content/plugins/jetpack/css/jetpack.css?ver=11.5.3 HTTP/1.1" 200 16969 "https://logopedia.uni.wroc.pl/" "Mozilla/5.0 (iPhone; CPU iPhone OS 18_7 like Mac OS X) AppleWebKit/605.1.15 (KHTML, like Gecko) Version/26.3 Mobile/15E148 Safari/604.1"
5.173.206.21 - - [28/Feb/2026:12:42:45 +0100] "GET /wp-includes/js/mediaelement/mediaelementplayer-legacy.min.css?ver=4.2.16 HTTP/1.1" 200 8332 "https://logopedia.uni.wroc.pl/" "Mozilla/5.0 (iPhone; CPU iPhone OS 18_7 like Mac OS X) AppleWebKit/605.1.15 (KHTML, like Gecko) Version/26.3 Mobile/15E148 Safari/604.1"
5.173.206.21 - - [28/Feb/2026:12:42:45 +0100] "GET /wp-content/themes/customify/style.min.css?ver=0.4.6 HTTP/1.1" 200 22344 "https://logopedia.uni.wroc.pl/" "Mozilla/5.0 (iPhone; CPU iPhone OS 18_7 like Mac OS X) AppleWebKit/605.1.15 (KHTML, like Gecko) Version/26.3 Mobile/15E148 Safari/604.1"
5.173.206.21 - - [28/Feb/2026:12:42:45 +0100] "GET /wp-includes/js/mediaelement/wp-mediaelement.min.css?ver=6.0.11 HTTP/1.1" 200 6838 "https://logopedia.uni.wroc.pl/" "Mozilla/5.0 (iPhone; CPU iPhone OS 18_7 like Mac OS X) AppleWebKit/605.1.15 (KHTML, like Gecko) Version/26.3 Mobile/15E148 Safari/604.1"
5.173.206.21 - - [28/Feb/2026:12:42:45 +0100] "GET /wp-includes/css/dist/block-library/style.min.css?ver=6.0.11 HTTP/1.1" 200 17452 "https://logopedia.uni.wroc.pl/" "Mozilla/5.0 (iPhone; CPU iPhone OS 18_7 like Mac OS X) AppleWebKit/605.1.15 (KHTML, like Gecko) Version/26.3 Mobile/15E148 Safari/604.1"
5.173.206.21 - - [28/Feb/2026:12:42:45 +0100] "GET /wp-content/themes/customify/assets/js/theme.min.js?ver=0.4.6 HTTP/1.1" 200 4192 "https://logopedia.uni.wroc.pl/" "Mozilla/5.0 (iPhone; CPU iPhone OS 18_7 like Mac OS X) AppleWebKit/605.1.15 (KHTML, like Gecko) Version/26.3 Mobile/15E148 Safari/604.1"
5.173.206.21 - - [28/Feb/2026:12:42:45 +0100] "GET /wp-content/themes/customify/assets/fonts/font-awesome/css/font-awesome.min.css?ver=5.0.0 HTTP/1.1" 200 12793 "https://logopedia.uni.wroc.pl/" "Mozilla/5.0 (iPhone; CPU iPhone OS 18_7 like Mac OS X) AppleWebKit/605.1.15 (KHTML, like Gecko) Version/26.3 Mobile/15E148 Safari/604.1"
5.173.206.21 - - [28/Feb/2026:12:42:45 +0100] "GET /wp-includes/js/jquery/jquery.min.js?ver=3.6.0 HTTP/1.1" 200 31435 "https://logopedia.uni.wroc.pl/" "Mozilla/5.0 (iPhone; CPU iPhone OS 18_7 like Mac OS X) AppleWebKit/605.1.15 (KHTML, like Gecko) Version/26.3 Mobile/15E148 Safari/604.1"
5.173.206.21 - - [28/Feb/2026:12:42:45 +0100] "GET /wp-content/plugins/facebook-pagelike-widget/fb.js?ver=1.0 HTTP/1.1" 200 464 "https://logopedia.uni.wroc.pl/" "Mozilla/5.0 (iPhone; CPU iPhone OS 18_7 like Mac OS X) AppleWebKit/605.1.15 (KHTML, like Gecko) Version/26.3 Mobile/15E148 Safari/604.1"
5.173.206.21 - - [28/Feb/2026:12:42:45 +0100] "GET /wp-includes/js/jquery/jquery-migrate.min.js?ver=3.3.2 HTTP/1.1" 200 4607 "https://logopedia.uni.wroc.pl/" "Mozilla/5.0 (iPhone; CPU iPhone OS 18_7 like Mac OS X) AppleWebKit/605.1.15 (KHTML, like Gecko) Version/26.3 Mobile/15E148 Safari/604.1"
5.173.206.21 - - [28/Feb/2026:12:42:45 +0100] "GET /wp-content/themes/customify/assets/fonts/font-awesome/fonts/fontawesome-webfont.woff2?v=4.7.0 HTTP/1.1" 200 77597 "https://logopedia.uni.wroc.pl/" "Mozilla/5.0 (iPhone; CPU iPhone OS 18_7 like Mac OS X) AppleWebKit/605.1.15 (KHTML, like Gecko) Version/26.3 Mobile/15E148 Safari/604.1"
5.173.206.21 - - [28/Feb/2026:12:42:45 +0100] "GET /wp-content/uploads/2022/10/UWr-logo2a.png HTTP/1.1" 200 34648 "https://logopedia.uni.wroc.pl/" "Mozilla/5.0 (iPhone; CPU iPhone OS 18_7 like Mac OS X) AppleWebKit/605.1.15 (KHTML, like Gecko) Version/26.3 Mobile/15E148 Safari/604.1"
5.173.206.21 - - [28/Feb/2026:12:42:45 +0100] "GET /wp-content/uploads/2020/01/cropped-Logo.png HTTP/1.1" 200 77516 "https://logopedia.uni.wroc.pl/" "Mozilla/5.0 (iPhone; CPU iPhone OS 18_7 like Mac OS X) AppleWebKit/605.1.15 (KHTML, like Gecko) Version/26.3 Mobile/15E148 Safari/604.1"
5.173.206.21 - - [28/Feb/2026:12:42:45 +0100] "GET /wp-content/plugins/facebook-pagelike-widget/loader.gif HTTP/1.1" 200 8582 "https://logopedia.uni.wroc.pl/" "Mozilla/5.0 (iPhone; CPU iPhone OS 18_7 like Mac OS X) AppleWebKit/605.1.15 (KHTML, like Gecko) Version/26.3 Mobile/15E148 Safari/604.1"
5.173.206.21 - - [28/Feb/2026:12:42:45 +0100] "GET /wp-content/uploads/2020/01/cropped-ikona-32x32.png HTTP/1.1" 200 2406 "https://logopedia.uni.wroc.pl/" "Mozilla/5.0 (iPhone; CPU iPhone OS 18_7 like Mac OS X) AppleWebKit/605.1.15 (KHTML, like Gecko) Version/26.3 Mobile/15E148 Safari/604.1"
5.173.206.21 - - [28/Feb/2026:12:42:45 +0100] "GET /wp-content/uploads/2020/01/cropped-ikona-192x192.png HTTP/1.1" 200 16184 "https://logopedia.uni.wroc.pl/" "Mozilla/5.0 (iPhone; CPU iPhone OS 18_7 like Mac OS X) AppleWebKit/605.1.15 (KHTML, like Gecko) Version/26.3 Mobile/15E148 Safari/604.1"
5.173.206.21 - - [28/Feb/2026:12:42:54 +0100] "GET /wp-content/uploads/2026/02/II-ROK-SEMESTR-LETNI_18.2.26.xlsx HTTP/1.1" 200 32876 "https://logopedia.uni.wroc.pl/" "Mozilla/5.0 (iPhone; CPU iPhone OS 18_7 like Mac OS X) AppleWebKit/605.1.15 (KHTML, like Gecko) Version/26.3 Mobile/15E148 Safari/604.1"
5.173.206.21 - - [28/Feb/2026:12:44:20 +0100] "GET /wp-content/uploads/2026/02/II-ROK-SEMESTR-LETNI_18.2.26.xlsx HTTP/1.1" 200 27713 "https://logopedia.uni.wroc.pl/" "Mozilla/5.0 (iPhone; CPU iPhone OS 18_7 like Mac OS X) AppleWebKit/605.1.15 (KHTML, like Gecko) Version/26.3 Mobile/15E148 Safari/604.1"
156.17.87.172 - - [28/Feb/2026:12:45:51 +0100] "POST /wp-cron.php?doing_wp_cron=1772279151.6367371082305908203125 HTTP/1.1" 200 5608 "https://logopedia.uni.wroc.pl/wp-cron.php?doing_wp_cron=1772279151.6367371082305908203125" "WordPress/6.0.11; https://logopedia.uni.wroc.pl"
40.77.167.30 - - [28/Feb/2026:12:45:51 +0100] "GET /wykladowcy/dr-hab-anna-majewska-tworek/ HTTP/1.1" 200 18001 "-" "Mozilla/5.0 AppleWebKit/537.36 (KHTML, like Gecko; compatible; bingbot/2.0; +http://www.bing.com/bingbot.htm) Chrome/116.0.1938.76 Safari/537.36"
17.22.253.25 - - [28/Feb/2026:12:47:36 +0100] "GET /manual/style/css/manual.css HTTP/1.1" 200 10060 "https://logopedia.uni.wroc.pl/manual/en/platform/windows.html" "Mozilla/5.0 (Macintosh; Intel Mac OS X 10_15_7) AppleWebKit/605.1.15 (KHTML, like Gecko) Version/17.4 Safari/605.1.15 (Applebot/0.1; +http://www.apple.com/go/applebot)"
17.22.253.147 - - [28/Feb/2026:12:47:37 +0100] "GET /manual/style/css/manual-loose-100pc.css HTTP/1.1" 200 6970 "https://logopedia.uni.wroc.pl/manual/en/platform/windows.html" "Mozilla/5.0 (Macintosh; Intel Mac OS X 10_15_7) AppleWebKit/605.1.15 (KHTML, like Gecko) Version/17.4 Safari/605.1.15 (Applebot/0.1; +http://www.apple.com/go/applebot)"
17.22.237.49 - - [28/Feb/2026:12:47:39 +0100] "GET /manual/style/css/prettify.css HTTP/1.1" 200 6967 "https://logopedia.uni.wroc.pl/manual/en/platform/windows.html" "Mozilla/5.0 (Macintosh; Intel Mac OS X 10_15_7) AppleWebKit/605.1.15 (KHTML, like Gecko) Version/17.4 Safari/605.1.15 (Applebot/0.1; +http://www.apple.com/go/applebot)"
17.22.237.80 - - [28/Feb/2026:12:47:40 +0100] "GET /manual/style/scripts/prettify.min.js HTTP/1.1" 200 18505 "https://logopedia.uni.wroc.pl/manual/en/platform/windows.html" "Mozilla/5.0 (Macintosh; Intel Mac OS X 10_15_7) AppleWebKit/605.1.15 (KHTML, like Gecko) Version/17.4 Safari/605.1.15 (Applebot/0.1; +http://www.apple.com/go/applebot)"
17.22.237.189 - - [28/Feb/2026:12:47:42 +0100] "GET /manual/style/css/manual-print.css HTTP/1.1" 200 9010 "https://logopedia.uni.wroc.pl/manual/en/platform/windows.html" "Mozilla/5.0 (Macintosh; Intel Mac OS X 10_15_7) AppleWebKit/605.1.15 (KHTML, like Gecko) Version/17.4 Safari/605.1.15 (Applebot/0.1; +http://www.apple.com/go/applebot)"
156.17.87.172 - - [28/Feb/2026:12:54:55 +0100] "POST /wp-cron.php?doing_wp_cron=1772279695.3383769989013671875000 HTTP/1.1" 200 5608 "https://logopedia.uni.wroc.pl/wp-cron.php?doing_wp_cron=1772279695.3383769989013671875000" "WordPress/6.0.11; https://logopedia.uni.wroc.pl"
216.173.74.117 - - [28/Feb/2026:12:54:53 +0100] "GET /aktualnosci/badania-o-neuroroznorodnosci-na-polskich-uczelniach/ HTTP/1.1" 200 17247 "-" "Mozilla/5.0 (Windows NT 10.0; Win64; x64) AppleWebKit/537.36 (KHTML, like Gecko) Chrome/139.0.0.0 Safari/537.36"
44.250.220.8 - - [28/Feb/2026:12:54:57 +0100] "GET /wp-json/oembed/1.0/embed?url=https%3A%2F%2Flogopedia.uni.wroc.pl%2Faktualnosci%2Fbadania-o-neuroroznorodnosci-na-polskich-uczelniach%2F&format=xml HTTP/1.1" 200 7432 "-" "axios/1.13.5"
185.191.171.2 - - [28/Feb/2026:12:55:06 +0100] "GET /robots.txt HTTP/1.1" 200 5784 "-" "Mozilla/5.0 (compatible; SemrushBot/7~bl; +http://www.semrush.com/bot.html)"
185.191.171.4 - - [28/Feb/2026:12:55:07 +0100] "GET /alina-butkiewicz/ HTTP/1.1" 200 16455 "-" "Mozilla/5.0 (compatible; SemrushBot/7~bl; +http://www.semrush.com/bot.html)"
156.17.87.172 - - [28/Feb/2026:12:56:01 +0100] "POST /wp-cron.php?doing_wp_cron=1772279761.3226048946380615234375 HTTP/1.1" 200 5608 "https://logopedia.uni.wroc.pl/wp-cron.php?doing_wp_cron=1772279761.3226048946380615234375" "WordPress/6.0.11; https://logopedia.uni.wroc.pl"
185.191.171.9 - - [28/Feb/2026:12:56:00 +0100] "GET /page/10/?q=node%2F13 HTTP/1.1" 200 17794 "-" "Mozilla/5.0 (compatible; SemrushBot/7~bl; +http://www.semrush.com/bot.html)"
37.30.10.97 - - [28/Feb/2026:12:56:17 +0100] "GET /harmonogramy-zajec/ HTTP/1.1" 200 16905 "-" "Mozilla/5.0 (iPhone; CPU iPhone OS 16_3_1 like Mac OS X) AppleWebKit/605.1.15 (KHTML, like Gecko) CriOS/137.0.7151.79 Mobile/15E148 Safari/604.1"
156.17.87.172 - - [28/Feb/2026:12:59:28 +0100] "POST /wp-cron.php?doing_wp_cron=1772279968.5416150093078613281250 HTTP/1.1" 200 5608 "https://logopedia.uni.wroc.pl/wp-cron.php?doing_wp_cron=1772279968.5416150093078613281250" "WordPress/6.0.11; https://logopedia.uni.wroc.pl"
185.191.171.9 - - [28/Feb/2026:12:59:27 +0100] "GET /author/annamajewskatworek/page/2/ HTTP/1.1" 200 18025 "-" "Mozilla/5.0 (compatible; SemrushBot/7~bl; +http://www.semrush.com/bot.html)"
156.17.87.172 - - [28/Feb/2026:13:01:10 +0100] "POST /wp-cron.php?doing_wp_cron=1772280070.5283489227294921875000 HTTP/1.1" 200 5608 "https://logopedia.uni.wroc.pl/wp-cron.php?doing_wp_cron=1772280070.5283489227294921875000" "WordPress/6.0.11; https://logopedia.uni.wroc.pl"
114.119.129.147 - - [28/Feb/2026:13:01:10 +0100] "GET /page/32/?query-8-page=2 HTTP/1.1" 200 17776 "https://logopedia.uni.wroc.pl/page/32/?query-8-page=2" "Mozilla/5.0 (Linux; Android 7.0;) AppleWebKit/537.36 (KHTML, like Gecko) Mobile Safari/537.36 (compatible; PetalBot;+https://webmaster.petalsearch.com/site/petalbot)"
156.17.87.172 - - [28/Feb/2026:13:05:33 +0100] "POST /wp-cron.php?doing_wp_cron=1772280332.9741730690002441406250 HTTP/1.1" 200 5608 "https://logopedia.uni.wroc.pl/wp-cron.php?doing_wp_cron=1772280332.9741730690002441406250" "WordPress/6.0.11; https://logopedia.uni.wroc.pl"
31.60.111.74 - - [28/Feb/2026:13:05:32 +0100] "GET /aktualnosci/harmonogram-zajec-neurologopedia-kliniczna-z-integracja-sensoryczna/ HTTP/1.1" 200 16743 "https://www.google.com/" "Mozilla/5.0 (iPhone; CPU iPhone OS 26_2_1 like Mac OS X) AppleWebKit/605.1.15 (KHTML, like Gecko) CriOS/145.0.7632.108 Mobile/15E148 Safari/604.1"
31.60.111.74 - - [28/Feb/2026:13:05:33 +0100] "GET /wp-includes/js/wp-emoji-release.min.js?ver=6.0.11 HTTP/1.1" 200 5447 "https://logopedia.uni.wroc.pl/aktualnosci/harmonogram-zajec-neurologopedia-kliniczna-z-integracja-sensoryczna/" "Mozilla/5.0 (iPhone; CPU iPhone OS 26_2_1 like Mac OS X) AppleWebKit/605.1.15 (KHTML, like Gecko) CriOS/145.0.7632.108 Mobile/15E148 Safari/604.1"
31.60.111.74 - - [28/Feb/2026:13:05:33 +0100] "GET /wp-content/plugins/jetpack/css/jetpack.css?ver=11.5.3 HTTP/1.1" 200 16969 "https://logopedia.uni.wroc.pl/aktualnosci/harmonogram-zajec-neurologopedia-kliniczna-z-integracja-sensoryczna/" "Mozilla/5.0 (iPhone; CPU iPhone OS 26_2_1 like Mac OS X) AppleWebKit/605.1.15 (KHTML, like Gecko) CriOS/145.0.7632.108 Mobile/15E148 Safari/604.1"
31.60.111.74 - - [28/Feb/2026:13:05:33 +0100] "GET /wp-includes/css/dist/block-library/style.min.css?ver=6.0.11 HTTP/1.1" 200 12289 "https://logopedia.uni.wroc.pl/aktualnosci/harmonogram-zajec-neurologopedia-kliniczna-z-integracja-sensoryczna/" "Mozilla/5.0 (iPhone; CPU iPhone OS 26_2_1 like Mac OS X) AppleWebKit/605.1.15 (KHTML, like Gecko) CriOS/145.0.7632.108 Mobile/15E148 Safari/604.1"
31.60.111.74 - - [28/Feb/2026:13:05:33 +0100] "GET /wp-content/themes/customify/assets/js/theme.min.js?ver=0.4.6 HTTP/1.1" 200 4192 "https://logopedia.uni.wroc.pl/aktualnosci/harmonogram-zajec-neurologopedia-kliniczna-z-integracja-sensoryczna/" "Mozilla/5.0 (iPhone; CPU iPhone OS 26_2_1 like Mac OS X) AppleWebKit/605.1.15 (KHTML, like Gecko) CriOS/145.0.7632.108 Mobile/15E148 Safari/604.1"
31.60.111.74 - - [28/Feb/2026:13:05:33 +0100] "GET /wp-includes/js/mediaelement/mediaelementplayer-legacy.min.css?ver=4.2.16 HTTP/1.1" 200 8332 "https://logopedia.uni.wroc.pl/aktualnosci/harmonogram-zajec-neurologopedia-kliniczna-z-integracja-sensoryczna/" "Mozilla/5.0 (iPhone; CPU iPhone OS 26_2_1 like Mac OS X) AppleWebKit/605.1.15 (KHTML, like Gecko) CriOS/145.0.7632.108 Mobile/15E148 Safari/604.1"
31.60.111.74 - - [28/Feb/2026:13:05:33 +0100] "GET /wp-includes/js/mediaelement/wp-mediaelement.min.css?ver=6.0.11 HTTP/1.1" 200 6838 "https://logopedia.uni.wroc.pl/aktualnosci/harmonogram-zajec-neurologopedia-kliniczna-z-integracja-sensoryczna/" "Mozilla/5.0 (iPhone; CPU iPhone OS 26_2_1 like Mac OS X) AppleWebKit/605.1.15 (KHTML, like Gecko) CriOS/145.0.7632.108 Mobile/15E148 Safari/604.1"
31.60.111.74 - - [28/Feb/2026:13:05:33 +0100] "GET /wp-includes/js/jquery/jquery-migrate.min.js?ver=3.3.2 HTTP/1.1" 200 4607 "https://logopedia.uni.wroc.pl/aktualnosci/harmonogram-zajec-neurologopedia-kliniczna-z-integracja-sensoryczna/" "Mozilla/5.0 (iPhone; CPU iPhone OS 26_2_1 like Mac OS X) AppleWebKit/605.1.15 (KHTML, like Gecko) CriOS/145.0.7632.108 Mobile/15E148 Safari/604.1"
31.60.111.74 - - [28/Feb/2026:13:05:33 +0100] "GET /wp-content/themes/customify/style.min.css?ver=0.4.6 HTTP/1.1" 200 27507 "https://logopedia.uni.wroc.pl/aktualnosci/harmonogram-zajec-neurologopedia-kliniczna-z-integracja-sensoryczna/" "Mozilla/5.0 (iPhone; CPU iPhone OS 26_2_1 like Mac OS X) AppleWebKit/605.1.15 (KHTML, like Gecko) CriOS/145.0.7632.108 Mobile/15E148 Safari/604.1"
31.60.111.74 - - [28/Feb/2026:13:05:33 +0100] "GET /wp-content/themes/customify/assets/fonts/font-awesome/css/font-awesome.min.css?ver=5.0.0 HTTP/1.1" 200 12793 "https://logopedia.uni.wroc.pl/aktualnosci/harmonogram-zajec-neurologopedia-kliniczna-z-integracja-sensoryczna/" "Mozilla/5.0 (iPhone; CPU iPhone OS 26_2_1 like Mac OS X) AppleWebKit/605.1.15 (KHTML, like Gecko) CriOS/145.0.7632.108 Mobile/15E148 Safari/604.1"
31.60.111.74 - - [28/Feb/2026:13:05:33 +0100] "GET /wp-includes/js/jquery/jquery.min.js?ver=3.6.0 HTTP/1.1" 200 31435 "https://logopedia.uni.wroc.pl/aktualnosci/harmonogram-zajec-neurologopedia-kliniczna-z-integracja-sensoryczna/" "Mozilla/5.0 (iPhone; CPU iPhone OS 26_2_1 like Mac OS X) AppleWebKit/605.1.15 (KHTML, like Gecko) CriOS/145.0.7632.108 Mobile/15E148 Safari/604.1"
31.60.111.74 - - [28/Feb/2026:13:05:33 +0100] "GET /wp-content/plugins/facebook-pagelike-widget/fb.js?ver=1.0 HTTP/1.1" 200 464 "https://logopedia.uni.wroc.pl/aktualnosci/harmonogram-zajec-neurologopedia-kliniczna-z-integracja-sensoryczna/" "Mozilla/5.0 (iPhone; CPU iPhone OS 26_2_1 like Mac OS X) AppleWebKit/605.1.15 (KHTML, like Gecko) CriOS/145.0.7632.108 Mobile/15E148 Safari/604.1"
31.60.111.74 - - [28/Feb/2026:13:05:33 +0100] "GET /wp-content/uploads/2022/10/UWr-logo2a.png HTTP/1.1" 200 34648 "https://logopedia.uni.wroc.pl/aktualnosci/harmonogram-zajec-neurologopedia-kliniczna-z-integracja-sensoryczna/" "Mozilla/5.0 (iPhone; CPU iPhone OS 26_2_1 like Mac OS X) AppleWebKit/605.1.15 (KHTML, like Gecko) CriOS/145.0.7632.108 Mobile/15E148 Safari/604.1"
31.60.111.74 - - [28/Feb/2026:13:05:33 +0100] "GET /wp-content/uploads/2020/01/cropped-Logo.png HTTP/1.1" 200 77516 "https://logopedia.uni.wroc.pl/aktualnosci/harmonogram-zajec-neurologopedia-kliniczna-z-integracja-sensoryczna/" "Mozilla/5.0 (iPhone; CPU iPhone OS 26_2_1 like Mac OS X) AppleWebKit/605.1.15 (KHTML, like Gecko) CriOS/145.0.7632.108 Mobile/15E148 Safari/604.1"
31.60.111.74 - - [28/Feb/2026:13:05:33 +0100] "GET /wp-content/plugins/facebook-pagelike-widget/loader.gif HTTP/1.1" 200 8582 "https://logopedia.uni.wroc.pl/aktualnosci/harmonogram-zajec-neurologopedia-kliniczna-z-integracja-sensoryczna/" "Mozilla/5.0 (iPhone; CPU iPhone OS 26_2_1 like Mac OS X) AppleWebKit/605.1.15 (KHTML, like Gecko) CriOS/145.0.7632.108 Mobile/15E148 Safari/604.1"
31.60.111.74 - - [28/Feb/2026:13:05:33 +0100] "GET /wp-content/themes/customify/assets/fonts/font-awesome/fonts/fontawesome-webfont.woff2?v=4.7.0 HTTP/1.1" 200 77597 "https://logopedia.uni.wroc.pl/aktualnosci/harmonogram-zajec-neurologopedia-kliniczna-z-integracja-sensoryczna/" "Mozilla/5.0 (iPhone; CPU iPhone OS 26_2_1 like Mac OS X) AppleWebKit/605.1.15 (KHTML, like Gecko) CriOS/145.0.7632.108 Mobile/15E148 Safari/604.1"
156.17.87.172 - - [28/Feb/2026:13:12:08 +0100] "POST /wp-cron.php?doing_wp_cron=1772280728.8867859840393066406250 HTTP/1.1" 200 5608 "https://logopedia.uni.wroc.pl/wp-cron.php?doing_wp_cron=1772280728.8867859840393066406250" "WordPress/6.0.11; https://logopedia.uni.wroc.pl"
185.191.171.11 - - [28/Feb/2026:13:12:07 +0100] "GET /page/13/ HTTP/1.1" 200 17526 "-" "Mozilla/5.0 (compatible; SemrushBot/7~bl; +http://www.semrush.com/bot.html)"
156.17.87.83 - - [28/Feb/2026:13:12:47 +0100] "HEAD / HTTP/1.1" 301 209 "https://ifp.uwr.edu.pl" "WPMU DEV Broken Link Checker Local Engine"
156.17.87.83 - - [28/Feb/2026:13:12:47 +0100] "HEAD / HTTP/1.1" 200 5565 "https://ifp.uwr.edu.pl" "WPMU DEV Broken Link Checker Local Engine"
156.17.87.83 - - [28/Feb/2026:13:12:48 +0100] "GET / HTTP/1.1" 301 555 "https://ifp.uwr.edu.pl" "WPMU DEV Broken Link Checker Local Engine"
156.17.87.83 - - [28/Feb/2026:13:12:48 +0100] "GET / HTTP/1.1" 206 7760 "https://ifp.uwr.edu.pl" "WPMU DEV Broken Link Checker Local Engine"
156.17.87.172 - - [28/Feb/2026:13:16:22 +0100] "POST /wp-cron.php?doing_wp_cron=1772280982.7670230865478515625000 HTTP/1.1" 200 5608 "https://logopedia.uni.wroc.pl/wp-cron.php?doing_wp_cron=1772280982.7670230865478515625000" "WordPress/6.0.11; https://logopedia.uni.wroc.pl"
185.191.171.15 - - [28/Feb/2026:13:16:21 +0100] "GET /aktualnosci/nowy-program-obowiazuje-od-roku-akademickiego-2020-21/ HTTP/1.1" 200 18316 "-" "Mozilla/5.0 (compatible; SemrushBot/7~bl; +http://www.semrush.com/bot.html)"
213.180.203.66 - - [28/Feb/2026:13:18:21 +0100] "GET /robots.txt HTTP/1.1" 200 5641 "-" "Mozilla/5.0 (compatible; YandexBot/3.0; +http://yandex.com/bots)"
156.17.87.172 - - [28/Feb/2026:13:18:22 +0100] "POST /wp-cron.php?doing_wp_cron=1772281102.7184660434722900390625 HTTP/1.1" 200 5608 "https://logopedia.uni.wroc.pl/wp-cron.php?doing_wp_cron=1772281102.7184660434722900390625" "WordPress/6.0.11; https://logopedia.uni.wroc.pl"
5.255.231.44 - - [28/Feb/2026:13:18:21 +0100] "GET /page/3/ HTTP/1.1" 200 17500 "-" "Mozilla/5.0 (compatible; YandexBot/3.0; +http://yandex.com/bots)"
20.220.144.87 - - [28/Feb/2026:13:20:24 +0100] "GET /wp-content/plugins/hellopress/wp_filemanager.php HTTP/1.1" 301 632 "-" "-"
156.17.87.172 - - [28/Feb/2026:13:20:25 +0100] "POST /wp-cron.php?doing_wp_cron=1772281225.8730230331420898437500 HTTP/1.1" 200 5608 "https://logopedia.uni.wroc.pl/wp-cron.php?doing_wp_cron=1772281225.8730230331420898437500" "WordPress/6.0.11; https://logopedia.uni.wroc.pl"
20.220.144.87 - - [28/Feb/2026:13:20:25 +0100] "GET /wp-content/plugins/hellopress/wp_filemanager.php HTTP/1.1" 404 53757 "-" "-"
20.220.144.87 - - [28/Feb/2026:13:20:26 +0100] "GET /plugins.php HTTP/1.1" 301 558 "-" "-"
20.220.144.87 - - [28/Feb/2026:13:20:26 +0100] "GET /plugins.php HTTP/1.1" 404 48262 "-" "-"
20.220.144.87 - - [28/Feb/2026:13:20:27 +0100] "GET /erty.php HTTP/1.1" 301 552 "-" "-"
20.220.144.87 - - [28/Feb/2026:13:20:27 +0100] "GET /erty.php HTTP/1.1" 404 48262 "-" "-"
20.220.144.87 - - [28/Feb/2026:13:20:28 +0100] "GET /sa.php7 HTTP/1.1" 301 550 "-" "-"
20.220.144.87 - - [28/Feb/2026:13:20:28 +0100] "GET /sa.php7 HTTP/1.1" 404 48262 "-" "-"
20.220.144.87 - - [28/Feb/2026:13:20:29 +0100] "GET /ws77.php HTTP/1.1" 301 552 "-" "-"
20.220.144.87 - - [28/Feb/2026:13:20:29 +0100] "GET /ws77.php HTTP/1.1" 404 48262 "-" "-"
20.220.144.87 - - [28/Feb/2026:13:20:30 +0100] "GET /wp9.php HTTP/1.1" 301 550 "-" "-"
20.220.144.87 - - [28/Feb/2026:13:20:30 +0100] "GET /wp9.php HTTP/1.1" 404 48262 "-" "-"
20.220.144.87 - - [28/Feb/2026:13:20:31 +0100] "GET /lp6.php HTTP/1.1" 301 550 "-" "-"
20.220.144.87 - - [28/Feb/2026:13:20:31 +0100] "GET /lp6.php HTTP/1.1" 404 48262 "-" "-"
20.220.144.87 - - [28/Feb/2026:13:20:32 +0100] "GET /ms-edit.php HTTP/1.1" 301 558 "-" "-"
20.220.144.87 - - [28/Feb/2026:13:20:32 +0100] "GET /ms-edit.php HTTP/1.1" 404 48262 "-" "-"
20.220.144.87 - - [28/Feb/2026:13:20:33 +0100] "GET /wp-the.php HTTP/1.1" 301 556 "-" "-"
20.220.144.87 - - [28/Feb/2026:13:20:33 +0100] "GET /wp-the.php HTTP/1.1" 404 48262 "-" "-"
20.220.144.87 - - [28/Feb/2026:13:20:34 +0100] "GET /gifclass.php HTTP/1.1" 301 560 "-" "-"
20.220.144.87 - - [28/Feb/2026:13:20:34 +0100] "GET /gifclass.php HTTP/1.1" 404 48262 "-" "-"
20.220.144.87 - - [28/Feb/2026:13:20:35 +0100] "GET /hplfuns.php HTTP/1.1" 301 558 "-" "-"
20.220.144.87 - - [28/Feb/2026:13:20:35 +0100] "GET /hplfuns.php HTTP/1.1" 404 48262 "-" "-"
20.220.144.87 - - [28/Feb/2026:13:20:36 +0100] "GET /8.php HTTP/1.1" 301 546 "-" "-"
20.220.144.87 - - [28/Feb/2026:13:20:36 +0100] "GET /8.php HTTP/1.1" 404 48262 "-" "-"
20.220.144.87 - - [28/Feb/2026:13:20:37 +0100] "GET /shop.php HTTP/1.1" 301 552 "-" "-"
20.220.144.87 - - [28/Feb/2026:13:20:37 +0100] "GET /shop.php HTTP/1.1" 404 48262 "-" "-"
20.220.144.87 - - [28/Feb/2026:13:20:38 +0100] "GET /cxxuv.php HTTP/1.1" 301 554 "-" "-"
20.220.144.87 - - [28/Feb/2026:13:20:38 +0100] "GET /cxxuv.php HTTP/1.1" 404 48262 "-" "-"
20.220.144.87 - - [28/Feb/2026:13:20:39 +0100] "GET /b.php HTTP/1.1" 301 546 "-" "-"
20.220.144.87 - - [28/Feb/2026:13:20:39 +0100] "GET /b.php HTTP/1.1" 404 48262 "-" "-"
20.220.144.87 - - [28/Feb/2026:13:20:40 +0100] "GET /gi.php HTTP/1.1" 301 548 "-" "-"
20.220.144.87 - - [28/Feb/2026:13:20:40 +0100] "GET /gi.php HTTP/1.1" 404 48262 "-" "-"
20.220.144.87 - - [28/Feb/2026:13:20:41 +0100] "GET /e0v9e95c.php HTTP/1.1" 301 560 "-" "-"
20.220.144.87 - - [28/Feb/2026:13:20:41 +0100] "GET /e0v9e95c.php HTTP/1.1" 404 48262 "-" "-"
20.220.144.87 - - [28/Feb/2026:13:20:42 +0100] "GET /2gz1dxix.php HTTP/1.1" 301 560 "-" "-"
20.220.144.87 - - [28/Feb/2026:13:20:42 +0100] "GET /2gz1dxix.php HTTP/1.1" 404 48262 "-" "-"
20.220.144.87 - - [28/Feb/2026:13:20:43 +0100] "GET /ws75.php HTTP/1.1" 301 552 "-" "-"
20.220.144.87 - - [28/Feb/2026:13:20:43 +0100] "GET /ws75.php HTTP/1.1" 404 48262 "-" "-"
20.220.144.87 - - [28/Feb/2026:13:20:44 +0100] "GET /ws49.php HTTP/1.1" 301 552 "-" "-"
20.220.144.87 - - [28/Feb/2026:13:20:44 +0100] "GET /ws49.php HTTP/1.1" 404 48262 "-" "-"
20.220.144.87 - - [28/Feb/2026:13:20:45 +0100] "GET /bak.php HTTP/1.1" 301 550 "-" "-"
20.220.144.87 - - [28/Feb/2026:13:20:45 +0100] "GET /bak.php HTTP/1.1" 404 48262 "-" "-"
20.220.144.87 - - [28/Feb/2026:13:20:46 +0100] "GET /Y5MxLiVO9nK.php HTTP/1.1" 301 566 "-" "-"
20.220.144.87 - - [28/Feb/2026:13:20:46 +0100] "GET /Y5MxLiVO9nK.php HTTP/1.1" 404 48262 "-" "-"
20.220.144.87 - - [28/Feb/2026:13:20:47 +0100] "GET /wp-f.php HTTP/1.1" 301 552 "-" "-"
20.220.144.87 - - [28/Feb/2026:13:20:47 +0100] "GET /wp-f.php HTTP/1.1" 404 48262 "-" "-"
20.220.144.87 - - [28/Feb/2026:13:20:48 +0100] "GET /install.php HTTP/1.1" 301 558 "-" "-"
20.220.144.87 - - [28/Feb/2026:13:20:48 +0100] "GET /install.php HTTP/1.1" 404 48262 "-" "-"
20.220.144.87 - - [28/Feb/2026:13:20:49 +0100] "GET /tx78.php HTTP/1.1" 301 552 "-" "-"
20.220.144.87 - - [28/Feb/2026:13:20:49 +0100] "GET /tx78.php HTTP/1.1" 404 48262 "-" "-"
20.220.144.87 - - [28/Feb/2026:13:20:50 +0100] "GET /wp_bqLC0MQe.php HTTP/1.1" 301 566 "-" "-"
