156.17.87.172 - - [28/Feb/2026:14:46:42 +0100] "POST /wp-cron.php?doing_wp_cron=1772286402.3658430576324462890625 HTTP/1.1" 200 5608 "https://logopedia.uni.wroc.pl/wp-cron.php?doing_wp_cron=1772286402.3658430576324462890625" "WordPress/6.0.11; https://logopedia.uni.wroc.pl"
37.30.15.30 - - [28/Feb/2026:14:46:41 +0100] "GET /aktualnosci/7-03-2026-dzien-logopedy-w-ifp-zapraszamy-na-konferencje/ HTTP/1.1" 200 16716 "" "Mozilla/5.0 (Macintosh; Intel Mac OS X 10_15_7) AppleWebKit/605.1.15 (KHTML, like Gecko) Version/18.4 Safari/605.1.15"
37.30.15.30 - - [28/Feb/2026:14:46:42 +0100] "GET /wp-content/uploads/2026/02/Dzien%CC%81-logopedy-1448x2048.jpg HTTP/1.1" 200 470328 "https://logopedia.uni.wroc.pl/aktualnosci/7-03-2026-dzien-logopedy-w-ifp-zapraszamy-na-konferencje/" "Mozilla/5.0 (Macintosh; Intel Mac OS X 10_15_7) AppleWebKit/605.1.15 (KHTML, like Gecko) Version/18.4 Safari/605.1.15"
37.30.15.30 - - [28/Feb/2026:14:47:42 +0100] "GET /o-studiach/ HTTP/1.1" 200 19724 "https://logopedia.uni.wroc.pl/aktualnosci/7-03-2026-dzien-logopedy-w-ifp-zapraszamy-na-konferencje/" "Mozilla/5.0 (Macintosh; Intel Mac OS X 10_15_7) AppleWebKit/605.1.15 (KHTML, like Gecko) Version/18.4 Safari/605.1.15"
37.30.15.30 - - [28/Feb/2026:14:47:43 +0100] "GET /wp-content/uploads/2024/04/neurologopedia-plakat-2024-724x1024.png HTTP/1.1" 200 285489 "https://logopedia.uni.wroc.pl/o-studiach/" "Mozilla/5.0 (Macintosh; Intel Mac OS X 10_15_7) AppleWebKit/605.1.15 (KHTML, like Gecko) Version/18.4 Safari/605.1.15"
37.30.15.30 - - [28/Feb/2026:14:47:47 +0100] "GET /category/aktualnosci/ HTTP/1.1" 200 12218 "https://logopedia.uni.wroc.pl/o-studiach/" "Mozilla/5.0 (Macintosh; Intel Mac OS X 10_15_7) AppleWebKit/605.1.15 (KHTML, like Gecko) Version/18.4 Safari/605.1.15"
37.30.15.30 - - [28/Feb/2026:14:48:10 +0100] "GET /category/aktualnosci/page/2/ HTTP/1.1" 200 12670 "https://logopedia.uni.wroc.pl/category/aktualnosci/" "Mozilla/5.0 (Macintosh; Intel Mac OS X 10_15_7) AppleWebKit/605.1.15 (KHTML, like Gecko) Version/18.4 Safari/605.1.15"
37.30.15.30 - - [28/Feb/2026:14:48:21 +0100] "GET /aktualnosci/zajecia/harmonogramy-zajec/ HTTP/1.1" 200 12046 "https://logopedia.uni.wroc.pl/category/aktualnosci/page/2/" "Mozilla/5.0 (Macintosh; Intel Mac OS X 10_15_7) AppleWebKit/605.1.15 (KHTML, like Gecko) Version/18.4 Safari/605.1.15"
136.119.129.236 - - [28/Feb/2026:14:48:42 +0100] "HEAD /aktualnosci/gdzie-znalezc-numer-albumu-indeksu-informacja-dla-sluczaczek-i-roku HTTP/1.1" 301 5689 "-" "Mozilla/5.0 (X11; Linux x86_64) AppleWebKit/537.36 (KHTML, like Gecko) Chrome/136.0.0.0 Safari/537.36"
136.119.129.236 - - [28/Feb/2026:14:48:42 +0100] "HEAD /neurologopedia HTTP/1.1" 301 5570 "-" "Mozilla/5.0 (X11; Linux x86_64) AppleWebKit/537.36 (KHTML, like Gecko) Chrome/136.0.0.0 Safari/537.36"
136.119.129.236 - - [28/Feb/2026:14:48:42 +0100] "GET /aktualnosci/gdzie-znalezc-numer-albumu-indeksu-informacja-dla-sluczaczek-i-roku HTTP/1.1" 301 393 "-" "Mozilla/5.0 (X11; Linux x86_64) AppleWebKit/537.36 (KHTML, like Gecko) Chrome/136.0.0.0 Safari/537.36"
136.119.129.236 - - [28/Feb/2026:14:48:43 +0100] "GET /neurologopedia HTTP/1.1" 301 274 "-" "Mozilla/5.0 (X11; Linux x86_64) AppleWebKit/537.36 (KHTML, like Gecko) Chrome/136.0.0.0 Safari/537.36"
136.119.129.236 - - [28/Feb/2026:14:48:43 +0100] "HEAD /aktualnosci/zajecia/harmonogramy-zajec HTTP/1.1" 301 5648 "-" "Mozilla/5.0 (X11; Linux x86_64) AppleWebKit/537.36 (KHTML, like Gecko) Chrome/136.0.0.0 Safari/537.36"
23.236.55.230 - - [28/Feb/2026:14:48:43 +0100] "HEAD /praktyki HTTP/1.1" 301 5564 "-" "Mozilla/5.0 (X11; Linux x86_64) AppleWebKit/537.36 (KHTML, like Gecko) Chrome/136.0.0.0 Safari/537.36"
136.119.129.236 - - [28/Feb/2026:14:48:44 +0100] "GET /aktualnosci/zajecia/harmonogramy-zajec HTTP/1.1" 301 352 "-" "Mozilla/5.0 (X11; Linux x86_64) AppleWebKit/537.36 (KHTML, like Gecko) Chrome/136.0.0.0 Safari/537.36"
23.236.55.230 - - [28/Feb/2026:14:48:44 +0100] "GET /praktyki HTTP/1.1" 301 268 "-" "Mozilla/5.0 (X11; Linux x86_64) AppleWebKit/537.36 (KHTML, like Gecko) Chrome/136.0.0.0 Safari/537.36"
23.236.55.230 - - [28/Feb/2026:14:48:44 +0100] "HEAD /wykladowcy/dr-amelia-golema HTTP/1.1" 301 5637 "-" "Mozilla/5.0 (X11; Linux x86_64) AppleWebKit/537.36 (KHTML, like Gecko) Chrome/136.0.0.0 Safari/537.36"
136.119.129.236 - - [28/Feb/2026:14:48:44 +0100] "HEAD /wykladowcy/dr-hab-katarzyna-wesierska-prof-us HTTP/1.1" 301 5655 "-" "Mozilla/5.0 (X11; Linux x86_64) AppleWebKit/537.36 (KHTML, like Gecko) Chrome/136.0.0.0 Safari/537.36"
23.236.55.230 - - [28/Feb/2026:14:48:45 +0100] "GET /wykladowcy/dr-amelia-golema HTTP/1.1" 301 341 "-" "Mozilla/5.0 (X11; Linux x86_64) AppleWebKit/537.36 (KHTML, like Gecko) Chrome/136.0.0.0 Safari/537.36"
136.119.129.236 - - [28/Feb/2026:14:48:45 +0100] "GET /wykladowcy/dr-hab-katarzyna-wesierska-prof-us HTTP/1.1" 301 359 "-" "Mozilla/5.0 (X11; Linux x86_64) AppleWebKit/537.36 (KHTML, like Gecko) Chrome/136.0.0.0 Safari/537.36"
23.236.55.230 - - [28/Feb/2026:14:48:46 +0100] "HEAD /wykladowcy/mgr-ilona-brzozowska-misiewicz HTTP/1.1" 301 5651 "-" "Mozilla/5.0 (X11; Linux x86_64) AppleWebKit/537.36 (KHTML, like Gecko) Chrome/136.0.0.0 Safari/537.36"
136.119.129.236 - - [28/Feb/2026:14:48:46 +0100] "HEAD /zbigniew-tarkowski HTTP/1.1" 301 5574 "-" "Mozilla/5.0 (X11; Linux x86_64) AppleWebKit/537.36 (KHTML, like Gecko) Chrome/136.0.0.0 Safari/537.36"
23.236.55.230 - - [28/Feb/2026:14:48:46 +0100] "GET /wykladowcy/mgr-ilona-brzozowska-misiewicz HTTP/1.1" 301 355 "-" "Mozilla/5.0 (X11; Linux x86_64) AppleWebKit/537.36 (KHTML, like Gecko) Chrome/136.0.0.0 Safari/537.36"
136.119.129.236 - - [28/Feb/2026:14:48:46 +0100] "GET /zbigniew-tarkowski HTTP/1.1" 301 278 "-" "Mozilla/5.0 (X11; Linux x86_64) AppleWebKit/537.36 (KHTML, like Gecko) Chrome/136.0.0.0 Safari/537.36"
37.30.15.30 - - [28/Feb/2026:14:49:43 +0100] "GET /wp-content/uploads/2026/02/II-ROK-SEMESTR-LETNI_18.2.26.xlsx HTTP/1.1" 200 32876 "https://logopedia.uni.wroc.pl/aktualnosci/zajecia/harmonogramy-zajec/" "Mozilla/5.0 (Macintosh; Intel Mac OS X 10_15_7) AppleWebKit/605.1.15 (KHTML, like Gecko) Version/18.4 Safari/605.1.15"
188.33.44.31 - - [28/Feb/2026:14:54:10 +0100] "GET /wp-includes/css/dist/block-library/style.min.css?ver=6.0.11 HTTP/1.1" 200 17647 "-" "Mozilla/5.0 (Linux; Android 10; K) AppleWebKit/537.36 (KHTML, like Gecko) Chrome/145.0.0.0 Mobile Safari/537.36"
188.33.44.31 - - [28/Feb/2026:14:54:10 +0100] "GET /wp-includes/js/mediaelement/mediaelementplayer-legacy.min.css?ver=4.2.16 HTTP/1.1" 200 3016 "-" "Mozilla/5.0 (Linux; Android 10; K) AppleWebKit/537.36 (KHTML, like Gecko) Chrome/145.0.0.0 Mobile Safari/537.36"
188.33.44.31 - - [28/Feb/2026:14:54:10 +0100] "GET /wp-includes/js/mediaelement/wp-mediaelement.min.css?ver=6.0.11 HTTP/1.1" 200 7033 "-" "Mozilla/5.0 (Linux; Android 10; K) AppleWebKit/537.36 (KHTML, like Gecko) Chrome/145.0.0.0 Mobile Safari/537.36"
188.33.44.31 - - [28/Feb/2026:14:54:10 +0100] "GET /wp-content/themes/customify/assets/fonts/font-awesome/css/font-awesome.min.css?ver=5.0.0 HTTP/1.1" 200 12988 "-" "Mozilla/5.0 (Linux; Android 10; K) AppleWebKit/537.36 (KHTML, like Gecko) Chrome/145.0.0.0 Mobile Safari/537.36"
188.33.44.31 - - [28/Feb/2026:14:54:11 +0100] "GET /wp-content/themes/customify/style.min.css?ver=0.4.6 HTTP/1.1" 200 22191 "-" "Mozilla/5.0 (Linux; Android 10; K) AppleWebKit/537.36 (KHTML, like Gecko) Chrome/145.0.0.0 Mobile Safari/537.36"
188.33.44.31 - - [28/Feb/2026:14:54:11 +0100] "GET /wp-content/plugins/jetpack/css/jetpack.css?ver=11.5.3 HTTP/1.1" 200 16969 "-" "Mozilla/5.0 (Linux; Android 10; K) AppleWebKit/537.36 (KHTML, like Gecko) Chrome/145.0.0.0 Mobile Safari/537.36"
156.17.87.172 - - [28/Feb/2026:14:54:12 +0100] "POST /wp-cron.php?doing_wp_cron=1772286851.9786560535430908203125 HTTP/1.1" 200 5608 "https://logopedia.uni.wroc.pl/wp-cron.php?doing_wp_cron=1772286851.9786560535430908203125" "WordPress/6.0.11; https://logopedia.uni.wroc.pl"
188.33.44.31 - - [28/Feb/2026:14:54:10 +0100] "GET /harmonogramy-zajec/ HTTP/1.1" 200 17100 "-" "Mozilla/5.0 (X11; Linux x86_64) AppleWebKit/537.36 (KHTML, like Gecko) Chrome/145.0.0.0 Safari/537.36"
188.33.44.31 - - [28/Feb/2026:14:54:12 +0100] "GET /wp-content/uploads/2022/10/UWr-logo2a.png HTTP/1.1" 200 34648 "https://logopedia.uni.wroc.pl/harmonogramy-zajec/" "Mozilla/5.0 (X11; Linux x86_64) AppleWebKit/537.36 (KHTML, like Gecko) Chrome/145.0.0.0 Safari/537.36"
188.33.44.31 - - [28/Feb/2026:14:54:12 +0100] "GET /wp-content/uploads/2020/01/cropped-Logo.png HTTP/1.1" 200 77516 "https://logopedia.uni.wroc.pl/harmonogramy-zajec/" "Mozilla/5.0 (X11; Linux x86_64) AppleWebKit/537.36 (KHTML, like Gecko) Chrome/145.0.0.0 Safari/537.36"
188.33.44.31 - - [28/Feb/2026:14:54:12 +0100] "GET /wp-content/plugins/facebook-pagelike-widget/loader.gif HTTP/1.1" 200 8582 "https://logopedia.uni.wroc.pl/harmonogramy-zajec/" "Mozilla/5.0 (X11; Linux x86_64) AppleWebKit/537.36 (KHTML, like Gecko) Chrome/145.0.0.0 Safari/537.36"
188.33.44.31 - - [28/Feb/2026:14:54:12 +0100] "GET /wp-content/themes/customify/assets/js/theme.min.js?ver=0.4.6 HTTP/1.1" 200 4192 "https://logopedia.uni.wroc.pl/harmonogramy-zajec/" "Mozilla/5.0 (X11; Linux x86_64) AppleWebKit/537.36 (KHTML, like Gecko) Chrome/145.0.0.0 Safari/537.36"
188.33.44.31 - - [28/Feb/2026:14:54:12 +0100] "GET /wp-includes/js/jquery/jquery-migrate.min.js?ver=3.3.2 HTTP/1.1" 200 4607 "https://logopedia.uni.wroc.pl/harmonogramy-zajec/" "Mozilla/5.0 (X11; Linux x86_64) AppleWebKit/537.36 (KHTML, like Gecko) Chrome/145.0.0.0 Safari/537.36"
188.33.44.31 - - [28/Feb/2026:14:54:12 +0100] "GET /wp-content/plugins/facebook-pagelike-widget/fb.js?ver=1.0 HTTP/1.1" 200 5975 "https://logopedia.uni.wroc.pl/harmonogramy-zajec/" "Mozilla/5.0 (X11; Linux x86_64) AppleWebKit/537.36 (KHTML, like Gecko) Chrome/145.0.0.0 Safari/537.36"
188.33.44.31 - - [28/Feb/2026:14:54:12 +0100] "GET /wp-includes/js/wp-emoji-release.min.js?ver=6.0.11 HTTP/1.1" 200 5447 "https://logopedia.uni.wroc.pl/harmonogramy-zajec/" "Mozilla/5.0 (X11; Linux x86_64) AppleWebKit/537.36 (KHTML, like Gecko) Chrome/145.0.0.0 Safari/537.36"
188.33.44.31 - - [28/Feb/2026:14:54:12 +0100] "GET /wp-includes/js/jquery/jquery.min.js?ver=3.6.0 HTTP/1.1" 200 31435 "https://logopedia.uni.wroc.pl/harmonogramy-zajec/" "Mozilla/5.0 (X11; Linux x86_64) AppleWebKit/537.36 (KHTML, like Gecko) Chrome/145.0.0.0 Safari/537.36"
188.33.44.31 - - [28/Feb/2026:14:54:13 +0100] "GET /wp-content/themes/customify/assets/fonts/font-awesome/fonts/fontawesome-webfont.woff2?v=4.7.0 HTTP/1.1" 200 77597 "https://logopedia.uni.wroc.pl/wp-content/themes/customify/assets/fonts/font-awesome/css/font-awesome.min.css?ver=5.0.0" "Mozilla/5.0 (X11; Linux x86_64) AppleWebKit/537.36 (KHTML, like Gecko) Chrome/145.0.0.0 Safari/537.36"
188.33.44.31 - - [28/Feb/2026:14:54:13 +0100] "GET /wp-content/uploads/2020/01/018.jpg HTTP/1.1" 200 551078 "https://logopedia.uni.wroc.pl/harmonogramy-zajec/" "Mozilla/5.0 (X11; Linux x86_64) AppleWebKit/537.36 (KHTML, like Gecko) Chrome/145.0.0.0 Safari/537.36"
188.33.44.31 - - [28/Feb/2026:14:54:13 +0100] "GET /wp-content/uploads/2020/01/cropped-ikona-192x192.png HTTP/1.1" 200 16184 "https://logopedia.uni.wroc.pl/harmonogramy-zajec/" "Mozilla/5.0 (X11; Linux x86_64) AppleWebKit/537.36 (KHTML, like Gecko) Chrome/145.0.0.0 Safari/537.36"
188.33.44.31 - - [28/Feb/2026:14:54:13 +0100] "GET /wp-content/uploads/2020/01/cropped-ikona-180x180.png HTTP/1.1" 200 14978 "https://logopedia.uni.wroc.pl/harmonogramy-zajec/" "Mozilla/5.0 (X11; Linux x86_64) AppleWebKit/537.36 (KHTML, like Gecko) Chrome/145.0.0.0 Safari/537.36"
188.33.44.31 - - [28/Feb/2026:14:54:51 +0100] "GET /aktualnosci/harmonogramy-zajec-na-rok-2025-26/ HTTP/1.1" 200 16807 "https://www.google.com/" "Mozilla/5.0 (X11; Linux x86_64) AppleWebKit/537.36 (KHTML, like Gecko) Chrome/145.0.0.0 Safari/537.36"
188.33.44.31 - - [28/Feb/2026:14:55:00 +0100] "GET /aktualnosci/zajecia/harmonogramy-zajec/ HTTP/1.1" 200 17404 "https://logopedia.uni.wroc.pl/aktualnosci/harmonogramy-zajec-na-rok-2025-26/" "Mozilla/5.0 (X11; Linux x86_64) AppleWebKit/537.36 (KHTML, like Gecko) Chrome/145.0.0.0 Safari/537.36"
188.33.44.31 - - [28/Feb/2026:14:55:08 +0100] "GET /wp-content/uploads/2026/02/II-ROK-SEMESTR-LETNI_18.2.26.xlsx HTTP/1.1" 200 33071 "https://logopedia.uni.wroc.pl/aktualnosci/zajecia/harmonogramy-zajec/" "Mozilla/5.0 (X11; Linux x86_64) AppleWebKit/537.36 (KHTML, like Gecko) Chrome/145.0.0.0 Safari/537.36"
104.210.140.136 - - [28/Feb/2026:14:56:05 +0100] "GET /robots.txt HTTP/1.1" 200 5780 "-" "Mozilla/5.0 (Macintosh; Intel Mac OS X 10_15_7) AppleWebKit/537.36 (KHTML, like Gecko) Chrome/131.0.0.0 Safari/537.36; compatible; OAI-SearchBot/1.0; +https://openai.com/searchbot"
156.17.87.172 - - [28/Feb/2026:15:05:10 +0100] "POST /wp-cron.php?doing_wp_cron=1772287510.3010189533233642578125 HTTP/1.1" 200 5608 "https://logopedia.uni.wroc.pl/wp-cron.php?doing_wp_cron=1772287510.3010189533233642578125" "WordPress/6.0.11; https://logopedia.uni.wroc.pl"
5.173.206.21 - - [28/Feb/2026:15:05:09 +0100] "GET /aktualnosci/zajecia/harmonogramy-zajec/ HTTP/1.1" 200 17209 "-" "Mozilla/5.0 (iPhone; CPU iPhone OS 18_7 like Mac OS X) AppleWebKit/605.1.15 (KHTML, like Gecko) Version/26.3 Mobile/15E148 Safari/604.1"
156.17.87.172 - - [28/Feb/2026:15:07:05 +0100] "POST /wp-cron.php?doing_wp_cron=1772287625.5270318984985351562500 HTTP/1.1" 200 5608 "https://logopedia.uni.wroc.pl/wp-cron.php?doing_wp_cron=1772287625.5270318984985351562500" "WordPress/6.0.11; https://logopedia.uni.wroc.pl"
20.215.220.177 - - [28/Feb/2026:15:07:04 +0100] "GET /praktyki/ HTTP/1.1" 200 18890 "-" "Mozilla/5.0 AppleWebKit/537.36 (KHTML, like Gecko); compatible; ChatGPT-User/1.0; +https://openai.com/bot"
156.17.87.172 - - [28/Feb/2026:15:10:45 +0100] "POST /wp-cron.php?doing_wp_cron=1772287845.0623641014099121093750 HTTP/1.1" 200 5608 "https://logopedia.uni.wroc.pl/wp-cron.php?doing_wp_cron=1772287845.0623641014099121093750" "WordPress/6.0.11; https://logopedia.uni.wroc.pl"
31.0.65.144 - - [28/Feb/2026:15:10:43 +0100] "GET / HTTP/1.1" 200 17356 "-" "Mozilla/5.0 (iPhone; CPU iPhone OS 18_7 like Mac OS X) AppleWebKit/605.1.15 (KHTML, like Gecko) Version/26.3 Mobile/15E148 Safari/604.1"
31.0.65.144 - - [28/Feb/2026:15:10:45 +0100] "GET / HTTP/1.1" 200 12193 "-" "Mozilla/5.0 (iPhone; CPU iPhone OS 18_7 like Mac OS X) AppleWebKit/605.1.15 (KHTML, like Gecko) Version/26.3 Mobile/15E148 Safari/604.1"
66.249.77.4 - - [28/Feb/2026:15:17:43 +0100] "GET /aktualnosci/miedzynarodowy-dzien-swiadomosci-jakania-na-uniwersytecie-slaskim/ HTTP/1.1" 301 748 "-" "Mozilla/5.0 (Linux; Android 6.0.1; Nexus 5X Build/MMB29P) AppleWebKit/537.36 (KHTML, like Gecko) Chrome/144.0.7559.132 Mobile Safari/537.36 (compatible; GoogleOther)"
156.17.87.172 - - [28/Feb/2026:15:17:47 +0100] "POST /wp-cron.php?doing_wp_cron=1772288267.3774919509887695312500 HTTP/1.1" 200 5608 "https://logopedia.uni.wroc.pl/wp-cron.php?doing_wp_cron=1772288267.3774919509887695312500" "WordPress/6.0.11; https://logopedia.uni.wroc.pl"
66.249.77.13 - - [28/Feb/2026:15:17:45 +0100] "GET /aktualnosci/miedzynarodowy-dzien-swiadomosci-jakania-na-uniwersytecie-slaskim/ HTTP/1.1" 301 5941 "-" "Mozilla/5.0 (Linux; Android 6.0.1; Nexus 5X Build/MMB29P) AppleWebKit/537.36 (KHTML, like Gecko) Chrome/144.0.7559.132 Mobile Safari/537.36 (compatible; GoogleOther)"
66.249.77.11 - - [28/Feb/2026:15:17:48 +0100] "GET /wydarzenia/miedzynarodowy-dzien-swiadomosci-jakania-na-uniwersytecie-slaskim/ HTTP/1.1" 200 17687 "-" "Mozilla/5.0 (Linux; Android 6.0.1; Nexus 5X Build/MMB29P) AppleWebKit/537.36 (KHTML, like Gecko) Chrome/144.0.7559.132 Mobile Safari/537.36 (compatible; GoogleOther)"
46.205.207.12 - - [28/Feb/2026:15:19:39 +0100] "GET /wp-content/uploads/2025/02/katarzyna3.jpg HTTP/1.1" 200 65779 "https://www.google.com/" "Mozilla/5.0 (iPhone; CPU iPhone OS 18_7 like Mac OS X) AppleWebKit/605.1.15 (KHTML, like Gecko) Version/26.2 Mobile/15E148 Safari/604.1"
156.17.87.172 - - [28/Feb/2026:15:20:28 +0100] "POST /wp-cron.php?doing_wp_cron=1772288428.4967029094696044921875 HTTP/1.1" 200 5608 "https://logopedia.uni.wroc.pl/wp-cron.php?doing_wp_cron=1772288428.4967029094696044921875" "WordPress/6.0.11; https://logopedia.uni.wroc.pl"
188.33.22.28 - - [28/Feb/2026:15:20:26 +0100] "GET /aktualnosci/zajecia/harmonogramy-zajec/ HTTP/1.1" 200 17209 "-" "Mozilla/5.0 (iPhone; CPU iPhone OS 18_7 like Mac OS X) AppleWebKit/605.1.15 (KHTML, like Gecko) Version/26.2 Mobile/15E148 Safari/604.1"
188.33.22.28 - - [28/Feb/2026:15:20:29 +0100] "GET /wp-includes/js/wp-emoji-release.min.js?ver=6.0.11 HTTP/1.1" 200 5447 "https://logopedia.uni.wroc.pl/aktualnosci/zajecia/harmonogramy-zajec/" "Mozilla/5.0 (iPhone; CPU iPhone OS 18_7 like Mac OS X) AppleWebKit/605.1.15 (KHTML, like Gecko) Version/26.2 Mobile/15E148 Safari/604.1"
188.33.22.28 - - [28/Feb/2026:15:20:29 +0100] "GET /wp-content/plugins/jetpack/css/jetpack.css?ver=11.5.3 HTTP/1.1" 200 16969 "https://logopedia.uni.wroc.pl/aktualnosci/zajecia/harmonogramy-zajec/" "Mozilla/5.0 (iPhone; CPU iPhone OS 18_7 like Mac OS X) AppleWebKit/605.1.15 (KHTML, like Gecko) Version/26.2 Mobile/15E148 Safari/604.1"
188.33.22.28 - - [28/Feb/2026:15:20:29 +0100] "GET /wp-includes/js/mediaelement/wp-mediaelement.min.css?ver=6.0.11 HTTP/1.1" 200 1675 "https://logopedia.uni.wroc.pl/aktualnosci/zajecia/harmonogramy-zajec/" "Mozilla/5.0 (iPhone; CPU iPhone OS 18_7 like Mac OS X) AppleWebKit/605.1.15 (KHTML, like Gecko) Version/26.2 Mobile/15E148 Safari/604.1"
188.33.22.28 - - [28/Feb/2026:15:20:29 +0100] "GET /wp-includes/js/mediaelement/mediaelementplayer-legacy.min.css?ver=4.2.16 HTTP/1.1" 200 8332 "https://logopedia.uni.wroc.pl/aktualnosci/zajecia/harmonogramy-zajec/" "Mozilla/5.0 (iPhone; CPU iPhone OS 18_7 like Mac OS X) AppleWebKit/605.1.15 (KHTML, like Gecko) Version/26.2 Mobile/15E148 Safari/604.1"
188.33.22.28 - - [28/Feb/2026:15:20:29 +0100] "GET /wp-content/themes/customify/assets/fonts/font-awesome/css/font-awesome.min.css?ver=5.0.0 HTTP/1.1" 200 12793 "https://logopedia.uni.wroc.pl/aktualnosci/zajecia/harmonogramy-zajec/" "Mozilla/5.0 (iPhone; CPU iPhone OS 18_7 like Mac OS X) AppleWebKit/605.1.15 (KHTML, like Gecko) Version/26.2 Mobile/15E148 Safari/604.1"
188.33.22.28 - - [28/Feb/2026:15:20:29 +0100] "GET /wp-includes/css/dist/block-library/style.min.css?ver=6.0.11 HTTP/1.1" 200 17452 "https://logopedia.uni.wroc.pl/aktualnosci/zajecia/harmonogramy-zajec/" "Mozilla/5.0 (iPhone; CPU iPhone OS 18_7 like Mac OS X) AppleWebKit/605.1.15 (KHTML, like Gecko) Version/26.2 Mobile/15E148 Safari/604.1"
188.33.22.28 - - [28/Feb/2026:15:20:29 +0100] "GET /wp-content/themes/customify/style.min.css?ver=0.4.6 HTTP/1.1" 200 27507 "https://logopedia.uni.wroc.pl/aktualnosci/zajecia/harmonogramy-zajec/" "Mozilla/5.0 (iPhone; CPU iPhone OS 18_7 like Mac OS X) AppleWebKit/605.1.15 (KHTML, like Gecko) Version/26.2 Mobile/15E148 Safari/604.1"
188.33.22.28 - - [28/Feb/2026:15:20:29 +0100] "GET /wp-content/themes/customify/assets/js/theme.min.js?ver=0.4.6 HTTP/1.1" 200 4192 "https://logopedia.uni.wroc.pl/aktualnosci/zajecia/harmonogramy-zajec/" "Mozilla/5.0 (iPhone; CPU iPhone OS 18_7 like Mac OS X) AppleWebKit/605.1.15 (KHTML, like Gecko) Version/26.2 Mobile/15E148 Safari/604.1"
188.33.22.28 - - [28/Feb/2026:15:20:29 +0100] "GET /wp-includes/js/jquery/jquery.min.js?ver=3.6.0 HTTP/1.1" 200 31435 "https://logopedia.uni.wroc.pl/aktualnosci/zajecia/harmonogramy-zajec/" "Mozilla/5.0 (iPhone; CPU iPhone OS 18_7 like Mac OS X) AppleWebKit/605.1.15 (KHTML, like Gecko) Version/26.2 Mobile/15E148 Safari/604.1"
188.33.22.28 - - [28/Feb/2026:15:20:29 +0100] "GET /wp-includes/js/jquery/jquery-migrate.min.js?ver=3.3.2 HTTP/1.1" 200 4607 "https://logopedia.uni.wroc.pl/aktualnosci/zajecia/harmonogramy-zajec/" "Mozilla/5.0 (iPhone; CPU iPhone OS 18_7 like Mac OS X) AppleWebKit/605.1.15 (KHTML, like Gecko) Version/26.2 Mobile/15E148 Safari/604.1"
188.33.22.28 - - [28/Feb/2026:15:20:29 +0100] "GET /wp-content/plugins/facebook-pagelike-widget/fb.js?ver=1.0 HTTP/1.1" 200 464 "https://logopedia.uni.wroc.pl/aktualnosci/zajecia/harmonogramy-zajec/" "Mozilla/5.0 (iPhone; CPU iPhone OS 18_7 like Mac OS X) AppleWebKit/605.1.15 (KHTML, like Gecko) Version/26.2 Mobile/15E148 Safari/604.1"
188.33.22.28 - - [28/Feb/2026:15:20:29 +0100] "GET /wp-content/uploads/2020/01/cropped-Logo.png HTTP/1.1" 200 77516 "https://logopedia.uni.wroc.pl/aktualnosci/zajecia/harmonogramy-zajec/" "Mozilla/5.0 (iPhone; CPU iPhone OS 18_7 like Mac OS X) AppleWebKit/605.1.15 (KHTML, like Gecko) Version/26.2 Mobile/15E148 Safari/604.1"
188.33.22.28 - - [28/Feb/2026:15:20:29 +0100] "GET /wp-content/themes/customify/assets/fonts/font-awesome/fonts/fontawesome-webfont.woff2?v=4.7.0 HTTP/1.1" 200 77597 "https://logopedia.uni.wroc.pl/aktualnosci/zajecia/harmonogramy-zajec/" "Mozilla/5.0 (iPhone; CPU iPhone OS 18_7 like Mac OS X) AppleWebKit/605.1.15 (KHTML, like Gecko) Version/26.2 Mobile/15E148 Safari/604.1"
188.33.22.28 - - [28/Feb/2026:15:20:29 +0100] "GET /wp-content/uploads/2022/10/UWr-logo2a.png HTTP/1.1" 200 34648 "https://logopedia.uni.wroc.pl/aktualnosci/zajecia/harmonogramy-zajec/" "Mozilla/5.0 (iPhone; CPU iPhone OS 18_7 like Mac OS X) AppleWebKit/605.1.15 (KHTML, like Gecko) Version/26.2 Mobile/15E148 Safari/604.1"
188.33.22.28 - - [28/Feb/2026:15:20:29 +0100] "GET /wp-content/plugins/facebook-pagelike-widget/loader.gif HTTP/1.1" 200 8582 "https://logopedia.uni.wroc.pl/aktualnosci/zajecia/harmonogramy-zajec/" "Mozilla/5.0 (iPhone; CPU iPhone OS 18_7 like Mac OS X) AppleWebKit/605.1.15 (KHTML, like Gecko) Version/26.2 Mobile/15E148 Safari/604.1"
188.33.22.28 - - [28/Feb/2026:15:20:29 +0100] "GET /wp-content/uploads/2020/01/cropped-ikona-192x192.png HTTP/1.1" 200 16184 "https://logopedia.uni.wroc.pl/aktualnosci/zajecia/harmonogramy-zajec/" "Mozilla/5.0 (iPhone; CPU iPhone OS 18_7 like Mac OS X) AppleWebKit/605.1.15 (KHTML, like Gecko) Version/26.2 Mobile/15E148 Safari/604.1"
188.33.22.28 - - [28/Feb/2026:15:20:29 +0100] "GET /wp-content/uploads/2020/01/cropped-ikona-32x32.png HTTP/1.1" 200 2406 "https://logopedia.uni.wroc.pl/aktualnosci/zajecia/harmonogramy-zajec/" "Mozilla/5.0 (iPhone; CPU iPhone OS 18_7 like Mac OS X) AppleWebKit/605.1.15 (KHTML, like Gecko) Version/26.2 Mobile/15E148 Safari/604.1"
188.33.22.28 - - [28/Feb/2026:15:20:31 +0100] "GET /wp-content/uploads/2026/02/I-ROK-SEMESTR-LETNI_11.02.26.xlsx HTTP/1.1" 200 16175 "https://logopedia.uni.wroc.pl/aktualnosci/zajecia/harmonogramy-zajec/" "Mozilla/5.0 (iPhone; CPU iPhone OS 18_7 like Mac OS X) AppleWebKit/605.1.15 (KHTML, like Gecko) Version/26.2 Mobile/15E148 Safari/604.1"
156.17.87.172 - - [28/Feb/2026:15:33:21 +0100] "POST /wp-cron.php?doing_wp_cron=1772289201.7233619689941406250000 HTTP/1.1" 200 5608 "https://logopedia.uni.wroc.pl/wp-cron.php?doing_wp_cron=1772289201.7233619689941406250000" "WordPress/6.0.11; https://logopedia.uni.wroc.pl"
162.120.187.249 - - [28/Feb/2026:15:33:20 +0100] "GET /aktualnosci/studiuj-logopedie-na-uwr/ HTTP/1.1" 200 17321 "https://www.google.com/" "Mozilla/5.0 (Linux; Android 10; K) AppleWebKit/537.36 (KHTML, like Gecko) Chrome/145.0.0.0 Mobile Safari/537.36"
156.17.87.172 - - [28/Feb/2026:15:33:29 +0100] "GET /wp-json/jetpack/v4/sync/spawn-sync?time=1772289209&request_lock_id=1772289209.6156 HTTP/1.1" 200 5693 "https://logopedia.uni.wroc.pl/wp-json/jetpack/v4/sync/spawn-sync?time=1772289209&request_lock_id=1772289209.6156" "WordPress/6.0.11; https://logopedia.uni.wroc.pl"
192.0.101.117 - - [28/Feb/2026:15:33:28 +0100] "POST /xmlrpc.php?for=jetpack&token=%29U3aCn9PbEGJBs8jqD%24l6%2A%5En%26msH6GO7%3A1%3A0×tamp=1772289208&nonce=AgP01PfI5h&body-hash=NnUB1QbNDh8gN8grSB6MGxq1UQk%3D&signature=gqtRbTPspv6%2FevkoIe5Y0BdJ1qw%3D HTTP/1.1" 200 6274 "https://logopedia.uni.wroc.pl/xmlrpc.php?for=jetpack&token=%29U3aCn9PbEGJBs8jqD%24l6%2A%5En%26msH6GO7%3A1%3A0×tamp=1772289208&nonce=AgP01PfI5h&body-hash=NnUB1QbNDh8gN8grSB6MGxq1UQk%3D&signature=gqtRbTPspv6%2FevkoIe5Y0BdJ1qw%3D" "Jetpack by WordPress.com"
156.17.87.172 - - [28/Feb/2026:15:33:31 +0100] "GET /wp-json/jetpack/v4/sync/spawn-sync?time=1772289211&request_lock_id=1772289211.4292 HTTP/1.1" 200 5693 "https://logopedia.uni.wroc.pl/wp-json/jetpack/v4/sync/spawn-sync?time=1772289211&request_lock_id=1772289211.4292" "WordPress/6.0.11; https://logopedia.uni.wroc.pl"
156.17.87.172 - - [28/Feb/2026:15:40:55 +0100] "POST /wp-cron.php?doing_wp_cron=1772289655.9145450592041015625000 HTTP/1.1" 200 5608 "https://logopedia.uni.wroc.pl/wp-cron.php?doing_wp_cron=1772289655.9145450592041015625000" "WordPress/6.0.11; https://logopedia.uni.wroc.pl"
162.120.188.33 - - [28/Feb/2026:15:40:54 +0100] "GET /wykladowcy/dr-hab-barbara-winczura/ HTTP/1.1" 200 18528 "https://www.google.com/" "Mozilla/5.0 (Linux; Android 10; K) AppleWebKit/537.36 (KHTML, like Gecko) Chrome/145.0.0.0 Mobile Safari/537.36"
89.151.31.71 - - [28/Feb/2026:15:41:01 +0100] "GET /wykladowcy/dr-hab-barbara-winczura HTTP/1.1" 301 5914 "-" "WhatsApp/2.23.20.0"
89.151.31.71 - - [28/Feb/2026:15:41:02 +0100] "GET /wykladowcy/dr-hab-barbara-winczura/ HTTP/1.1" 200 13017 "-" "WhatsApp/2.23.20.0"
89.151.31.71 - - [28/Feb/2026:15:41:03 +0100] "GET /wp-content/uploads/2020/01/cropped-ikona-180x180.png HTTP/1.1" 200 14978 "-" "WhatsApp/2.23.20.0"
89.151.31.71 - - [28/Feb/2026:15:41:03 +0100] "GET /wp-content/uploads/2020/01/cropped-ikona-192x192.png HTTP/1.1" 200 16184 "-" "WhatsApp/2.23.20.0"
156.17.87.172 - - [28/Feb/2026:15:45:02 +0100] "POST /wp-cron.php?doing_wp_cron=1772289902.6030769348144531250000 HTTP/1.1" 200 5608 "https://logopedia.uni.wroc.pl/wp-cron.php?doing_wp_cron=1772289902.6030769348144531250000" "WordPress/6.0.11; https://logopedia.uni.wroc.pl"
66.249.81.161 - - [28/Feb/2026:15:45:01 +0100] "GET /.well-known/traffic-advice HTTP/1.1" 404 53813 "-" "Chrome Privacy Preserving Prefetch Proxy"
162.120.187.34 - - [28/Feb/2026:15:45:02 +0100] "GET /aktualnosci/studiuj-logopedie-na-uwr/ HTTP/1.1" 200 17321 "https://www.google.com/" "Mozilla/5.0 (Linux; Android 10; K) AppleWebKit/537.36 (KHTML, like Gecko) Chrome/145.0.0.0 Mobile Safari/537.36"
156.17.87.172 - - [28/Feb/2026:15:48:06 +0100] "POST /wp-cron.php?doing_wp_cron=1772290086.7463650703430175781250 HTTP/1.1" 200 5608 "https://logopedia.uni.wroc.pl/wp-cron.php?doing_wp_cron=1772290086.7463650703430175781250" "WordPress/6.0.11; https://logopedia.uni.wroc.pl"
66.249.77.12 - - [28/Feb/2026:15:48:05 +0100] "GET /page/3/?cst&q=node%2F35 HTTP/1.1" 200 17701 "-" "Mozilla/5.0 (Linux; Android 6.0.1; Nexus 5X Build/MMB29P) AppleWebKit/537.36 (KHTML, like Gecko) Chrome/144.0.7559.132 Mobile Safari/537.36 (compatible; GoogleOther)"
31.60.66.121 - - [28/Feb/2026:15:51:00 +0100] "GET /wp-content/uploads/2020/12/Ma%C5%82gorzata-Dawidziak-K%C5%82adoczna-225x300.jpg HTTP/1.1" 200 52339 "https://www.google.com/" "Mozilla/5.0 (Linux; Android 10; K) AppleWebKit/537.36 (KHTML, like Gecko) Chrome/145.0.0.0 Mobile Safari/537.36"
85.208.96.211 - - [28/Feb/2026:15:53:11 +0100] "GET /robots.txt HTTP/1.1" 200 5784 "-" "Mozilla/5.0 (compatible; SemrushBot/7~bl; +http://www.semrush.com/bot.html)"
156.17.87.172 - - [28/Feb/2026:15:53:12 +0100] "POST /wp-cron.php?doing_wp_cron=1772290392.8800659179687500000000 HTTP/1.1" 200 5608 "https://logopedia.uni.wroc.pl/wp-cron.php?doing_wp_cron=1772290392.8800659179687500000000" "WordPress/6.0.11; https://logopedia.uni.wroc.pl"
85.208.96.201 - - [28/Feb/2026:15:53:12 +0100] "GET /wydarzenia/konferencja-w-bordeaux/ HTTP/1.1" 200 17519 "-" "Mozilla/5.0 (compatible; SemrushBot/7~bl; +http://www.semrush.com/bot.html)"
156.17.87.172 - - [28/Feb/2026:16:04:24 +0100] "POST /wp-cron.php?doing_wp_cron=1772291064.7881550788879394531250 HTTP/1.1" 200 5608 "https://logopedia.uni.wroc.pl/wp-cron.php?doing_wp_cron=1772291064.7881550788879394531250" "WordPress/6.0.11; https://logopedia.uni.wroc.pl"
188.33.44.31 - - [28/Feb/2026:16:04:23 +0100] "GET /aktualnosci/zajecia/harmonogramy-zajec/ HTTP/1.1" 200 17404 "https://www.google.com/" "Mozilla/5.0 (X11; Linux x86_64) AppleWebKit/537.36 (KHTML, like Gecko) Chrome/145.0.0.0 Safari/537.36"
188.33.44.31 - - [28/Feb/2026:16:04:30 +0100] "GET /wp-content/uploads/2026/02/I-ROK-SEMESTR-LETNI_11.02.26.xlsx HTTP/1.1" 200 21533 "https://logopedia.uni.wroc.pl/aktualnosci/zajecia/harmonogramy-zajec/" "Mozilla/5.0 (X11; Linux x86_64) AppleWebKit/537.36 (KHTML, like Gecko) Chrome/145.0.0.0 Safari/537.36"
188.33.44.31 - - [28/Feb/2026:16:04:56 +0100] "GET /wp-content/uploads/2026/02/I-ROK-SEMESTR-LETNI_11.02.26.xlsx HTTP/1.1" 200 21533 "https://logopedia.uni.wroc.pl/aktualnosci/zajecia/harmonogramy-zajec/" "Mozilla/5.0 (Linux; Android 10; K) AppleWebKit/537.36 (KHTML, like Gecko) Chrome/145.0.0.0 Mobile Safari/537.36"
188.33.22.28 - - [28/Feb/2026:16:06:51 +0100] "GET /wp-content/uploads/2026/02/I-ROK-SEMESTR-LETNI_11.02.26.xlsx HTTP/1.1" 200 21338 "https://logopedia.uni.wroc.pl/aktualnosci/zajecia/harmonogramy-zajec/" "Mozilla/5.0 (iPhone; CPU iPhone OS 18_7 like Mac OS X) AppleWebKit/605.1.15 (KHTML, like Gecko) Version/26.2 Mobile/15E148 Safari/604.1"
156.17.87.172 - - [28/Feb/2026:16:13:06 +0100] "POST /wp-cron.php?doing_wp_cron=1772291586.6250600814819335937500 HTTP/1.1" 200 5608 "https://logopedia.uni.wroc.pl/wp-cron.php?doing_wp_cron=1772291586.6250600814819335937500" "WordPress/6.0.11; https://logopedia.uni.wroc.pl"
40.77.167.67 - - [28/Feb/2026:16:13:04 +0100] "GET /page/8/?q=node%2F27 HTTP/1.1" 200 17606 "-" "Mozilla/5.0 AppleWebKit/537.36 (KHTML, like Gecko; compatible; bingbot/2.0; +http://www.bing.com/bingbot.htm) Chrome/116.0.1938.76 Safari/537.36"
156.17.87.172 - - [28/Feb/2026:16:32:46 +0100] "POST /wp-cron.php?doing_wp_cron=1772292766.6163830757141113281250 HTTP/1.1" 200 5608 "https://logopedia.uni.wroc.pl/wp-cron.php?doing_wp_cron=1772292766.6163830757141113281250" "WordPress/6.0.11; https://logopedia.uni.wroc.pl"
64.236.143.35 - - [28/Feb/2026:16:32:43 +0100] "GET / HTTP/1.1" 200 17480 "-" "Python/3.9 aiohttp/3.10.6"
156.17.87.172 - - [28/Feb/2026:16:32:47 +0100] "GET / HTTP/1.1" 200 17324 "https://logopedia.uni.wroc.pl/" "WordPress/6.0.11; https://logopedia.uni.wroc.pl"
94.254.166.11 - - [28/Feb/2026:16:34:04 +0100] "GET /wykladowcy/doc-dr-alina-czapiga/ HTTP/1.1" 200 17592 "https://www.google.com/" "Mozilla/5.0 (iPhone; CPU iPhone OS 18_1_1 like Mac OS X) AppleWebKit/605.1.15 (KHTML, like Gecko) Version/18.1.1 Mobile/15E148 Safari/604.1"
94.254.166.11 - - [28/Feb/2026:16:34:06 +0100] "GET /wykladowcy/doc-dr-alina-czapiga/ HTTP/1.1" 200 17592 "https://www.google.com/" "Mozilla/5.0 (iPhone; CPU iPhone OS 18_1_1 like Mac OS X) AppleWebKit/605.1.15 (KHTML, like Gecko) Version/18.1.1 Mobile/15E148 Safari/604.1"
94.254.166.11 - - [28/Feb/2026:16:34:07 +0100] "GET /wp-includes/js/wp-emoji-release.min.js?ver=6.0.11 HTTP/1.1" 200 5600 "https://logopedia.uni.wroc.pl/wykladowcy/doc-dr-alina-czapiga/" "Mozilla/5.0 (iPhone; CPU iPhone OS 18_1_1 like Mac OS X) AppleWebKit/605.1.15 (KHTML, like Gecko) Version/18.1.1 Mobile/15E148 Safari/604.1"
94.254.166.11 - - [28/Feb/2026:16:34:07 +0100] "GET /wp-includes/css/dist/block-library/style.min.css?ver=6.0.11 HTTP/1.1" 200 12136 "https://logopedia.uni.wroc.pl/wykladowcy/doc-dr-alina-czapiga/" "Mozilla/5.0 (iPhone; CPU iPhone OS 18_1_1 like Mac OS X) AppleWebKit/605.1.15 (KHTML, like Gecko) Version/18.1.1 Mobile/15E148 Safari/604.1"
94.254.166.11 - - [28/Feb/2026:16:34:07 +0100] "GET /wp-includes/js/mediaelement/mediaelementplayer-legacy.min.css?ver=4.2.16 HTTP/1.1" 200 3169 "https://logopedia.uni.wroc.pl/wykladowcy/doc-dr-alina-czapiga/" "Mozilla/5.0 (iPhone; CPU iPhone OS 18_1_1 like Mac OS X) AppleWebKit/605.1.15 (KHTML, like Gecko) Version/18.1.1 Mobile/15E148 Safari/604.1"
94.254.166.11 - - [28/Feb/2026:16:34:07 +0100] "GET /wp-content/themes/customify/assets/js/theme.min.js?ver=0.4.6 HTTP/1.1" 200 4192 "https://logopedia.uni.wroc.pl/wykladowcy/doc-dr-alina-czapiga/" "Mozilla/5.0 (iPhone; CPU iPhone OS 18_1_1 like Mac OS X) AppleWebKit/605.1.15 (KHTML, like Gecko) Version/18.1.1 Mobile/15E148 Safari/604.1"
94.254.166.11 - - [28/Feb/2026:16:34:07 +0100] "GET /wp-content/plugins/jetpack/css/jetpack.css?ver=11.5.3 HTTP/1.1" 200 16969 "https://logopedia.uni.wroc.pl/wykladowcy/doc-dr-alina-czapiga/" "Mozilla/5.0 (iPhone; CPU iPhone OS 18_1_1 like Mac OS X) AppleWebKit/605.1.15 (KHTML, like Gecko) Version/18.1.1 Mobile/15E148 Safari/604.1"
94.254.166.11 - - [28/Feb/2026:16:34:07 +0100] "GET /wp-content/themes/customify/assets/fonts/font-awesome/css/font-awesome.min.css?ver=5.0.0 HTTP/1.1" 200 12793 "https://logopedia.uni.wroc.pl/wykladowcy/doc-dr-alina-czapiga/" "Mozilla/5.0 (iPhone; CPU iPhone OS 18_1_1 like Mac OS X) AppleWebKit/605.1.15 (KHTML, like Gecko) Version/18.1.1 Mobile/15E148 Safari/604.1"
94.254.166.11 - - [28/Feb/2026:16:34:07 +0100] "GET /wp-includes/js/mediaelement/wp-mediaelement.min.css?ver=6.0.11 HTTP/1.1" 200 6838 "https://logopedia.uni.wroc.pl/wykladowcy/doc-dr-alina-czapiga/" "Mozilla/5.0 (iPhone; CPU iPhone OS 18_1_1 like Mac OS X) AppleWebKit/605.1.15 (KHTML, like Gecko) Version/18.1.1 Mobile/15E148 Safari/604.1"
94.254.166.11 - - [28/Feb/2026:16:34:07 +0100] "GET /wp-content/themes/customify/style.min.css?ver=0.4.6 HTTP/1.1" 200 27507 "https://logopedia.uni.wroc.pl/wykladowcy/doc-dr-alina-czapiga/" "Mozilla/5.0 (iPhone; CPU iPhone OS 18_1_1 like Mac OS X) AppleWebKit/605.1.15 (KHTML, like Gecko) Version/18.1.1 Mobile/15E148 Safari/604.1"
94.254.166.11 - - [28/Feb/2026:16:34:07 +0100] "GET /wp-includes/js/jquery/jquery-migrate.min.js?ver=3.3.2 HTTP/1.1" 200 4607 "https://logopedia.uni.wroc.pl/wykladowcy/doc-dr-alina-czapiga/" "Mozilla/5.0 (iPhone; CPU iPhone OS 18_1_1 like Mac OS X) AppleWebKit/605.1.15 (KHTML, like Gecko) Version/18.1.1 Mobile/15E148 Safari/604.1"
94.254.166.11 - - [28/Feb/2026:16:34:07 +0100] "GET /wp-includes/js/jquery/jquery.min.js?ver=3.6.0 HTTP/1.1" 200 31435 "https://logopedia.uni.wroc.pl/wykladowcy/doc-dr-alina-czapiga/" "Mozilla/5.0 (iPhone; CPU iPhone OS 18_1_1 like Mac OS X) AppleWebKit/605.1.15 (KHTML, like Gecko) Version/18.1.1 Mobile/15E148 Safari/604.1"
94.254.166.11 - - [28/Feb/2026:16:34:07 +0100] "GET /wp-content/plugins/facebook-pagelike-widget/fb.js?ver=1.0 HTTP/1.1" 200 464 "https://logopedia.uni.wroc.pl/wykladowcy/doc-dr-alina-czapiga/" "Mozilla/5.0 (iPhone; CPU iPhone OS 18_1_1 like Mac OS X) AppleWebKit/605.1.15 (KHTML, like Gecko) Version/18.1.1 Mobile/15E148 Safari/604.1"
94.254.166.11 - - [28/Feb/2026:16:34:07 +0100] "GET /wp-content/uploads/2020/01/cropped-Logo.png HTTP/1.1" 200 77516 "https://logopedia.uni.wroc.pl/wykladowcy/doc-dr-alina-czapiga/" "Mozilla/5.0 (iPhone; CPU iPhone OS 18_1_1 like Mac OS X) AppleWebKit/605.1.15 (KHTML, like Gecko) Version/18.1.1 Mobile/15E148 Safari/604.1"
94.254.166.11 - - [28/Feb/2026:16:34:07 +0100] "GET /wp-content/uploads/2022/10/UWr-logo2a.png HTTP/1.1" 200 34648 "https://logopedia.uni.wroc.pl/wykladowcy/doc-dr-alina-czapiga/" "Mozilla/5.0 (iPhone; CPU iPhone OS 18_1_1 like Mac OS X) AppleWebKit/605.1.15 (KHTML, like Gecko) Version/18.1.1 Mobile/15E148 Safari/604.1"
94.254.166.11 - - [28/Feb/2026:16:34:07 +0100] "GET /wp-content/themes/customify/assets/fonts/font-awesome/fonts/fontawesome-webfont.woff2?v=4.7.0 HTTP/1.1" 200 77597 "https://logopedia.uni.wroc.pl/wykladowcy/doc-dr-alina-czapiga/" "Mozilla/5.0 (iPhone; CPU iPhone OS 18_1_1 like Mac OS X) AppleWebKit/605.1.15 (KHTML, like Gecko) Version/18.1.1 Mobile/15E148 Safari/604.1"
94.254.166.11 - - [28/Feb/2026:16:34:07 +0100] "GET /wp-content/uploads/2020/10/IMG-20190909-WA0000-1.jpg HTTP/1.1" 200 66036 "https://logopedia.uni.wroc.pl/wykladowcy/doc-dr-alina-czapiga/" "Mozilla/5.0 (iPhone; CPU iPhone OS 18_1_1 like Mac OS X) AppleWebKit/605.1.15 (KHTML, like Gecko) Version/18.1.1 Mobile/15E148 Safari/604.1"
94.254.166.11 - - [28/Feb/2026:16:34:07 +0100] "GET /wp-content/plugins/facebook-pagelike-widget/loader.gif HTTP/1.1" 200 8582 "https://logopedia.uni.wroc.pl/wykladowcy/doc-dr-alina-czapiga/" "Mozilla/5.0 (iPhone; CPU iPhone OS 18_1_1 like Mac OS X) AppleWebKit/605.1.15 (KHTML, like Gecko) Version/18.1.1 Mobile/15E148 Safari/604.1"
94.254.166.11 - - [28/Feb/2026:16:34:09 +0100] "GET /wp-content/uploads/2020/01/cropped-ikona-192x192.png HTTP/1.1" 200 16337 "https://logopedia.uni.wroc.pl/wykladowcy/doc-dr-alina-czapiga/" "Mozilla/5.0 (iPhone; CPU iPhone OS 18_1_1 like Mac OS X) AppleWebKit/605.1.15 (KHTML, like Gecko) Version/18.1.1 Mobile/15E148 Safari/604.1"
94.254.166.11 - - [28/Feb/2026:16:34:09 +0100] "GET /wp-content/uploads/2020/01/cropped-ikona-32x32.png HTTP/1.1" 200 2559 "https://logopedia.uni.wroc.pl/wykladowcy/doc-dr-alina-czapiga/" "Mozilla/5.0 (iPhone; CPU iPhone OS 18_1_1 like Mac OS X) AppleWebKit/605.1.15 (KHTML, like Gecko) Version/18.1.1 Mobile/15E148 Safari/604.1"
156.17.87.172 - - [28/Feb/2026:16:40:07 +0100] "POST /wp-cron.php?doing_wp_cron=1772293207.7016160488128662109375 HTTP/1.1" 200 5608 "https://logopedia.uni.wroc.pl/wp-cron.php?doing_wp_cron=1772293207.7016160488128662109375" "WordPress/6.0.11; https://logopedia.uni.wroc.pl"
85.208.96.197 - - [28/Feb/2026:16:40:05 +0100] "GET /page/27/?q=node%2F13 HTTP/1.1" 200 17979 "-" "Mozilla/5.0 (compatible; SemrushBot/7~bl; +http://www.semrush.com/bot.html)"
114.119.135.136 - - [28/Feb/2026:16:40:49 +0100] "GET /zajecia/siatki-zajec HTTP/1.1" 301 595 "http://logopedia.uni.wroc.pl/wykladowcy/dr-hab-agnieszka-malocha-krupa" "Mozilla/5.0 (Linux; Android 7.0;) AppleWebKit/537.36 (KHTML, like Gecko) Mobile Safari/537.36 (compatible; PetalBot;+https://webmaster.petalsearch.com/site/petalbot)"
156.17.87.172 - - [28/Feb/2026:16:40:51 +0100] "POST /wp-cron.php?doing_wp_cron=1772293251.3813269138336181640625 HTTP/1.1" 200 5608 "https://logopedia.uni.wroc.pl/wp-cron.php?doing_wp_cron=1772293251.3813269138336181640625" "WordPress/6.0.11; https://logopedia.uni.wroc.pl"
114.119.135.136 - - [28/Feb/2026:16:40:50 +0100] "GET /zajecia/siatki-zajec HTTP/1.1" 301 5860 "http://logopedia.uni.wroc.pl/wykladowcy/dr-hab-agnieszka-malocha-krupa" "Mozilla/5.0 (Linux; Android 7.0;) AppleWebKit/537.36 (KHTML, like Gecko) Mobile Safari/537.36 (compatible; PetalBot;+https://webmaster.petalsearch.com/site/petalbot)"
114.119.135.136 - - [28/Feb/2026:16:40:52 +0100] "GET /aktualnosci/zajecia/siatki-zajec/ HTTP/1.1" 200 17004 "http://logopedia.uni.wroc.pl/wykladowcy/dr-hab-agnieszka-malocha-krupa" "Mozilla/5.0 (Linux; Android 7.0;) AppleWebKit/537.36 (KHTML, like Gecko) Mobile Safari/537.36 (compatible; PetalBot;+https://webmaster.petalsearch.com/site/petalbot)"
156.17.87.172 - - [28/Feb/2026:16:46:03 +0100] "POST /wp-cron.php?doing_wp_cron=1772293563.8842210769653320312500 HTTP/1.1" 200 5608 "https://logopedia.uni.wroc.pl/wp-cron.php?doing_wp_cron=1772293563.8842210769653320312500" "WordPress/6.0.11; https://logopedia.uni.wroc.pl"
195.160.175.91 - - [28/Feb/2026:16:46:02 +0100] "GET / HTTP/1.1" 200 17356 "https://www.google.com/" "Mozilla/5.0 (iPhone; CPU iPhone OS 26_3_0 like Mac OS X) AppleWebKit/605.1.15 (KHTML, like Gecko) CriOS/145.0.7632.108 Mobile/15E148 Safari/604.1"
195.160.175.91 - - [28/Feb/2026:16:46:04 +0100] "GET /wp-includes/js/wp-emoji-release.min.js?ver=6.0.11 HTTP/1.1" 200 5447 "https://logopedia.uni.wroc.pl/" "Mozilla/5.0 (iPhone; CPU iPhone OS 26_3_0 like Mac OS X) AppleWebKit/605.1.15 (KHTML, like Gecko) CriOS/145.0.7632.108 Mobile/15E148 Safari/604.1"
195.160.175.91 - - [28/Feb/2026:16:46:04 +0100] "GET /wp-content/plugins/jetpack/css/jetpack.css?ver=11.5.3 HTTP/1.1" 200 16969 "https://logopedia.uni.wroc.pl/" "Mozilla/5.0 (iPhone; CPU iPhone OS 26_3_0 like Mac OS X) AppleWebKit/605.1.15 (KHTML, like Gecko) CriOS/145.0.7632.108 Mobile/15E148 Safari/604.1"
195.160.175.91 - - [28/Feb/2026:16:46:04 +0100] "GET /wp-includes/js/mediaelement/mediaelementplayer-legacy.min.css?ver=4.2.16 HTTP/1.1" 200 3169 "https://logopedia.uni.wroc.pl/" "Mozilla/5.0 (iPhone; CPU iPhone OS 26_3_0 like Mac OS X) AppleWebKit/605.1.15 (KHTML, like Gecko) CriOS/145.0.7632.108 Mobile/15E148 Safari/604.1"
195.160.175.91 - - [28/Feb/2026:16:46:04 +0100] "GET /wp-content/themes/customify/assets/js/theme.min.js?ver=0.4.6 HTTP/1.1" 200 4192 "https://logopedia.uni.wroc.pl/" "Mozilla/5.0 (iPhone; CPU iPhone OS 26_3_0 like Mac OS X) AppleWebKit/605.1.15 (KHTML, like Gecko) CriOS/145.0.7632.108 Mobile/15E148 Safari/604.1"
195.160.175.91 - - [28/Feb/2026:16:46:04 +0100] "GET /wp-includes/js/mediaelement/wp-mediaelement.min.css?ver=6.0.11 HTTP/1.1" 200 6838 "https://logopedia.uni.wroc.pl/" "Mozilla/5.0 (iPhone; CPU iPhone OS 26_3_0 like Mac OS X) AppleWebKit/605.1.15 (KHTML, like Gecko) CriOS/145.0.7632.108 Mobile/15E148 Safari/604.1"
195.160.175.91 - - [28/Feb/2026:16:46:04 +0100] "GET /wp-includes/js/jquery/jquery.min.js?ver=3.6.0 HTTP/1.1" 200 31435 "https://logopedia.uni.wroc.pl/" "Mozilla/5.0 (iPhone; CPU iPhone OS 26_3_0 like Mac OS X) AppleWebKit/605.1.15 (KHTML, like Gecko) CriOS/145.0.7632.108 Mobile/15E148 Safari/604.1"
195.160.175.91 - - [28/Feb/2026:16:46:04 +0100] "GET /wp-includes/css/dist/block-library/style.min.css?ver=6.0.11 HTTP/1.1" 200 17452 "https://logopedia.uni.wroc.pl/" "Mozilla/5.0 (iPhone; CPU iPhone OS 26_3_0 like Mac OS X) AppleWebKit/605.1.15 (KHTML, like Gecko) CriOS/145.0.7632.108 Mobile/15E148 Safari/604.1"
195.160.175.91 - - [28/Feb/2026:16:46:04 +0100] "GET /wp-content/themes/customify/assets/fonts/font-awesome/css/font-awesome.min.css?ver=5.0.0 HTTP/1.1" 200 12793 "https://logopedia.uni.wroc.pl/" "Mozilla/5.0 (iPhone; CPU iPhone OS 26_3_0 like Mac OS X) AppleWebKit/605.1.15 (KHTML, like Gecko) CriOS/145.0.7632.108 Mobile/15E148 Safari/604.1"
195.160.175.91 - - [28/Feb/2026:16:46:04 +0100] "GET /wp-includes/js/jquery/jquery-migrate.min.js?ver=3.3.2 HTTP/1.1" 200 4607 "https://logopedia.uni.wroc.pl/" "Mozilla/5.0 (iPhone; CPU iPhone OS 26_3_0 like Mac OS X) AppleWebKit/605.1.15 (KHTML, like Gecko) CriOS/145.0.7632.108 Mobile/15E148 Safari/604.1"
195.160.175.91 - - [28/Feb/2026:16:46:04 +0100] "GET /wp-content/themes/customify/style.min.css?ver=0.4.6 HTTP/1.1" 200 27507 "https://logopedia.uni.wroc.pl/" "Mozilla/5.0 (iPhone; CPU iPhone OS 26_3_0 like Mac OS X) AppleWebKit/605.1.15 (KHTML, like Gecko) CriOS/145.0.7632.108 Mobile/15E148 Safari/604.1"
195.160.175.91 - - [28/Feb/2026:16:46:04 +0100] "GET /wp-content/plugins/facebook-pagelike-widget/fb.js?ver=1.0 HTTP/1.1" 200 464 "https://logopedia.uni.wroc.pl/" "Mozilla/5.0 (iPhone; CPU iPhone OS 26_3_0 like Mac OS X) AppleWebKit/605.1.15 (KHTML, like Gecko) CriOS/145.0.7632.108 Mobile/15E148 Safari/604.1"
195.160.175.91 - - [28/Feb/2026:16:46:04 +0100] "GET /wp-content/uploads/2020/01/cropped-Logo.png HTTP/1.1" 200 77516 "https://logopedia.uni.wroc.pl/" "Mozilla/5.0 (iPhone; CPU iPhone OS 26_3_0 like Mac OS X) AppleWebKit/605.1.15 (KHTML, like Gecko) CriOS/145.0.7632.108 Mobile/15E148 Safari/604.1"
195.160.175.91 - - [28/Feb/2026:16:46:04 +0100] "GET /wp-content/uploads/2022/10/UWr-logo2a.png HTTP/1.1" 200 34648 "https://logopedia.uni.wroc.pl/" "Mozilla/5.0 (iPhone; CPU iPhone OS 26_3_0 like Mac OS X) AppleWebKit/605.1.15 (KHTML, like Gecko) CriOS/145.0.7632.108 Mobile/15E148 Safari/604.1"
195.160.175.91 - - [28/Feb/2026:16:46:04 +0100] "GET /wp-content/themes/customify/assets/fonts/font-awesome/fonts/fontawesome-webfont.woff2?v=4.7.0 HTTP/1.1" 200 77597 "https://logopedia.uni.wroc.pl/" "Mozilla/5.0 (iPhone; CPU iPhone OS 26_3_0 like Mac OS X) AppleWebKit/605.1.15 (KHTML, like Gecko) CriOS/145.0.7632.108 Mobile/15E148 Safari/604.1"
195.160.175.91 - - [28/Feb/2026:16:46:04 +0100] "GET /wp-content/uploads/2020/01/cropped-ikona-180x180.png HTTP/1.1" 200 20489 "-" "Mozilla/5.0 (iPhone; CPU iPhone OS 26_3_0 like Mac OS X) AppleWebKit/605.1.15 (KHTML, like Gecko) CriOS/145.0.7632.108 Mobile/15E148 Safari/604.1"
195.160.175.91 - - [28/Feb/2026:16:46:04 +0100] "GET /wp-content/uploads/2020/01/cropped-ikona-192x192.png HTTP/1.1" 200 21695 "-" "Mozilla/5.0 (iPhone; CPU iPhone OS 26_3_0 like Mac OS X) AppleWebKit/605.1.15 (KHTML, like Gecko) CriOS/145.0.7632.108 Mobile/15E148 Safari/604.1"
195.160.175.91 - - [28/Feb/2026:16:46:05 +0100] "GET /wp-content/plugins/facebook-pagelike-widget/loader.gif HTTP/1.1" 200 8582 "https://logopedia.uni.wroc.pl/" "Mozilla/5.0 (iPhone; CPU iPhone OS 26_3_0 like Mac OS X) AppleWebKit/605.1.15 (KHTML, like Gecko) CriOS/145.0.7632.108 Mobile/15E148 Safari/604.1"
195.160.175.91 - - [28/Feb/2026:16:46:04 +0100] "GET /wp-content/uploads/2020/01/018.jpg HTTP/1.1" 200 551078 "https://logopedia.uni.wroc.pl/" "Mozilla/5.0 (iPhone; CPU iPhone OS 26_3_0 like Mac OS X) AppleWebKit/605.1.15 (KHTML, like Gecko) CriOS/145.0.7632.108 Mobile/15E148 Safari/604.1"
156.17.87.172 - - [28/Feb/2026:16:50:20 +0100] "POST /wp-cron.php?doing_wp_cron=1772293820.8912498950958251953125 HTTP/1.1" 200 5608 "https://logopedia.uni.wroc.pl/wp-cron.php?doing_wp_cron=1772293820.8912498950958251953125" "WordPress/6.0.11; https://logopedia.uni.wroc.pl"
5.173.145.23 - - [28/Feb/2026:16:50:20 +0100] "GET /wykladowcy/ HTTP/1.1" 200 18272 "https://www.google.com/" "Mozilla/5.0 (Linux; Android 10; K) AppleWebKit/537.36 (KHTML, like Gecko) Chrome/145.0.0.0 Mobile Safari/537.36"
5.173.145.23 - - [28/Feb/2026:16:50:21 +0100] "GET /wp-includes/js/mediaelement/mediaelementplayer-legacy.min.css?ver=4.2.16 HTTP/1.1" 200 3169 "https://logopedia.uni.wroc.pl/wykladowcy/" "Mozilla/5.0 (Linux; Android 10; K) AppleWebKit/537.36 (KHTML, like Gecko) Chrome/145.0.0.0 Mobile Safari/537.36"
5.173.145.23 - - [28/Feb/2026:16:50:21 +0100] "GET /wp-includes/css/dist/block-library/style.min.css?ver=6.0.11 HTTP/1.1" 200 12289 "https://logopedia.uni.wroc.pl/wykladowcy/" "Mozilla/5.0 (Linux; Android 10; K) AppleWebKit/537.36 (KHTML, like Gecko) Chrome/145.0.0.0 Mobile Safari/537.36"
5.173.145.23 - - [28/Feb/2026:16:50:21 +0100] "GET /wp-includes/js/mediaelement/wp-mediaelement.min.css?ver=6.0.11 HTTP/1.1" 200 1675 "https://logopedia.uni.wroc.pl/wykladowcy/" "Mozilla/5.0 (Linux; Android 10; K) AppleWebKit/537.36 (KHTML, like Gecko) Chrome/145.0.0.0 Mobile Safari/537.36"
5.173.145.23 - - [28/Feb/2026:16:50:21 +0100] "GET /wp-content/themes/customify/assets/fonts/font-awesome/css/font-awesome.min.css?ver=5.0.0 HTTP/1.1" 200 7630 "https://logopedia.uni.wroc.pl/wykladowcy/" "Mozilla/5.0 (Linux; Android 10; K) AppleWebKit/537.36 (KHTML, like Gecko) Chrome/145.0.0.0 Mobile Safari/537.36"
5.173.145.23 - - [28/Feb/2026:16:50:21 +0100] "GET /wp-content/themes/customify/style.min.css?ver=0.4.6 HTTP/1.1" 200 22344 "https://logopedia.uni.wroc.pl/wykladowcy/" "Mozilla/5.0 (Linux; Android 10; K) AppleWebKit/537.36 (KHTML, like Gecko) Chrome/145.0.0.0 Mobile Safari/537.36"
5.173.145.23 - - [28/Feb/2026:16:50:21 +0100] "GET /wp-content/plugins/jetpack/css/jetpack.css?ver=11.5.3 HTTP/1.1" 200 17122 "https://logopedia.uni.wroc.pl/wykladowcy/" "Mozilla/5.0 (Linux; Android 10; K) AppleWebKit/537.36 (KHTML, like Gecko) Chrome/145.0.0.0 Mobile Safari/537.36"
5.173.145.23 - - [28/Feb/2026:16:50:21 +0100] "GET /wp-content/uploads/2022/10/UWr-logo2a.png HTTP/1.1" 200 34648 "https://logopedia.uni.wroc.pl/wykladowcy/" "Mozilla/5.0 (Linux; Android 10; K) AppleWebKit/537.36 (KHTML, like Gecko) Chrome/145.0.0.0 Mobile Safari/537.36"
5.173.145.23 - - [28/Feb/2026:16:50:21 +0100] "GET /wp-content/themes/customify/assets/js/theme.min.js?ver=0.4.6 HTTP/1.1" 200 4192 "https://logopedia.uni.wroc.pl/wykladowcy/" "Mozilla/5.0 (Linux; Android 10; K) AppleWebKit/537.36 (KHTML, like Gecko) Chrome/145.0.0.0 Mobile Safari/537.36"
5.173.145.23 - - [28/Feb/2026:16:50:21 +0100] "GET /wp-content/uploads/2020/01/cropped-Logo.png HTTP/1.1" 200 77516 "https://logopedia.uni.wroc.pl/wykladowcy/" "Mozilla/5.0 (Linux; Android 10; K) AppleWebKit/537.36 (KHTML, like Gecko) Chrome/145.0.0.0 Mobile Safari/537.36"
5.173.145.23 - - [28/Feb/2026:16:50:21 +0100] "GET /wp-includes/js/jquery/jquery-migrate.min.js?ver=3.3.2 HTTP/1.1" 200 4607 "https://logopedia.uni.wroc.pl/wykladowcy/" "Mozilla/5.0 (Linux; Android 10; K) AppleWebKit/537.36 (KHTML, like Gecko) Chrome/145.0.0.0 Mobile Safari/537.36"
5.173.145.23 - - [28/Feb/2026:16:50:21 +0100] "GET /wp-includes/js/jquery/jquery.min.js?ver=3.6.0 HTTP/1.1" 200 31435 "https://logopedia.uni.wroc.pl/wykladowcy/" "Mozilla/5.0 (Linux; Android 10; K) AppleWebKit/537.36 (KHTML, like Gecko) Chrome/145.0.0.0 Mobile Safari/537.36"
5.173.145.23 - - [28/Feb/2026:16:50:21 +0100] "GET /wp-content/uploads/2025/03/AMT_5-943x1024.jpg HTTP/1.1" 200 96675 "https://logopedia.uni.wroc.pl/wykladowcy/" "Mozilla/5.0 (Linux; Android 10; K) AppleWebKit/537.36 (KHTML, like Gecko) Chrome/145.0.0.0 Mobile Safari/537.36"
5.173.145.23 - - [28/Feb/2026:16:50:21 +0100] "GET /wp-content/plugins/facebook-pagelike-widget/fb.js?ver=1.0 HTTP/1.1" 200 464 "https://logopedia.uni.wroc.pl/wykladowcy/" "Mozilla/5.0 (Linux; Android 10; K) AppleWebKit/537.36 (KHTML, like Gecko) Chrome/145.0.0.0 Mobile Safari/537.36"
5.173.145.23 - - [28/Feb/2026:16:50:21 +0100] "GET /wp-content/themes/customify/assets/fonts/font-awesome/fonts/fontawesome-webfont.woff2?v=4.7.0 HTTP/1.1" 200 77597 "https://logopedia.uni.wroc.pl/wp-content/themes/customify/assets/fonts/font-awesome/css/font-awesome.min.css?ver=5.0.0" "Mozilla/5.0 (Linux; Android 10; K) AppleWebKit/537.36 (KHTML, like Gecko) Chrome/145.0.0.0 Mobile Safari/537.36"
5.173.145.23 - - [28/Feb/2026:16:50:21 +0100] "GET /wp-content/plugins/facebook-pagelike-widget/loader.gif HTTP/1.1" 200 8582 "https://logopedia.uni.wroc.pl/wykladowcy/" "Mozilla/5.0 (Linux; Android 10; K) AppleWebKit/537.36 (KHTML, like Gecko) Chrome/145.0.0.0 Mobile Safari/537.36"
5.173.145.23 - - [28/Feb/2026:16:50:21 +0100] "GET /wp-includes/js/wp-emoji-release.min.js?ver=6.0.11 HTTP/1.1" 200 5447 "https://logopedia.uni.wroc.pl/wykladowcy/" "Mozilla/5.0 (Linux; Android 10; K) AppleWebKit/537.36 (KHTML, like Gecko) Chrome/145.0.0.0 Mobile Safari/537.36"
5.173.145.23 - - [28/Feb/2026:16:50:21 +0100] "GET /wp-content/uploads/2020/11/Gabriela-Dragun-2.jpg HTTP/1.1" 200 84760 "https://logopedia.uni.wroc.pl/wykladowcy/" "Mozilla/5.0 (Linux; Android 10; K) AppleWebKit/537.36 (KHTML, like Gecko) Chrome/145.0.0.0 Mobile Safari/537.36"
